{"id":7776,"date":"2014-11-03T10:00:41","date_gmt":"2014-11-03T16:00:41","guid":{"rendered":"http:\/\/nofm-radio.com\/?p=7776"},"modified":"2014-11-03T10:00:41","modified_gmt":"2014-11-03T16:00:41","slug":"the-septemper-issue-anna-wintour-y-vogue","status":"publish","type":"archivo","link":"https:\/\/nofm-radio.com\/?archivo=the-septemper-issue-anna-wintour-y-vogue","title":{"rendered":"The septemper issue: Anna Wintour y Vogue"},"content":{"rendered":"<p>Hoy, a un d\u00eda del d\u00eda de muertos, es el cumplea\u00f1os n\u00famero 65 de <strong>Anna Wintour<\/strong>. S\u00ed, esa se\u00f1orcita con corte de pr\u00edncipe valiente y lentes oscuros que se dedica a aterrorizar el mundo de la moda. Wintour ha sido la editora en jefe de la revista <strong>Vogue<\/strong> por m\u00e1s de 25 a\u00f1os. A su alrededor ronda un gran n\u00famero de leyendas, muchas de las cuales fueron relatadas en el libro <strong>The devil wears Prada<\/strong>, que m\u00e1s tarde se convertir\u00eda en pel\u00edcula.<br \/>\nLeyendas m\u00e1s o leyendas menos, Anna Wintour ha convertido la moda en un negocio, y a su revista en el referente obligado para quien quiera entrar en \u00e9l. Adem\u00e1s de haber iniciado sus carrera en revistas er\u00f3ticas para mujeres. \u00c9sta y otras an\u00e9cdotas son relatadas en el documental <strong>The September issue<\/strong>, dirigido por <strong>R. J. Cutler<\/strong>. El documental se centra en la edici\u00f3n del n\u00famero de septiembre de 2007 de la revista Vogue, toca parte de la historia y la personalidad de Wintour, pero tambi\u00e9n su enfrentamiento con la directora creativa <strong>Grace Coddington<\/strong>.<br \/>\nEl documental tuvo buena respuesta en festivales, hizo que ese n\u00famero de Vogue fuera el m\u00e1s vendido y uno de los m\u00e1s codiciados en subastas, adem\u00e1s de nutrir la ya muy negra leyenda de su editora.<br \/>\nLes dejamos el documental completo. Felices 65, Anna Wintour.<br \/>\n<iframe SRC=\"http:\/\/movpod.in\/embed-wiaknt8uqk6k-960x511.html\" FRAMEBORDER=0 MARGINWIDTH=0 MARGINHEIGHT=0 SCROLLING=NO WIDTH=960 HEIGHT=500><\/iframe><\/p>\n","protected":false},"template":"","meta":{"_id_youtube":"","_id_vimeo":"","_podcasts_duration":"","_podcasts_url":"","_podcasts_show":"","_prog_horario_dias":"","_prog_hora":"","_prog_duration":""},"class_list":["post-7776","archivo","type-archivo","status-publish","hentry"],"_links":{"self":[{"href":"https:\/\/nofm-radio.com\/index.php?rest_route=\/wp\/v2\/archivo\/7776","targetHints":{"allow":["GET"]}}],"collection":[{"href":"https:\/\/nofm-radio.com\/index.php?rest_route=\/wp\/v2\/archivo"}],"about":[{"href":"https:\/\/nofm-radio.com\/index.php?rest_route=\/wp\/v2\/types\/archivo"}],"wp:attachment":[{"href":"https:\/\/nofm-radio.com\/index.php?rest_route=%2Fwp%2Fv2%2Fmedia&parent=7776"}],"curies":[{"name":"wp","href":"https:\/\/api.w.org\/{rel}","templated":true}]}}

<p>Hoy, a un día del día de muertos, es el cumpleaños número 65 de <strong>Anna Wintour</strong>. Sí, esa señorcita con corte de príncipe valiente y lentes oscuros que se dedica a aterrorizar el mundo de la moda. Wintour ha sido la editora en jefe de la revista <strong>Vogue</strong> por más de 25 años. A su alrededor ronda un gran número de leyendas, muchas de las cuales fueron relatadas en el libro <strong>The devil wears Prada</strong>, que más tarde se convertiría en película.<br />
Leyendas más o leyendas menos, Anna Wintour ha convertido la moda en un negocio, y a su revista en el referente obligado para quien quiera entrar en él. Además de haber iniciado sus carrera en revistas eróticas para mujeres. Ésta y otras anécdotas son relatadas en el documental <strong>The September issue</strong>, dirigido por <strong>R. J. Cutler</strong>. El documental se centra en la edición del número de septiembre de 2007 de la revista Vogue, toca parte de la historia y la personalidad de Wintour, pero también su enfrentamiento con la directora creativa <strong>Grace Coddington</strong>.<br />
El documental tuvo buena respuesta en festivales, hizo que ese número de Vogue fuera el más vendido y uno de los más codiciados en subastas, además de nutrir la ya muy negra leyenda de su editora.<br />
Les dejamos el documental completo. Felices 65, Anna Wintour.<br />
<iframe SRC="http://movpod.in/embed-wiaknt8uqk6k-960x511.html" FRAMEBORDER=0 MARGINWIDTH=0 MARGINHEIGHT=0 SCROLLING=NO WIDTH=960 HEIGHT=500></iframe></p>
