{"id":7813,"date":"2014-11-04T14:30:59","date_gmt":"2014-11-04T20:30:59","guid":{"rendered":"http:\/\/nofm-radio.com\/?p=7813"},"modified":"2014-11-04T14:30:59","modified_gmt":"2014-11-04T20:30:59","slug":"5-de-noviembre-dia-de-accion-global","status":"publish","type":"archivo","link":"https:\/\/nofm-radio.com\/?archivo=5-de-noviembre-dia-de-accion-global","title":{"rendered":"5 de noviembre: D\u00eda de acci\u00f3n global"},"content":{"rendered":"<p>Agarraron a <strong>Jos\u00e9 Luis Abarca<\/strong> y a su esposa, Mar\u00eda de los \u00c1ngeles Pineda, <strong>\u00c1ngel Aguirre<\/strong> solicit\u00f3 licencia. Dictaron acto de formal prisi\u00f3n a 57 presuntos responsables materiales del ataque a los <strong>normalistas<\/strong>. Hay un nuevo gobernador interino en <strong>Guerrero<\/strong>. La comisi\u00f3n de la C\u00e1mara de diputados para el caso <strong>Iguala<\/strong> ha declarado que los 43 normalistas sufrieron desapariciones forzadas, que el ej\u00e9rcito fue omiso y que el gobierno federal y los partidos conoc\u00edan los nexos del gobierno de Guerrero con el narco.<br \/>\nPero no han aparecido los estudiantes, pero no se ha esclarecido qu\u00e9 pas\u00f3 ni por qu\u00e9 se los llevaron. No ha aparecido ni vivos ni muertos. Los familiares han ido una y otra vez con el gobierno federal sin que exista una respuesta clara. No dejan de aparecer <strong>fosas<\/strong>, y en esas fosas cuerpos. Cuerpos desconocidos que nadie reclama ni reconoce. No hay peritajes concluyentes. No hay respuestas: <strong>no hay justicia<\/strong>.<br \/>\nHay reclamos, hay exigencia. Ma\u00f1ana <strong>5 de noviembre<\/strong> nos unimos a la convocatoria por la acci\u00f3n global. Marchas en distintos puntos del pa\u00eds. En la ciudad de M\u00e9xico, marcha de <strong>Los Pinos al Z\u00f3calo<\/strong> a partir de las 4 pm. Esta manifestaci\u00f3n ser\u00e1 el inicio del paro de 72 horas al que la Asamblea interuniversitaria ha llamado. Adem\u00e1s habr\u00e1 un cerco a las oficinas de la <strong>PGR<\/strong> en la ciudad de M\u00e9xico, el 6 de noviembre de 8 a 14 horas.<br \/>\nLos invitamos a unirse a cualquiera de estas actividades. #JusticiaParaAyotzinapa<br \/>\n<iframe loading=\"lazy\" width=\"640\" height=\"360\" src=\"\/\/www.youtube.com\/embed\/pnHqS8emOCU\" frameborder=\"0\" allowfullscreen><\/iframe><\/p>\n","protected":false},"template":"","meta":{"_id_youtube":"","_id_vimeo":"","_podcasts_duration":"","_podcasts_url":"","_podcasts_show":"","_prog_horario_dias":"","_prog_hora":"","_prog_duration":""},"class_list":["post-7813","archivo","type-archivo","status-publish","hentry"],"_links":{"self":[{"href":"https:\/\/nofm-radio.com\/index.php?rest_route=\/wp\/v2\/archivo\/7813","targetHints":{"allow":["GET"]}}],"collection":[{"href":"https:\/\/nofm-radio.com\/index.php?rest_route=\/wp\/v2\/archivo"}],"about":[{"href":"https:\/\/nofm-radio.com\/index.php?rest_route=\/wp\/v2\/types\/archivo"}],"wp:attachment":[{"href":"https:\/\/nofm-radio.com\/index.php?rest_route=%2Fwp%2Fv2%2Fmedia&parent=7813"}],"curies":[{"name":"wp","href":"https:\/\/api.w.org\/{rel}","templated":true}]}}

5 de noviembre: Día de acción global

<p>Agarraron a <strong>José Luis Abarca</strong> y a su esposa, María de los Ángeles Pineda, <strong>Ángel Aguirre</strong> solicitó licencia. Dictaron acto de formal prisión a 57 presuntos responsables materiales del ataque a los <strong>normalistas</strong>. Hay un nuevo gobernador interino en <strong>Guerrero</strong>. La comisión de la Cámara de diputados para el caso <strong>Iguala</strong> ha declarado que los 43 normalistas sufrieron desapariciones forzadas, que el ejército fue omiso y que el gobierno federal y los partidos conocían los nexos del gobierno de Guerrero con el narco.<br />
Pero no han aparecido los estudiantes, pero no se ha esclarecido qué pasó ni por qué se los llevaron. No ha aparecido ni vivos ni muertos. Los familiares han ido una y otra vez con el gobierno federal sin que exista una respuesta clara. No dejan de aparecer <strong>fosas</strong>, y en esas fosas cuerpos. Cuerpos desconocidos que nadie reclama ni reconoce. No hay peritajes concluyentes. No hay respuestas: <strong>no hay justicia</strong>.<br />
Hay reclamos, hay exigencia. Mañana <strong>5 de noviembre</strong> nos unimos a la convocatoria por la acción global. Marchas en distintos puntos del país. En la ciudad de México, marcha de <strong>Los Pinos al Zócalo</strong> a partir de las 4 pm. Esta manifestación será el inicio del paro de 72 horas al que la Asamblea interuniversitaria ha llamado. Además habrá un cerco a las oficinas de la <strong>PGR</strong> en la ciudad de México, el 6 de noviembre de 8 a 14 horas.<br />
Los invitamos a unirse a cualquiera de estas actividades. #JusticiaParaAyotzinapa<br />
<iframe loading="lazy" width="640" height="360" src="//www.youtube.com/embed/pnHqS8emOCU" frameborder="0" allowfullscreen></iframe></p>
