{"id":7836,"date":"2014-11-06T13:25:32","date_gmt":"2014-11-06T19:25:32","guid":{"rendered":"http:\/\/nofm-radio.com\/?p=7836"},"modified":"2014-11-06T13:25:32","modified_gmt":"2014-11-06T19:25:32","slug":"jake-bugg-y-erlend-oye-en-mexico-claudio-mertinez-recomienda","status":"publish","type":"archivo","link":"https:\/\/nofm-radio.com\/?archivo=jake-bugg-y-erlend-oye-en-mexico-claudio-mertinez-recomienda","title":{"rendered":"Jake Bugg y Erlend Oye en M\u00e9xico: Claudio Mart\u00ednez recomienda"},"content":{"rendered":"<p>Los conciertos en la ciudad de M\u00e9xico no paran, y este mes de noviembre no es la excepci\u00f3n. Aqu\u00ed les dejamos un par de recomendaciones de <a href=\"https:\/\/twitter.com\/claudifonos\">Claudio Mart\u00ednez<\/a> para que vayan despidi\u00e9ndose del a\u00f1o con buena m\u00fasica.<br \/>\n<strong>JAKE BUGG<\/strong><br \/>\nEn 2012 hubo un momento en el que m\u00e1s de uno apunt\u00f3 la oreja al sonido de este escuincle ingl\u00e9s que parec\u00eda estar muy cercano al sonido de <strong>Bob Dylan<\/strong>.  Ahora est\u00e1 en la gira de su segundo disco <strong>Shangri La<\/strong>, en el que se aleja un poco del sonido al que se le hab\u00eda confinado por parte de la siempre precipitada cr\u00edtica.<br \/>\nEl cambio en el sonido de este material con respecto del primer disco tiene mucho que ver con que el legendario productor <strong>Rick Rubin<\/strong> decidi\u00f3 entrarle al proyecto con Bugg. El resultado en el disco es de mucha calidad, en ocasiones cercano al sonido de <strong>Neil Young<\/strong>, pero con propuesta propia y en definitiva mucha creatividad que tambi\u00e9n est\u00e1 bien explotada en sus sesiones en vivo.<br \/>\nSi ustedes no han visto a esta figura internacional de 20 a\u00f1os llenar de actitud un escenario, sin duda esta es una gran oportunidad.<br \/>\nJueves 20 de noviembre 20:30 horas<br \/>\n<strong>Jos\u00e9 Cuervo Sal\u00f3n<\/strong>. Lago Andr\u00f3maco 17 esq. Moliere, Col. Ampliaci\u00f3n Granada.<br \/>\nPrecio $606<br \/>\n<iframe loading=\"lazy\" width=\"640\" height=\"360\" src=\"\/\/www.youtube.com\/embed\/5owbeIh2WBY\" frameborder=\"0\" allowfullscreen><\/iframe><br \/>\n<strong>ERLEND OYE<\/strong><br \/>\n\u00bfQui\u00e9n no recuerda aquel <a href=\"https:\/\/www.youtube.com\/watch?v=uXI0_Pa6WB0\">famoso incidente<\/a> de los anteojos del cantante de <strong>The Whitest Boy Alive<\/strong> en 2010? Pues a pesar de eso, el m\u00fasico y productor Erlend Oye viene de nuevo a la ciudad de M\u00e9xico para presentar su m\u00e1s reciente material solista, <strong>Legao<\/strong>, el segundo en ese \u00e1mbito. Su primer \u00e1lbum solista <strong>Unrest<\/strong> es de 2003, y es que pareciera ser cierto que este m\u00fasico noruego trabaja sin descanso. Adem\u00e1s de ser el tim\u00f3n de <strong>The Kings of Convenience<\/strong> y de <strong>The Whitest Boy Alive<\/strong>, es tambi\u00e9n productor de <strong>Kakkmaddafakka<\/strong> y tiene incontables colaboraciones con diversos m\u00fasicos.<br \/>\nLa intenci\u00f3n de la m\u00fasica en este proyecto es de atm\u00f3sfera agradable, a veces nost\u00e1lgica, otras m\u00e1s alegre, pero en general relajada y divertida. Fuera de un sintetizador, los medios electr\u00f3nicos est\u00e1n pr\u00e1cticamente ausentes; es evidente que \u00e9ste es el espacio sonoro en donde Erlend prefiere tener un sonido m\u00e1s org\u00e1nico y lo logra con mucha gracia.<br \/>\nDomingo 30 de noviembre 21 horas<br \/>\n<strong>Plaza Condesa<\/strong>. Juan Escutia 4. Col. Condesa<br \/>\nPrecio: $500<br \/>\n<iframe loading=\"lazy\" width=\"640\" height=\"360\" src=\"\/\/www.youtube.com\/embed\/LaJW4firDss\" frameborder=\"0\" allowfullscreen><\/iframe><\/p>\n","protected":false},"template":"","meta":{"_id_youtube":"","_id_vimeo":"","_podcasts_duration":"","_podcasts_url":"","_podcasts_show":"","_prog_horario_dias":"","_prog_hora":"","_prog_duration":""},"class_list":["post-7836","archivo","type-archivo","status-publish","hentry"],"_links":{"self":[{"href":"https:\/\/nofm-radio.com\/index.php?rest_route=\/wp\/v2\/archivo\/7836","targetHints":{"allow":["GET"]}}],"collection":[{"href":"https:\/\/nofm-radio.com\/index.php?rest_route=\/wp\/v2\/archivo"}],"about":[{"href":"https:\/\/nofm-radio.com\/index.php?rest_route=\/wp\/v2\/types\/archivo"}],"wp:attachment":[{"href":"https:\/\/nofm-radio.com\/index.php?rest_route=%2Fwp%2Fv2%2Fmedia&parent=7836"}],"curies":[{"name":"wp","href":"https:\/\/api.w.org\/{rel}","templated":true}]}}

Jake Bugg y Erlend Oye en México: Claudio Martínez recomienda

<p>Los conciertos en la ciudad de México no paran, y este mes de noviembre no es la excepción. Aquí les dejamos un par de recomendaciones de <a href="https://twitter.com/claudifonos">Claudio Martínez</a> para que vayan despidiéndose del año con buena música.<br />
<strong>JAKE BUGG</strong><br />
En 2012 hubo un momento en el que más de uno apuntó la oreja al sonido de este escuincle inglés que parecía estar muy cercano al sonido de <strong>Bob Dylan</strong>.  Ahora está en la gira de su segundo disco <strong>Shangri La</strong>, en el que se aleja un poco del sonido al que se le había confinado por parte de la siempre precipitada crítica.<br />
El cambio en el sonido de este material con respecto del primer disco tiene mucho que ver con que el legendario productor <strong>Rick Rubin</strong> decidió entrarle al proyecto con Bugg. El resultado en el disco es de mucha calidad, en ocasiones cercano al sonido de <strong>Neil Young</strong>, pero con propuesta propia y en definitiva mucha creatividad que también está bien explotada en sus sesiones en vivo.<br />
Si ustedes no han visto a esta figura internacional de 20 años llenar de actitud un escenario, sin duda esta es una gran oportunidad.<br />
Jueves 20 de noviembre 20:30 horas<br />
<strong>José Cuervo Salón</strong>. Lago Andrómaco 17 esq. Moliere, Col. Ampliación Granada.<br />
Precio $606<br />
<iframe loading="lazy" width="640" height="360" src="//www.youtube.com/embed/5owbeIh2WBY" frameborder="0" allowfullscreen></iframe><br />
<strong>ERLEND OYE</strong><br />
¿Quién no recuerda aquel <a href="https://www.youtube.com/watch?v=uXI0_Pa6WB0">famoso incidente</a> de los anteojos del cantante de <strong>The Whitest Boy Alive</strong> en 2010? Pues a pesar de eso, el músico y productor Erlend Oye viene de nuevo a la ciudad de México para presentar su más reciente material solista, <strong>Legao</strong>, el segundo en ese ámbito. Su primer álbum solista <strong>Unrest</strong> es de 2003, y es que pareciera ser cierto que este músico noruego trabaja sin descanso. Además de ser el timón de <strong>The Kings of Convenience</strong> y de <strong>The Whitest Boy Alive</strong>, es también productor de <strong>Kakkmaddafakka</strong> y tiene incontables colaboraciones con diversos músicos.<br />
La intención de la música en este proyecto es de atmósfera agradable, a veces nostálgica, otras más alegre, pero en general relajada y divertida. Fuera de un sintetizador, los medios electrónicos están prácticamente ausentes; es evidente que éste es el espacio sonoro en donde Erlend prefiere tener un sonido más orgánico y lo logra con mucha gracia.<br />
Domingo 30 de noviembre 21 horas<br />
<strong>Plaza Condesa</strong>. Juan Escutia 4. Col. Condesa<br />
Precio: $500<br />
<iframe loading="lazy" width="640" height="360" src="//www.youtube.com/embed/LaJW4firDss" frameborder="0" allowfullscreen></iframe></p>
