{"id":7911,"date":"2014-11-12T12:48:02","date_gmt":"2014-11-12T18:48:02","guid":{"rendered":"http:\/\/nofm-radio.com\/?p=7911"},"modified":"2014-11-12T12:48:02","modified_gmt":"2014-11-12T18:48:02","slug":"yamecanse-de-los-crimenes-de-estado","status":"publish","type":"archivo","link":"https:\/\/nofm-radio.com\/?archivo=yamecanse-de-los-crimenes-de-estado","title":{"rendered":"#Yamecans\u00e9 de los cr\u00edmenes de Estado"},"content":{"rendered":"<p>La desafortunada frase de <strong>Jes\u00fas Murillo Kara<\/strong>m al finalizar la rueda de prensa del pasado viernes 7 de noviembre ha servido de inspiraci\u00f3n para la indignaci\u00f3n ciudadana. Los manifestantes han adoptado el <strong>#YaMeCans\u00e9<\/strong> para demostrar su hartazgo. Las protestas en las calles y la solidaridad internacional han dado paso a una <a href=\"https:\/\/secure.avaaz.org\/en\/petition\/Carta_al_Sr_Ban_Kimoon_Secretario_General_de_la_Organizacion_de_las_Naci_Que_se_reconozca_que_en_Mexico_hubo_un_Crimen_d\/?dWqFqdb\">petici\u00f3n<\/a> para que la Organizaci\u00f3n de las Naciones Unidas reconozca lo sucedido en Iguala como un <strong>crimen de Estado<\/strong>.<br \/>\nEl lunes, Karla y Michael, de <strong>Pulso<\/strong>, realizaron una acci\u00f3n sonora para exigir justicia por la desaparici\u00f3n de los 43 normalistas de Ayotzinapa, y para evidenciar un estado cansado, diluido, absolutamente rebasado y responsable de las condiciones en que se halla nuestro pa\u00eds.<br \/>\nLes dejamos el texto completo con la canci\u00f3n.<br \/>\n<iframe loading=\"lazy\" width=\"480\" height=\"360\" src=\"\/\/www.youtube.com\/embed\/uRuFnKAntJk\" frameborder=\"0\" allowfullscreen><\/iframe><br \/>\n#YaMeCans\u00e9<br \/>\nDel abuso del Estado<br \/>\nDe la pobreza en M\u00e9xico<br \/>\nDe los pol\u00edticos<br \/>\nDe las desapariciones forzadas<br \/>\nDe los ind\u00edgenas asesinados<br \/>\nDe la corrupci\u00f3n que ha inundado todas las esferas de la vida de este pa\u00eds<br \/>\nDe vivir con miedo<br \/>\nDe los sueldos multimillonarios de diputados y senadores<br \/>\nDe que apenas me alcance para comer<br \/>\nDe que la escoria pol\u00edtica viva de mis impuestos<br \/>\nDe salir a la calle con miedo<br \/>\nDe que no son s\u00f3lo 43, son mas de 200 mil<br \/>\nDe Televisa<br \/>\nDe TV Azteca<br \/>\nDe los medios de comunicaci\u00f3n masiva vendidos<br \/>\nDe los Atencos<br \/>\nDe los Aguas Blancas<br \/>\nDe los Acteal<br \/>\nDe los Halconazos<br \/>\nDe los Pasta de Conchos<br \/>\nDe que la cultura le importe un carajo al gobierno<br \/>\nDe los teletones<br \/>\nDe los big brothers<br \/>\nDe las telenovelas que contribuyen a cultivar la estupidez<br \/>\nDel maltrato animal y los circos con animales<br \/>\nDe los videoesc\u00e1ndalos<br \/>\nDe los Bejaranos y Padiernas y Cassez y Ahumadas y los Mar\u00edn Torres y los Velasco Coello<br \/>\nDe a\u00f1os y a\u00f1os de la misma porquer\u00eda<br \/>\nDe vivir en un pa\u00eds gobernado por est\u00fapidos e ignorantes<br \/>\nDe que me den ganas de vivir en otro pa\u00eds<br \/>\nDe creer que un hashtag puede armar una revoluci\u00f3n<br \/>\nDe que me de miedo que las cosas cambien<br \/>\nDe que la gente que me rodea, incluido yo, nos quejemos pero no hagamos nada<br \/>\nDe que la tele nos tenga tan sorbido el seso que abusen de nosotros y nos quedemos de brazos cruzados<br \/>\nDe los infiltrados que buscan desvirtuar los movimientos ciudadanos<br \/>\nDe los mexicanos indiferentes<br \/>\nDe vivir en un Estado criminal<br \/>\nDe no creer que juntos somos m\u00e1s fuertes<br \/>\nQue una puerta sea m\u00e1s importante que los miles de muertos y desaparecidos<br \/>\nDe que desaparezcan mis amigos o familiares<br \/>\nDe pagar impuestos y que no sirva para nada<br \/>\nDe intentar ser un buen ciudadano<br \/>\nDe quedarme callado<br \/>\nDe que la Constituci\u00f3n la cambien a placer de los pol\u00edticos vividores del pa\u00eds<br \/>\nDe ver tanta sangra en primeras planas<br \/>\nDe que el gobierno me haga creer que mi igual es mi enemigo<br \/>\nDe que nos creamos enemigos entre nosotros<br \/>\nDe que las leyes se la pasen por los huevos<br \/>\nDe que los mismos mexicanos critiquen a quien lucha por ellos tambi\u00e9n<br \/>\nDe la apat\u00eda hacia la gente que se manifiesta<br \/>\nDe la cantaleta \u201cmexicanos huevones, p\u00f3nganse a trabajar\u201d<br \/>\nDe las extorsiones<br \/>\nDe las mordidas<br \/>\nDe menospreciarnos como pueblo<br \/>\nDe la inconsciencia nacional<br \/>\nDe las muertas de Ju\u00e1rez<br \/>\nDe las muertas del Estado de M\u00e9xico<br \/>\nDe lo que pas\u00f3 en Tlatlaya<br \/>\nDe lo que pas\u00f3 en Ayotzinapa<\/p>\n","protected":false},"template":"","meta":{"_id_youtube":"","_id_vimeo":"","_podcasts_duration":"","_podcasts_url":"","_podcasts_show":"","_prog_horario_dias":"","_prog_hora":"","_prog_duration":""},"class_list":["post-7911","archivo","type-archivo","status-publish","hentry"],"_links":{"self":[{"href":"https:\/\/nofm-radio.com\/index.php?rest_route=\/wp\/v2\/archivo\/7911","targetHints":{"allow":["GET"]}}],"collection":[{"href":"https:\/\/nofm-radio.com\/index.php?rest_route=\/wp\/v2\/archivo"}],"about":[{"href":"https:\/\/nofm-radio.com\/index.php?rest_route=\/wp\/v2\/types\/archivo"}],"wp:attachment":[{"href":"https:\/\/nofm-radio.com\/index.php?rest_route=%2Fwp%2Fv2%2Fmedia&parent=7911"}],"curies":[{"name":"wp","href":"https:\/\/api.w.org\/{rel}","templated":true}]}}

#Yamecansé de los crímenes de Estado

<p>La desafortunada frase de <strong>Jesús Murillo Kara</strong>m al finalizar la rueda de prensa del pasado viernes 7 de noviembre ha servido de inspiración para la indignación ciudadana. Los manifestantes han adoptado el <strong>#YaMeCansé</strong> para demostrar su hartazgo. Las protestas en las calles y la solidaridad internacional han dado paso a una <a href="https://secure.avaaz.org/en/petition/Carta_al_Sr_Ban_Kimoon_Secretario_General_de_la_Organizacion_de_las_Naci_Que_se_reconozca_que_en_Mexico_hubo_un_Crimen_d/?dWqFqdb">petición</a> para que la Organización de las Naciones Unidas reconozca lo sucedido en Iguala como un <strong>crimen de Estado</strong>.<br />
El lunes, Karla y Michael, de <strong>Pulso</strong>, realizaron una acción sonora para exigir justicia por la desaparición de los 43 normalistas de Ayotzinapa, y para evidenciar un estado cansado, diluido, absolutamente rebasado y responsable de las condiciones en que se halla nuestro país.<br />
Les dejamos el texto completo con la canción.<br />
<iframe loading="lazy" width="480" height="360" src="//www.youtube.com/embed/uRuFnKAntJk" frameborder="0" allowfullscreen></iframe><br />
#YaMeCansé<br />
Del abuso del Estado<br />
De la pobreza en México<br />
De los políticos<br />
De las desapariciones forzadas<br />
De los indígenas asesinados<br />
De la corrupción que ha inundado todas las esferas de la vida de este país<br />
De vivir con miedo<br />
De los sueldos multimillonarios de diputados y senadores<br />
De que apenas me alcance para comer<br />
De que la escoria política viva de mis impuestos<br />
De salir a la calle con miedo<br />
De que no son sólo 43, son mas de 200 mil<br />
De Televisa<br />
De TV Azteca<br />
De los medios de comunicación masiva vendidos<br />
De los Atencos<br />
De los Aguas Blancas<br />
De los Acteal<br />
De los Halconazos<br />
De los Pasta de Conchos<br />
De que la cultura le importe un carajo al gobierno<br />
De los teletones<br />
De los big brothers<br />
De las telenovelas que contribuyen a cultivar la estupidez<br />
Del maltrato animal y los circos con animales<br />
De los videoescándalos<br />
De los Bejaranos y Padiernas y Cassez y Ahumadas y los Marín Torres y los Velasco Coello<br />
De años y años de la misma porquería<br />
De vivir en un país gobernado por estúpidos e ignorantes<br />
De que me den ganas de vivir en otro país<br />
De creer que un hashtag puede armar una revolución<br />
De que me de miedo que las cosas cambien<br />
De que la gente que me rodea, incluido yo, nos quejemos pero no hagamos nada<br />
De que la tele nos tenga tan sorbido el seso que abusen de nosotros y nos quedemos de brazos cruzados<br />
De los infiltrados que buscan desvirtuar los movimientos ciudadanos<br />
De los mexicanos indiferentes<br />
De vivir en un Estado criminal<br />
De no creer que juntos somos más fuertes<br />
Que una puerta sea más importante que los miles de muertos y desaparecidos<br />
De que desaparezcan mis amigos o familiares<br />
De pagar impuestos y que no sirva para nada<br />
De intentar ser un buen ciudadano<br />
De quedarme callado<br />
De que la Constitución la cambien a placer de los políticos vividores del país<br />
De ver tanta sangra en primeras planas<br />
De que el gobierno me haga creer que mi igual es mi enemigo<br />
De que nos creamos enemigos entre nosotros<br />
De que las leyes se la pasen por los huevos<br />
De que los mismos mexicanos critiquen a quien lucha por ellos también<br />
De la apatía hacia la gente que se manifiesta<br />
De la cantaleta “mexicanos huevones, pónganse a trabajar”<br />
De las extorsiones<br />
De las mordidas<br />
De menospreciarnos como pueblo<br />
De la inconsciencia nacional<br />
De las muertas de Juárez<br />
De las muertas del Estado de México<br />
De lo que pasó en Tlatlaya<br />
De lo que pasó en Ayotzinapa</p>
