{"id":7912,"date":"2014-11-12T12:55:28","date_gmt":"2014-11-12T18:55:28","guid":{"rendered":"http:\/\/nofm-radio.com\/?p=7912"},"modified":"2014-11-12T12:55:28","modified_gmt":"2014-11-12T18:55:28","slug":"christoph-waltz-presenta-su-dramatica-version-del-tema-de-plaza-sesamo","status":"publish","type":"archivo","link":"https:\/\/nofm-radio.com\/?archivo=christoph-waltz-presenta-su-dramatica-version-del-tema-de-plaza-sesamo","title":{"rendered":"Christoph Waltz presenta su dram\u00e1tica versi\u00f3n del tema de Plaza S\u00e9samo"},"content":{"rendered":"<p><strong>Jimmy Kimmel<\/strong> invit\u00f3 a su programa al s\u00faper actor alem\u00e1n <strong>Christoph Waltz<\/strong> y nos hicieron pasar un muy buen rato. Pero el momento que sin duda se llev\u00f3 las palmas fue en el que el actor platic\u00f3 sobre la l\u00f3brega y oscura serie de televisi\u00f3n que hab\u00eda marcado su vida: <strong>Plaza S\u00e9samo<\/strong>. Incluso cant\u00f3 el tema de entrada de la serie.<br \/>\nNo cabe duda, un gran actor puede volver muy triste lo m\u00e1s sencillo e inocente.<br \/>\nDisfrute.<br \/>\n<iframe loading=\"lazy\" title=\"Christoph Waltz&#039;s Dramatic Interpretation of Sesame Street Theme Song\" width=\"640\" height=\"360\" src=\"https:\/\/www.youtube.com\/embed\/nr5MXQGhft4?feature=oembed\" frameborder=\"0\" allow=\"accelerometer; autoplay; clipboard-write; encrypted-media; gyroscope; picture-in-picture; web-share\" referrerpolicy=\"strict-origin-when-cross-origin\" allowfullscreen><\/iframe><\/p>\n","protected":false},"template":"","meta":{"_id_youtube":"","_id_vimeo":"","_podcasts_duration":"","_podcasts_url":"","_podcasts_show":"","_prog_horario_dias":"","_prog_hora":"","_prog_duration":""},"class_list":["post-7912","archivo","type-archivo","status-publish","hentry"],"_links":{"self":[{"href":"https:\/\/nofm-radio.com\/index.php?rest_route=\/wp\/v2\/archivo\/7912","targetHints":{"allow":["GET"]}}],"collection":[{"href":"https:\/\/nofm-radio.com\/index.php?rest_route=\/wp\/v2\/archivo"}],"about":[{"href":"https:\/\/nofm-radio.com\/index.php?rest_route=\/wp\/v2\/types\/archivo"}],"wp:attachment":[{"href":"https:\/\/nofm-radio.com\/index.php?rest_route=%2Fwp%2Fv2%2Fmedia&parent=7912"}],"curies":[{"name":"wp","href":"https:\/\/api.w.org\/{rel}","templated":true}]}}

Christoph Waltz presenta su dramática versión del tema de Plaza Sésamo

<p><strong>Jimmy Kimmel</strong> invitó a su programa al súper actor alemán <strong>Christoph Waltz</strong> y nos hicieron pasar un muy buen rato. Pero el momento que sin duda se llevó las palmas fue en el que el actor platicó sobre la lóbrega y oscura serie de televisión que había marcado su vida: <strong>Plaza Sésamo</strong>. Incluso cantó el tema de entrada de la serie.<br />
No cabe duda, un gran actor puede volver muy triste lo más sencillo e inocente.<br />
Disfrute.<br />
<iframe loading="lazy" title="Christoph Waltz&#039;s Dramatic Interpretation of Sesame Street Theme Song" width="640" height="360" src="https://www.youtube.com/embed/nr5MXQGhft4?feature=oembed" frameborder="0" allow="accelerometer; autoplay; clipboard-write; encrypted-media; gyroscope; picture-in-picture; web-share" referrerpolicy="strict-origin-when-cross-origin" allowfullscreen></iframe></p>
