{"id":7929,"date":"2014-11-13T13:10:02","date_gmt":"2014-11-13T19:10:02","guid":{"rendered":"http:\/\/nofm-radio.com\/?p=7929"},"modified":"2014-11-13T13:10:02","modified_gmt":"2014-11-13T19:10:02","slug":"ofensiva-hasta-el-tope-el-salvador-1989-y-radio-venceremos","status":"publish","type":"archivo","link":"https:\/\/nofm-radio.com\/?archivo=ofensiva-hasta-el-tope-el-salvador-1989-y-radio-venceremos","title":{"rendered":"Ofensiva Hasta el tope, El Salvador, 1989, y Radio Venceremos"},"content":{"rendered":"<p>El <strong>11 de noviembre de 1989<\/strong>, la guerrilla salvadore\u00f1a del <strong>Frente  Farabundo Mart\u00ed para la Liberaci\u00f3n Nacional<\/strong> (<strong>FMLN<\/strong>) baj\u00f3 de las monta\u00f1as adonde se apostaba desde 1981 para invadir <strong>San Salvador<\/strong>, la capital, y lanzar la \u201c<strong>Ofensiva hasta el tope. Fede Elizabeth vive<\/strong>\u201d, dedicada a la l\u00edder sindical Fede Vel\u00e1squez, asesinada por grupos paramilitares de la derecha en octubre del mismo a\u00f1o.<br \/>\nDesde 1980, el FMLN y el gobierno de El Salvador se enfrentaban en una guerra civil que hab\u00eda recibido apoyo de <strong>Nicaragua<\/strong>, en el caso guerrillero, y <strong>Estados Unidos<\/strong>, en el caso estatal. <strong>Washington<\/strong> calific\u00f3 a la guerra de \u201cbaja intensidad\u201d debido a que decidi\u00f3 no intervenir militarme y su estrategia de intervenci\u00f3n consisti\u00f3 en la formaci\u00f3n cuadros militares y carrera armament\u00edstica. Durante estos nueve a\u00f1os, el ej\u00e9rcito realiz\u00f3 masacres y desapariciones forzosas de civiles, sobre todo ni\u00f1os; la guerrilla atent\u00f3 contra arquitectura de poder y sitios estrat\u00e9gicos como <strong>el Puente de Oro<\/strong>, que un\u00eda la zona oriental con el centro del pa\u00eds.<br \/>\nDurante estos a\u00f1os, el bloqueo a la informaci\u00f3n sobre el conflicto deriv\u00f3 en la creaci\u00f3n de dos estaciones clandestinas de radio a trav\u00e9s de las cuales el FMLN afianz\u00f3 su perfil: <strong>radio Farabundo Mart\u00ed<\/strong> y <strong>Radio Venceremos<\/strong>. La prensa mantuvo un discurso de satanizaci\u00f3n del otro; muchas de las masacres ejecutadas por la <strong>Fuerza Armada<\/strong> fueron adjudicadas al FMLN en los medios de comunicaci\u00f3n salvadore\u00f1os, como apunt\u00f3 la <strong>Comisi\u00f3n de la Verdad 1992-1994<\/strong>.<br \/>\n<iframe loading=\"lazy\" title=\"Radio venceremos\" width=\"640\" height=\"480\" src=\"https:\/\/www.youtube.com\/embed\/Qm4ZroxTLx8?feature=oembed\" frameborder=\"0\" allow=\"accelerometer; autoplay; clipboard-write; encrypted-media; gyroscope; picture-in-picture; web-share\" referrerpolicy=\"strict-origin-when-cross-origin\" allowfullscreen><\/iframe><br \/>\nLa ofensiva del  11 de noviembre evidenciaba un cambio de estrategia en el avance de la guerrilla: se penetraba la ciudad, con la intenci\u00f3n de fortificar zonas populares, en espera de una insurrecci\u00f3n popular. La guerrilla invadi\u00f3 la capital, San Salvador, y suburbios populosos como <strong>Soyapango<\/strong> y <strong>Apopa<\/strong>; tambi\u00e9n se desarrollaron ofensivas paralelas en <strong>Santa Ana<\/strong> y <strong>San Miguel<\/strong>, departamentos de importancia econ\u00f3mica y cultural. Hubo corte de luz y agua y escases de alimentos y servicios m\u00e9dicos.<br \/>\n<br \/>\nFotos de Francisco Campos<br \/>\nLa ofensiva dur\u00f3 un mes. Los d\u00edas m\u00e1s \u00e1lgidos fueron entre el 11 y el 17 de noviembre. El 11 se invadieron zonas residenciales y el 12 entr\u00f3 el ej\u00e9rcito en ellas, a trav\u00e9s de bombardeos a\u00e9reos. La madrugada del 16 de noviembre, el <strong>Batall\u00f3n Atlacatl<\/strong>, de la  Fuerza Armada Salvadore\u00f1a, asesin\u00f3 a seis jesuitas espa\u00f1oles de la <strong>Universidad Centroamericana Jos\u00e9 Sime\u00f3n Ca\u00f1as<\/strong>, y a dos mujeres que colaboraban en la casa de la <strong>compa\u00f1\u00eda de Jes\u00fas<\/strong>. Entre el 17 y el 18, la poblaci\u00f3n desaloj\u00f3 las zonas tomadas por la guerrilla, y comenz\u00f3 la intervenci\u00f3n del ej\u00e9rcito.<br \/>\nCiviles, combatientes y militares murieron durante la ofensiva y sus cuerpos no fueron encontrados; la Fuerza Armada quem\u00f3 los cad\u00e1veres, en una medida higi\u00e9nica que abonaba adem\u00e1s a la impunidad y la supresi\u00f3n de la historia. El enfrentamiento se extendi\u00f3 tres semanas m\u00e1s y destruy\u00f3 las zonas residenciales. Finalmente, en diciembre, ces\u00f3 el enfrentamiento.<br \/>\nhttps:\/\/www.youtube.com\/watch?v=KGKKABfNU9Q<br \/>\nLa Ofensiva Hasta el tope ten\u00eda como finalidad el triunfo revolucionario apoyado por el pueblo. En la ciudad, la poblaci\u00f3n no se uni\u00f3 a la guerrilla ni al ej\u00e9rcito y el plan fracas\u00f3. Sin embargo, fortaleci\u00f3 la fuerza de la guerrilla frente a las negociaciones de paz con el entonces presidente <strong>Alfredo Cristiani<\/strong>, del partido de derecha <strong>Alianza Republicana Nacionalista<\/strong> (<strong>ARENA<\/strong>). El di\u00e1logo concluy\u00f3 con la firma de los acuerdos de paz en <strong>M\u00e9xico<\/strong>, en <strong>1992<\/strong>.<br \/>\n<iframe loading=\"lazy\" title=\"Ofensiva 11NOV1989 FMLN\" width=\"640\" height=\"480\" src=\"https:\/\/www.youtube.com\/embed\/MtoGvjTDZgM?feature=oembed\" frameborder=\"0\" allow=\"accelerometer; autoplay; clipboard-write; encrypted-media; gyroscope; picture-in-picture; web-share\" referrerpolicy=\"strict-origin-when-cross-origin\" allowfullscreen><\/iframe><\/p>\n","protected":false},"template":"","meta":{"_id_youtube":"","_id_vimeo":"","_podcasts_duration":"","_podcasts_url":"","_podcasts_show":"","_prog_horario_dias":"","_prog_hora":"","_prog_duration":""},"class_list":["post-7929","archivo","type-archivo","status-publish","hentry"],"_links":{"self":[{"href":"https:\/\/nofm-radio.com\/index.php?rest_route=\/wp\/v2\/archivo\/7929","targetHints":{"allow":["GET"]}}],"collection":[{"href":"https:\/\/nofm-radio.com\/index.php?rest_route=\/wp\/v2\/archivo"}],"about":[{"href":"https:\/\/nofm-radio.com\/index.php?rest_route=\/wp\/v2\/types\/archivo"}],"wp:attachment":[{"href":"https:\/\/nofm-radio.com\/index.php?rest_route=%2Fwp%2Fv2%2Fmedia&parent=7929"}],"curies":[{"name":"wp","href":"https:\/\/api.w.org\/{rel}","templated":true}]}}

<p>El <strong>11 de noviembre de 1989</strong>, la guerrilla salvadoreña del <strong>Frente  Farabundo Martí para la Liberación Nacional</strong> (<strong>FMLN</strong>) bajó de las montañas adonde se apostaba desde 1981 para invadir <strong>San Salvador</strong>, la capital, y lanzar la “<strong>Ofensiva hasta el tope. Fede Elizabeth vive</strong>”, dedicada a la líder sindical Fede Velásquez, asesinada por grupos paramilitares de la derecha en octubre del mismo año.<br />
Desde 1980, el FMLN y el gobierno de El Salvador se enfrentaban en una guerra civil que había recibido apoyo de <strong>Nicaragua</strong>, en el caso guerrillero, y <strong>Estados Unidos</strong>, en el caso estatal. <strong>Washington</strong> calificó a la guerra de “baja intensidad” debido a que decidió no intervenir militarme y su estrategia de intervención consistió en la formación cuadros militares y carrera armamentística. Durante estos nueve años, el ejército realizó masacres y desapariciones forzosas de civiles, sobre todo niños; la guerrilla atentó contra arquitectura de poder y sitios estratégicos como <strong>el Puente de Oro</strong>, que unía la zona oriental con el centro del país.<br />
Durante estos años, el bloqueo a la información sobre el conflicto derivó en la creación de dos estaciones clandestinas de radio a través de las cuales el FMLN afianzó su perfil: <strong>radio Farabundo Martí</strong> y <strong>Radio Venceremos</strong>. La prensa mantuvo un discurso de satanización del otro; muchas de las masacres ejecutadas por la <strong>Fuerza Armada</strong> fueron adjudicadas al FMLN en los medios de comunicación salvadoreños, como apuntó la <strong>Comisión de la Verdad 1992-1994</strong>.<br />
<iframe loading="lazy" title="Radio venceremos" width="640" height="480" src="https://www.youtube.com/embed/Qm4ZroxTLx8?feature=oembed" frameborder="0" allow="accelerometer; autoplay; clipboard-write; encrypted-media; gyroscope; picture-in-picture; web-share" referrerpolicy="strict-origin-when-cross-origin" allowfullscreen></iframe><br />
La ofensiva del  11 de noviembre evidenciaba un cambio de estrategia en el avance de la guerrilla: se penetraba la ciudad, con la intención de fortificar zonas populares, en espera de una insurrección popular. La guerrilla invadió la capital, San Salvador, y suburbios populosos como <strong>Soyapango</strong> y <strong>Apopa</strong>; también se desarrollaron ofensivas paralelas en <strong>Santa Ana</strong> y <strong>San Miguel</strong>, departamentos de importancia económica y cultural. Hubo corte de luz y agua y escases de alimentos y servicios médicos.<br />
<br />
Fotos de Francisco Campos<br />
La ofensiva duró un mes. Los días más álgidos fueron entre el 11 y el 17 de noviembre. El 11 se invadieron zonas residenciales y el 12 entró el ejército en ellas, a través de bombardeos aéreos. La madrugada del 16 de noviembre, el <strong>Batallón Atlacatl</strong>, de la  Fuerza Armada Salvadoreña, asesinó a seis jesuitas españoles de la <strong>Universidad Centroamericana José Simeón Cañas</strong>, y a dos mujeres que colaboraban en la casa de la <strong>compañía de Jesús</strong>. Entre el 17 y el 18, la población desalojó las zonas tomadas por la guerrilla, y comenzó la intervención del ejército.<br />
Civiles, combatientes y militares murieron durante la ofensiva y sus cuerpos no fueron encontrados; la Fuerza Armada quemó los cadáveres, en una medida higiénica que abonaba además a la impunidad y la supresión de la historia. El enfrentamiento se extendió tres semanas más y destruyó las zonas residenciales. Finalmente, en diciembre, cesó el enfrentamiento.<br />
https://www.youtube.com/watch?v=KGKKABfNU9Q<br />
La Ofensiva Hasta el tope tenía como finalidad el triunfo revolucionario apoyado por el pueblo. En la ciudad, la población no se unió a la guerrilla ni al ejército y el plan fracasó. Sin embargo, fortaleció la fuerza de la guerrilla frente a las negociaciones de paz con el entonces presidente <strong>Alfredo Cristiani</strong>, del partido de derecha <strong>Alianza Republicana Nacionalista</strong> (<strong>ARENA</strong>). El diálogo concluyó con la firma de los acuerdos de paz en <strong>México</strong>, en <strong>1992</strong>.<br />
<iframe loading="lazy" title="Ofensiva 11NOV1989 FMLN" width="640" height="480" src="https://www.youtube.com/embed/MtoGvjTDZgM?feature=oembed" frameborder="0" allow="accelerometer; autoplay; clipboard-write; encrypted-media; gyroscope; picture-in-picture; web-share" referrerpolicy="strict-origin-when-cross-origin" allowfullscreen></iframe></p>
