{"id":8034,"date":"2014-11-20T12:53:21","date_gmt":"2014-11-20T18:53:21","guid":{"rendered":"http:\/\/nofm-radio.com\/?p=8034"},"modified":"2014-11-20T12:53:21","modified_gmt":"2014-11-20T18:53:21","slug":"tormenta-tropical-presenta-la-gaviota-mentirosa-cumbia-al-son-de-angelica-rivera","status":"publish","type":"archivo","link":"https:\/\/nofm-radio.com\/?archivo=tormenta-tropical-presenta-la-gaviota-mentirosa-cumbia-al-son-de-angelica-rivera","title":{"rendered":"Tormenta Tropical presenta La Gaviota Mentirosa, cumbia al son de Ang\u00e9lica Rivera"},"content":{"rendered":"<p>Mucho se est\u00e1 haciendo con las divertid\u00edsimas declaraciones de la primera dama del pa\u00eds: Do\u00f1a <strong>Ang\u00e9lica Rivera<\/strong>. El chistecito de la <strong>Casa Blanca<\/strong> le est\u00e1 costando una de las peores apaleadas que hemos visto en nuestra corta vida. Y qu\u00e9 bueno, no es para menos.<br \/>\nNuestros cuates de <strong>Tormenta Tropical<\/strong> acaban de sacar este remix dedicado a <strong>La Gaviota<\/strong>, y est\u00e1 listo para sonar en todas sus parrandas.<br \/>\nAs\u00ed que ha bailar al son de <strong>La Gaviota Mentirosa<\/strong>.<br \/>\n<iframe loading=\"lazy\" title=\"Tormenta Tropical - La gaviota mentirosa\" width=\"640\" height=\"480\" src=\"https:\/\/www.youtube.com\/embed\/V2WNq6OwUFk?feature=oembed\" frameborder=\"0\" allow=\"accelerometer; autoplay; clipboard-write; encrypted-media; gyroscope; picture-in-picture; web-share\" referrerpolicy=\"strict-origin-when-cross-origin\" allowfullscreen><\/iframe><\/p>\n","protected":false},"template":"","meta":{"_id_youtube":"","_id_vimeo":"","_podcasts_duration":"","_podcasts_url":"","_podcasts_show":"","_prog_horario_dias":"","_prog_hora":"","_prog_duration":""},"class_list":["post-8034","archivo","type-archivo","status-publish","hentry"],"_links":{"self":[{"href":"https:\/\/nofm-radio.com\/index.php?rest_route=\/wp\/v2\/archivo\/8034","targetHints":{"allow":["GET"]}}],"collection":[{"href":"https:\/\/nofm-radio.com\/index.php?rest_route=\/wp\/v2\/archivo"}],"about":[{"href":"https:\/\/nofm-radio.com\/index.php?rest_route=\/wp\/v2\/types\/archivo"}],"wp:attachment":[{"href":"https:\/\/nofm-radio.com\/index.php?rest_route=%2Fwp%2Fv2%2Fmedia&parent=8034"}],"curies":[{"name":"wp","href":"https:\/\/api.w.org\/{rel}","templated":true}]}}

Tormenta Tropical presenta La Gaviota Mentirosa, cumbia al son de Angélica Rivera

<p>Mucho se está haciendo con las divertidísimas declaraciones de la primera dama del país: Doña <strong>Angélica Rivera</strong>. El chistecito de la <strong>Casa Blanca</strong> le está costando una de las peores apaleadas que hemos visto en nuestra corta vida. Y qué bueno, no es para menos.<br />
Nuestros cuates de <strong>Tormenta Tropical</strong> acaban de sacar este remix dedicado a <strong>La Gaviota</strong>, y está listo para sonar en todas sus parrandas.<br />
Así que ha bailar al son de <strong>La Gaviota Mentirosa</strong>.<br />
<iframe loading="lazy" title="Tormenta Tropical - La gaviota mentirosa" width="640" height="480" src="https://www.youtube.com/embed/V2WNq6OwUFk?feature=oembed" frameborder="0" allow="accelerometer; autoplay; clipboard-write; encrypted-media; gyroscope; picture-in-picture; web-share" referrerpolicy="strict-origin-when-cross-origin" allowfullscreen></iframe></p>
