{"id":8084,"date":"2014-11-26T17:54:14","date_gmt":"2014-11-26T23:54:14","guid":{"rendered":"http:\/\/nofm-radio.com\/?p=8084"},"modified":"2014-11-26T17:54:14","modified_gmt":"2014-11-26T23:54:14","slug":"los-43-despaparecidos-el-documental-de-vice-sobre-ayotzinapa","status":"publish","type":"archivo","link":"https:\/\/nofm-radio.com\/?archivo=los-43-despaparecidos-el-documental-de-vice-sobre-ayotzinapa","title":{"rendered":"Los 43 desaparecidos. El documental de VICE sobre Ayotzinapa"},"content":{"rendered":"<p>Ya son dos meses. Ya se encontraron m\u00e1s fosas. Ya identificaron 7 de 30 cuerpos encontrados. Ya se cans\u00f3 <strong>Murillo Karam<\/strong>. Ya nos cansamos nosotros. Ya se desestabiliz\u00f3 <strong>Pe\u00f1a Nieto<\/strong>. Ya empezaron de nuevo las detenciones arbitrarias. Ya se destap\u00f3 un caso anterior en el que 30 estudiantes desaparecieron en junio. Ya hay presos pol\u00edticos de este movimiento.<br \/>\nPero despu\u00e9s de estos numerosos &#8220;Ya&#8221;, que parecieran marcar una l\u00ednea de lim\u00edtrofe, a\u00fan hay demasiada gente en nuestro pa\u00eds que no sabe qu\u00e9 pas\u00f3 y sigue pasando en <strong>Ayotzinapa<\/strong> y en el resto del pa\u00eds; que no sabe por qu\u00e9 la gente sale a la calle, y que simplemente cree que quienes salen y quienes piden justicia lo hacen porque es el tema de moda.<br \/>\nY puede que as\u00ed sea, pero quiz\u00e1 habr\u00eda que aprovechar este momento de ebullici\u00f3n para lograr que este caso siga llamando la atenci\u00f3n. En este contexto, el documental <strong>The missing 43: Mexico\u2019s Disappeared Students<\/strong>, realizado por <strong>VICE news<\/strong>, pueda colaborar a la resonancia de este caso que no nos cansamos de decir que ha sacudido a nuestro pa\u00eds.<br \/>\nY s\u00ed, ya nos sabemos la retah\u00edla de consideraciones que hay que tener al ver un <strong>documental<\/strong> de VICE, pero tenemos la primera de todas tendr\u00eda que ser que es el primer filme que documenta el caso, quiz\u00e1 el m\u00e1s completo hasta el momento, pues considera tanto las causas, el hecho y las consecuencias que ha tenido el caso en M\u00e9xico. Les dejamos el trailer y el documental completo.<br \/>\n<iframe loading=\"lazy\" width=\"640\" height=\"360\" src=\"\/\/www.youtube.com\/embed\/jP9d11rj4mY\" frameborder=\"0\" allowfullscreen><\/iframe><br \/>\n<iframe loading=\"lazy\" width=\"640\" height=\"360\" src=\"\/\/www.youtube.com\/embed\/9XxGDf56xoQ\" frameborder=\"0\" allowfullscreen><\/iframe><br \/>\n<iframe loading=\"lazy\" width=\"640\" height=\"360\" src=\"\/\/www.youtube.com\/embed\/F6p4RHkeZR8\" frameborder=\"0\" allowfullscreen><\/iframe><\/p>\n","protected":false},"template":"","meta":{"_id_youtube":"","_id_vimeo":"","_podcasts_duration":"","_podcasts_url":"","_podcasts_show":"","_prog_horario_dias":"","_prog_hora":"","_prog_duration":""},"class_list":["post-8084","archivo","type-archivo","status-publish","hentry"],"_links":{"self":[{"href":"https:\/\/nofm-radio.com\/index.php?rest_route=\/wp\/v2\/archivo\/8084","targetHints":{"allow":["GET"]}}],"collection":[{"href":"https:\/\/nofm-radio.com\/index.php?rest_route=\/wp\/v2\/archivo"}],"about":[{"href":"https:\/\/nofm-radio.com\/index.php?rest_route=\/wp\/v2\/types\/archivo"}],"wp:attachment":[{"href":"https:\/\/nofm-radio.com\/index.php?rest_route=%2Fwp%2Fv2%2Fmedia&parent=8084"}],"curies":[{"name":"wp","href":"https:\/\/api.w.org\/{rel}","templated":true}]}}

<p>Ya son dos meses. Ya se encontraron más fosas. Ya identificaron 7 de 30 cuerpos encontrados. Ya se cansó <strong>Murillo Karam</strong>. Ya nos cansamos nosotros. Ya se desestabilizó <strong>Peña Nieto</strong>. Ya empezaron de nuevo las detenciones arbitrarias. Ya se destapó un caso anterior en el que 30 estudiantes desaparecieron en junio. Ya hay presos políticos de este movimiento.<br />
Pero después de estos numerosos &#8220;Ya&#8221;, que parecieran marcar una línea de limítrofe, aún hay demasiada gente en nuestro país que no sabe qué pasó y sigue pasando en <strong>Ayotzinapa</strong> y en el resto del país; que no sabe por qué la gente sale a la calle, y que simplemente cree que quienes salen y quienes piden justicia lo hacen porque es el tema de moda.<br />
Y puede que así sea, pero quizá habría que aprovechar este momento de ebullición para lograr que este caso siga llamando la atención. En este contexto, el documental <strong>The missing 43: Mexico’s Disappeared Students</strong>, realizado por <strong>VICE news</strong>, pueda colaborar a la resonancia de este caso que no nos cansamos de decir que ha sacudido a nuestro país.<br />
Y sí, ya nos sabemos la retahíla de consideraciones que hay que tener al ver un <strong>documental</strong> de VICE, pero tenemos la primera de todas tendría que ser que es el primer filme que documenta el caso, quizá el más completo hasta el momento, pues considera tanto las causas, el hecho y las consecuencias que ha tenido el caso en México. Les dejamos el trailer y el documental completo.<br />
<iframe loading="lazy" width="640" height="360" src="//www.youtube.com/embed/jP9d11rj4mY" frameborder="0" allowfullscreen></iframe><br />
<iframe loading="lazy" width="640" height="360" src="//www.youtube.com/embed/9XxGDf56xoQ" frameborder="0" allowfullscreen></iframe><br />
<iframe loading="lazy" width="640" height="360" src="//www.youtube.com/embed/F6p4RHkeZR8" frameborder="0" allowfullscreen></iframe></p>
