{"id":8097,"date":"2014-11-27T14:55:11","date_gmt":"2014-11-27T20:55:11","guid":{"rendered":"http:\/\/nofm-radio.com\/?p=8097"},"modified":"2014-11-27T14:55:11","modified_gmt":"2014-11-27T20:55:11","slug":"jimi-hendrix-hear-my-train-a-comin","status":"publish","type":"archivo","link":"https:\/\/nofm-radio.com\/?archivo=jimi-hendrix-hear-my-train-a-comin","title":{"rendered":"Jimi Hendrix: Hear my train a comin&#039;"},"content":{"rendered":"<p>Hoy es cumplea\u00f1os del gran <strong>Jimi Hendrix<\/strong>. Para celebrar que hoy hubiera llegado a los 72 a\u00f1os, les traemos uno de los documentales m\u00e1s recientes que se han publicado sobre \u00e9l. <strong>Hear my train a comin&#8217;<\/strong> se lanz\u00f3 en 2013, es dirigido por <strong>Bob Smeaton<\/strong>, y recopila grandes entrevistas sobre el guitarrista.<br \/>\nTambi\u00e9n, les dejamos el concierto en la <strong>Isla Fehmarn<\/strong>, que ser\u00eda la \u00faltima presentaci\u00f3n que realizar\u00eda en 1970, durante el Love &#038; Peace Festival. El concierto fue lanzado como disco en 2005, y pueden escucharlo completo <a href=\"http:\/\/www.jimihendrix.com\/us\/music\/live-isle-fehmarn\">aqu\u00ed<\/a>.<\/p>\n<div style=\"width: 560px; padding-bottom: 5px; text-align: center;\"><a href=\"http:\/\/en.musicplayon.com\/play?v=177269\" target=\"_blank\" rel=\"noopener noreferrer\">Jimi Hendrix &#8211; Hear My Train A Comin&#8217; (Documentary) (2013)<\/a><\/div>\n<p><iframe loading=\"lazy\" width=\"560\" height=\"315\" src=\"http:\/\/en.musicplayon.com\/embed-v2?v=177269\" frameborder=\"0\" allowfullscreen><\/iframe><\/p>\n","protected":false},"template":"","meta":{"_id_youtube":"","_id_vimeo":"","_podcasts_duration":"","_podcasts_url":"","_podcasts_show":"","_prog_horario_dias":"","_prog_hora":"","_prog_duration":""},"class_list":["post-8097","archivo","type-archivo","status-publish","hentry"],"_links":{"self":[{"href":"https:\/\/nofm-radio.com\/index.php?rest_route=\/wp\/v2\/archivo\/8097","targetHints":{"allow":["GET"]}}],"collection":[{"href":"https:\/\/nofm-radio.com\/index.php?rest_route=\/wp\/v2\/archivo"}],"about":[{"href":"https:\/\/nofm-radio.com\/index.php?rest_route=\/wp\/v2\/types\/archivo"}],"wp:attachment":[{"href":"https:\/\/nofm-radio.com\/index.php?rest_route=%2Fwp%2Fv2%2Fmedia&parent=8097"}],"curies":[{"name":"wp","href":"https:\/\/api.w.org\/{rel}","templated":true}]}}

<p>Hoy es cumpleaños del gran <strong>Jimi Hendrix</strong>. Para celebrar que hoy hubiera llegado a los 72 años, les traemos uno de los documentales más recientes que se han publicado sobre él. <strong>Hear my train a comin&#8217;</strong> se lanzó en 2013, es dirigido por <strong>Bob Smeaton</strong>, y recopila grandes entrevistas sobre el guitarrista.<br />
También, les dejamos el concierto en la <strong>Isla Fehmarn</strong>, que sería la última presentación que realizaría en 1970, durante el Love &#038; Peace Festival. El concierto fue lanzado como disco en 2005, y pueden escucharlo completo <a href="http://www.jimihendrix.com/us/music/live-isle-fehmarn">aquí</a>.</p>
<div style="width: 560px; padding-bottom: 5px; text-align: center;"><a href="http://en.musicplayon.com/play?v=177269" target="_blank" rel="noopener noreferrer">Jimi Hendrix &#8211; Hear My Train A Comin&#8217; (Documentary) (2013)</a></div>
<p><iframe loading="lazy" width="560" height="315" src="http://en.musicplayon.com/embed-v2?v=177269" frameborder="0" allowfullscreen></iframe></p>
