{"id":8100,"date":"2014-11-27T16:25:36","date_gmt":"2014-11-27T22:25:36","guid":{"rendered":"http:\/\/nofm-radio.com\/?p=8100"},"modified":"2014-11-27T16:25:36","modified_gmt":"2014-11-27T22:25:36","slug":"ya-salio-el-cartel-del-vive-latino-2015","status":"publish","type":"archivo","link":"https:\/\/nofm-radio.com\/?archivo=ya-salio-el-cartel-del-vive-latino-2015","title":{"rendered":"Ya sali\u00f3 el Cartel del Vive Latino 2015"},"content":{"rendered":"<p>La carrera empez\u00f3 hace mucho y parece que se est\u00e1 poniendo buena. La competencia entre los festivales musicales de la ciudad de M\u00e9xico para conformar el cartel m\u00e1s atractivo sigue y sigue. Se acaba de revelar el <strong>line up<\/strong> del <strong>Vive Latino 2015,<\/strong> que se realizar\u00e1 del 13 al 15 de marzo. Hay algunos nombres que se repiten de algunas de las m\u00e1s recientes emisiones, muchas bandas noventeras y otras grandes sorpresas, como <strong>Robert Plant<\/strong> y los<strong> Happy Mondays<\/strong>.<br \/>\nAc\u00e1 el cartel completo. Se ve que<strong> OCESA<\/strong> cada vez nos est\u00e1 dando m\u00e1s tiempo para ahorrar nuestros centavitos, lo que quiere decir que no se tentar\u00e1 el coraz\u00f3n para seguirnos tratando como novia altiva.<br \/>\n<a href=\"http:\/\/nofm-radio.com\/wp-content\/uploads\/2014\/11\/Vive.jpg\" class=\"no-eff img-link lightbox\" ><img loading=\"lazy\" decoding=\"async\" src=\"http:\/\/nofm-radio.com\/wp-content\/uploads\/2014\/11\/Vive.jpg\" alt=\"Vive\" width=\"480\" height=\"720\" class=\"alignnone size-full wp-image-8101\" \/><\/a><\/p>\n","protected":false},"template":"","meta":{"_id_youtube":"","_id_vimeo":"","_podcasts_duration":"","_podcasts_url":"","_podcasts_show":"","_prog_horario_dias":"","_prog_hora":"","_prog_duration":""},"class_list":["post-8100","archivo","type-archivo","status-publish","hentry"],"_links":{"self":[{"href":"https:\/\/nofm-radio.com\/index.php?rest_route=\/wp\/v2\/archivo\/8100","targetHints":{"allow":["GET"]}}],"collection":[{"href":"https:\/\/nofm-radio.com\/index.php?rest_route=\/wp\/v2\/archivo"}],"about":[{"href":"https:\/\/nofm-radio.com\/index.php?rest_route=\/wp\/v2\/types\/archivo"}],"wp:attachment":[{"href":"https:\/\/nofm-radio.com\/index.php?rest_route=%2Fwp%2Fv2%2Fmedia&parent=8100"}],"curies":[{"name":"wp","href":"https:\/\/api.w.org\/{rel}","templated":true}]}}

Ya salió el Cartel del Vive Latino 2015

<p>La carrera empezó hace mucho y parece que se está poniendo buena. La competencia entre los festivales musicales de la ciudad de México para conformar el cartel más atractivo sigue y sigue. Se acaba de revelar el <strong>line up</strong> del <strong>Vive Latino 2015,</strong> que se realizará del 13 al 15 de marzo. Hay algunos nombres que se repiten de algunas de las más recientes emisiones, muchas bandas noventeras y otras grandes sorpresas, como <strong>Robert Plant</strong> y los<strong> Happy Mondays</strong>.<br />
Acá el cartel completo. Se ve que<strong> OCESA</strong> cada vez nos está dando más tiempo para ahorrar nuestros centavitos, lo que quiere decir que no se tentará el corazón para seguirnos tratando como novia altiva.<br />
<a href="http://nofm-radio.com/wp-content/uploads/2014/11/Vive.jpg" class="no-eff img-link lightbox" ><img loading="lazy" decoding="async" src="http://nofm-radio.com/wp-content/uploads/2014/11/Vive.jpg" alt="Vive" width="480" height="720" class="alignnone size-full wp-image-8101" /></a></p>
