{"id":8293,"date":"2014-12-11T10:00:07","date_gmt":"2014-12-11T16:00:07","guid":{"rendered":"http:\/\/nofm-radio.com\/?p=8293"},"modified":"2014-12-11T10:00:07","modified_gmt":"2014-12-11T16:00:07","slug":"para-celebrar-a-perez-prado-mambo-con-beethoven","status":"publish","type":"archivo","link":"https:\/\/nofm-radio.com\/?archivo=para-celebrar-a-perez-prado-mambo-con-beethoven","title":{"rendered":"Para celebrar a P\u00e9rez Prado, mambo con Beethoven"},"content":{"rendered":"<p>Un d\u00eda como hoy, hace ya 88 a\u00f1os, naci\u00f3 en Matanzas, Cuba, <strong>D\u00e1maso P\u00e9rez Prado<\/strong>. El <strong>Rey del Mambo<\/strong> est\u00e1 de cumplea\u00f1os y no queda m\u00e1s que celebrarlo. Y podr\u00edamos hacerlo con cualquiera de sus cl\u00e1sicas composiciones, porque a qui\u00e9n no se le mueve el piso al escuchar los primeros acordes de cualquier mambo del maestrazo, pero hoy no. O no s\u00f3lo eso.<br \/>\nAdem\u00e1s de ser el gran impulsor del mambo, P\u00e9rez Prado tuvo coqueteos con el jazz y otros g\u00e9neros. Les dejamos entonces su pieza <em><strong>Patricia<\/strong><\/em>, que fue elegida por <strong>Federico Fellini<\/strong> para formar parte de <em><strong>La Dolce Vita<\/strong><\/em>. Y un regalo para honrarlo como los grandes: un mash up que el japon\u00e9s <strong>Akira Miyagawa<\/strong> reasliz\u00f3 con el <strong>Mambo n\u00b0 5<\/strong> y la <strong>Sinfon\u00eda 5 de Beethoven<\/strong>. Muy divertido.<br \/>\n<iframe loading=\"lazy\" width=\"480\" height=\"360\" src=\"\/\/www.youtube.com\/embed\/GEdXagVh-Rs\" frameborder=\"0\" allowfullscreen><\/iframe><br \/>\n<iframe loading=\"lazy\" width=\"480\" height=\"360\" src=\"\/\/www.youtube.com\/embed\/qtL1CKAFj5c\" frameborder=\"0\" allowfullscreen><\/iframe><\/p>\n","protected":false},"template":"","meta":{"_id_youtube":"","_id_vimeo":"","_podcasts_duration":"","_podcasts_url":"","_podcasts_show":"","_prog_horario_dias":"","_prog_hora":"","_prog_duration":""},"class_list":["post-8293","archivo","type-archivo","status-publish","hentry"],"_links":{"self":[{"href":"https:\/\/nofm-radio.com\/index.php?rest_route=\/wp\/v2\/archivo\/8293","targetHints":{"allow":["GET"]}}],"collection":[{"href":"https:\/\/nofm-radio.com\/index.php?rest_route=\/wp\/v2\/archivo"}],"about":[{"href":"https:\/\/nofm-radio.com\/index.php?rest_route=\/wp\/v2\/types\/archivo"}],"wp:attachment":[{"href":"https:\/\/nofm-radio.com\/index.php?rest_route=%2Fwp%2Fv2%2Fmedia&parent=8293"}],"curies":[{"name":"wp","href":"https:\/\/api.w.org\/{rel}","templated":true}]}}

Para celebrar a Pérez Prado, mambo con Beethoven

<p>Un día como hoy, hace ya 88 años, nació en Matanzas, Cuba, <strong>Dámaso Pérez Prado</strong>. El <strong>Rey del Mambo</strong> está de cumpleaños y no queda más que celebrarlo. Y podríamos hacerlo con cualquiera de sus clásicas composiciones, porque a quién no se le mueve el piso al escuchar los primeros acordes de cualquier mambo del maestrazo, pero hoy no. O no sólo eso.<br />
Además de ser el gran impulsor del mambo, Pérez Prado tuvo coqueteos con el jazz y otros géneros. Les dejamos entonces su pieza <em><strong>Patricia</strong></em>, que fue elegida por <strong>Federico Fellini</strong> para formar parte de <em><strong>La Dolce Vita</strong></em>. Y un regalo para honrarlo como los grandes: un mash up que el japonés <strong>Akira Miyagawa</strong> reaslizó con el <strong>Mambo n° 5</strong> y la <strong>Sinfonía 5 de Beethoven</strong>. Muy divertido.<br />
<iframe loading="lazy" width="480" height="360" src="//www.youtube.com/embed/GEdXagVh-Rs" frameborder="0" allowfullscreen></iframe><br />
<iframe loading="lazy" width="480" height="360" src="//www.youtube.com/embed/qtL1CKAFj5c" frameborder="0" allowfullscreen></iframe></p>
