{"id":8332,"date":"2014-12-15T13:18:28","date_gmt":"2014-12-15T19:18:28","guid":{"rendered":"http:\/\/nofm-radio.com\/?p=8332"},"modified":"2014-12-15T13:18:28","modified_gmt":"2014-12-15T19:18:28","slug":"urss-bajo-el-arbol-un-lustro","status":"publish","type":"archivo","link":"https:\/\/nofm-radio.com\/?archivo=urss-bajo-el-arbol-un-lustro","title":{"rendered":"URSS bajo el \u00e1rbol. Un lustro"},"content":{"rendered":"<p>Por BULL<br \/>\nA pesar del tumulto ocasionado por los feligreses que muy devotamente asisten cada a\u00f1o en peregrinaci\u00f3n a la bas\u00edlica de Guadalupe y que vuelven esta ciudad una verdadera piltrafa, el pasado jueves 11 de diciembre por la noche tuvimos la oportunidad de estar entre los afortunados que presenciaron la celebraci\u00f3n del primer lustro de vida de <strong>URSS bajo el \u00e1rbol<\/strong>.<br \/>\nUna noche que pintaba ser muy prometedora, llen\u00f3 y sobrepas\u00f3 las expectativas  de todos los asistentes al <strong>Centro Cultural de Espa\u00f1a<\/strong>, que con un lleno total se estremec\u00eda con cada nota y acorde que los j\u00f3venes m\u00fasicos interpretaban.<br \/>\nEn una pl\u00e1tica previa con los integrantes de URSS bajo el \u00e1rbol, nos mencionaron que con esta presentaci\u00f3n cierran un ciclo m\u00e1s en su desarrollo musical. Y con el objetivo de darle un giro positivo y un nuevo enfoque a su trabajo, esta noche se desped\u00edan por un tiempo indefinido de los escenarios para enfocarse de lleno al trabajo de nuevos temas musicales, que esperan tener para mediados del siguiente a\u00f1o. Nos comentaron que los pr\u00f3ximos temas tendr\u00e1n dedicatoria a personas que fueron muy especiales para ellos y que este a\u00f1o los dejaron, lo que hac\u00eda de esta noche algo a\u00fan m\u00e1s emotivo.<br \/>\nDe igual forma tuvimos el gusto de conocer al sexto y m\u00e1s reciente miembro de URSS bajo el \u00e1rbol. Javier Jara que se integr\u00f3 a la alineaci\u00f3n y que en voz de los integrantes fundadores de la banda llego a refrescar el sonido de URSS.<br \/>\nPor \u00faltimo nos comentaron que se sent\u00edan muy felices y que el objetivo de esa noche era que su s\u00e9ptimo integrante, en alusi\u00f3n a su \u00e1lbum <strong>7<\/strong>, el p\u00fablico, se fuera con un gran sabor de boca. Si es que eso es posible- o si no con un buen zumbido de o\u00eddos, dijeron los integrantes de la banda.<br \/>\nEl recital dio inicio a las veinte horas e inici\u00f3 con el estreno de su m\u00e1s reciente videoclip llamado <strong>Derrocrata<\/strong>. Inmediatamente despu\u00e9s subieron al escenario donde interpretaron todos sus temas, incluyendo canciones que jam\u00e1s hab\u00edan interpretado en directo. Entre todos los temas se incluy\u00f3 el cover de <strong>AUSTIN TV<\/strong>, tema por el cual se dieron a conocer en muchos lugares.<br \/>\nAs\u00ed fue como la noche del jueves pasado nos recibi\u00f3 y despidi\u00f3 entre feligreses amantes de su ya tradicional peregrinaci\u00f3n y una buena banda mexicana, la cual promete seguir sorprendi\u00e9ndonos con su trabajo que, a palabras de su servidor, siempre ha estado cargado de temas socio pol\u00edticos abordados muy a la visi\u00f3n de URSS bajo el \u00e1rbol.<br \/>\nAc\u00e1 algunas fotos del concierto.<br \/>\n<\/p>\n","protected":false},"template":"","meta":{"_id_youtube":"","_id_vimeo":"","_podcasts_duration":"","_podcasts_url":"","_podcasts_show":"","_prog_horario_dias":"","_prog_hora":"","_prog_duration":""},"class_list":["post-8332","archivo","type-archivo","status-publish","hentry"],"_links":{"self":[{"href":"https:\/\/nofm-radio.com\/index.php?rest_route=\/wp\/v2\/archivo\/8332","targetHints":{"allow":["GET"]}}],"collection":[{"href":"https:\/\/nofm-radio.com\/index.php?rest_route=\/wp\/v2\/archivo"}],"about":[{"href":"https:\/\/nofm-radio.com\/index.php?rest_route=\/wp\/v2\/types\/archivo"}],"wp:attachment":[{"href":"https:\/\/nofm-radio.com\/index.php?rest_route=%2Fwp%2Fv2%2Fmedia&parent=8332"}],"curies":[{"name":"wp","href":"https:\/\/api.w.org\/{rel}","templated":true}]}}

URSS bajo el árbol. Un lustro

<p>Por BULL<br />
A pesar del tumulto ocasionado por los feligreses que muy devotamente asisten cada año en peregrinación a la basílica de Guadalupe y que vuelven esta ciudad una verdadera piltrafa, el pasado jueves 11 de diciembre por la noche tuvimos la oportunidad de estar entre los afortunados que presenciaron la celebración del primer lustro de vida de <strong>URSS bajo el árbol</strong>.<br />
Una noche que pintaba ser muy prometedora, llenó y sobrepasó las expectativas  de todos los asistentes al <strong>Centro Cultural de España</strong>, que con un lleno total se estremecía con cada nota y acorde que los jóvenes músicos interpretaban.<br />
En una plática previa con los integrantes de URSS bajo el árbol, nos mencionaron que con esta presentación cierran un ciclo más en su desarrollo musical. Y con el objetivo de darle un giro positivo y un nuevo enfoque a su trabajo, esta noche se despedían por un tiempo indefinido de los escenarios para enfocarse de lleno al trabajo de nuevos temas musicales, que esperan tener para mediados del siguiente año. Nos comentaron que los próximos temas tendrán dedicatoria a personas que fueron muy especiales para ellos y que este año los dejaron, lo que hacía de esta noche algo aún más emotivo.<br />
De igual forma tuvimos el gusto de conocer al sexto y más reciente miembro de URSS bajo el árbol. Javier Jara que se integró a la alineación y que en voz de los integrantes fundadores de la banda llego a refrescar el sonido de URSS.<br />
Por último nos comentaron que se sentían muy felices y que el objetivo de esa noche era que su séptimo integrante, en alusión a su álbum <strong>7</strong>, el público, se fuera con un gran sabor de boca. Si es que eso es posible- o si no con un buen zumbido de oídos, dijeron los integrantes de la banda.<br />
El recital dio inicio a las veinte horas e inició con el estreno de su más reciente videoclip llamado <strong>Derrocrata</strong>. Inmediatamente después subieron al escenario donde interpretaron todos sus temas, incluyendo canciones que jamás habían interpretado en directo. Entre todos los temas se incluyó el cover de <strong>AUSTIN TV</strong>, tema por el cual se dieron a conocer en muchos lugares.<br />
Así fue como la noche del jueves pasado nos recibió y despidió entre feligreses amantes de su ya tradicional peregrinación y una buena banda mexicana, la cual promete seguir sorprendiéndonos con su trabajo que, a palabras de su servidor, siempre ha estado cargado de temas socio políticos abordados muy a la visión de URSS bajo el árbol.<br />
Acá algunas fotos del concierto.<br />
</p>
