{"id":8379,"date":"2014-12-17T10:00:18","date_gmt":"2014-12-17T16:00:18","guid":{"rendered":"http:\/\/nofm-radio.com\/?p=8379"},"modified":"2014-12-17T10:00:18","modified_gmt":"2014-12-17T16:00:18","slug":"entrevista-exclusiva-con-la-banda-machos","status":"publish","type":"archivo","link":"https:\/\/nofm-radio.com\/?archivo=entrevista-exclusiva-con-la-banda-machos","title":{"rendered":"Entrevista exclusiva con la Banda Machos"},"content":{"rendered":"<p>Hay entrevistas que uno quisiera se prolongaran por horas, quiz\u00e1 al amparo de un g\u00fcisqui o simplemente con un caf\u00e9 y media cajetilla de cigarros. Hay entrevistas en las que se difumina la l\u00ednea del protocolo y transcurren con un ritmo particular; que se realizan en mangas de camisa y sin la presi\u00f3n del reloj. Cuando suceden uno sabe que ha llegado un paso m\u00e1s all\u00e1 de la frontera de la figura p\u00fablica, que se ha inmiscuido, aunque sea apenas unos cent\u00edmetros, en la persona que detenta al personaje, llena de grietas y colores.<br \/>\n<strong>Efra\u00edn L\u00f3pez y Arturo \u00c1vila<\/strong>, apenas tienen el tufillo de la fama, recuentan los \u00e9xitos que han tenido desde hace 24 a\u00f1os -cuando juntos con otros nueve compa\u00f1eros formaron la <strong>Banda Machos<\/strong> en Villa Corona, Jalisco- sin ufanarse ni llegar al miserable papel de la apolog\u00eda personal. Cuando sienten que han salido del margen de las buenas formas responden con uno \u201cgracias a dios\u201d. No se siente que sea un discurso repetido ni aprendido, las palabras les fluyen libres y sinceras, \u201ccuando comenzamos apenas ten\u00edamos una pick up en la que nos sub\u00edamos todos m\u00e1s dos trabajadores, el poquito equipo con el que cont\u00e1bamos se iba en otra camionetita. Toc\u00e1bamos en bodas, bautizos. Despu\u00e9s fuimos innovando con cosas que no se hac\u00edan en el pueblo, metimos maquinistas de humo, eso no se hab\u00edamos visto por all\u00e1\u201d, cuenta Efra\u00edn con esa satisfacci\u00f3n que s\u00f3lo se gana en el tiempo, y antes del silencio, Arturo completa \u201cas\u00ed pasamos un a\u00f1o y medio, haciendo viajes de ocho, diez horas en esas condiciones\u201d.<br \/>\n<a class=\"no-eff img-link lightbox\" href=\"http:\/\/nofm-radio.com\/wp-content\/uploads\/2014\/12\/machos1.jpg\"><img loading=\"lazy\" decoding=\"async\" class=\"aligncenter wp-image-8386 size-medium\" src=\"http:\/\/nofm-radio.com\/wp-content\/uploads\/2014\/12\/machos1-250x250.jpg\" alt=\"machos1\" width=\"250\" height=\"250\" \/><\/a><br \/>\n&nbsp;<br \/>\n\u201cSomos gente humilde, que viene de abajo, y gracias a Dios hemos podido llegar a otros lados, hemos podido viajar a Am\u00e9rica, Europa y \u00c1frica\u201d, dice Arturo, no especifica que la princesa <strong>Lala Amina<\/strong>, hermana del Rey de Marruecos, los convoc\u00f3 a un evento privado despu\u00e9s de su participaci\u00f3n en el festival de Rabat en 1997. No, no lo especifica, acaso no es necesario, hay veces que en las entrevistas deben dejar cosas en el misterio y la duda.<br \/>\nEntre pl\u00e1ticas se va dilucidando la importancia de esta Banda, La Reina, como la conocen gracias al mote que le dieron los millones de mexicanos que se encuentran en Estados Unidos, \u201cas\u00ed nos nombraron all\u00e1, y pues casi que todo el a\u00f1o lo vivimos en Estados Unidos, a veces damos concierto en California y al otro d\u00eda en Nueva York\u201d, dicen casi a d\u00fao. \u201cHemos visto c\u00f3mo la gente le sufre. Ellos van de cero, los vemos sufriendo all\u00e1, y nos da mucho orgullo como nos cuenta sus an\u00e9cdotas y c\u00f3mo se han ido superando, y los vemos cantar nuestras canciones\u201d, despu\u00e9s de Efra\u00edn completa a Arturo, \u201cyo me fijo mucho en la gente, nuestra m\u00fasica les da nostalgia de la tierra, eso nos inyecta de ganas\u201d, no esconden su apoyo a los movimiento de los paisanos. Una banda tambi\u00e9n es una representante de un sentimiento.<br \/>\n\u201cUna vez, mientras toc\u00e1bamos en Oakland con <strong>Bronco<\/strong>, un se\u00f1or me toc\u00f3 la espalda y me pidi\u00f3 tocar el solo de bater\u00eda de la canci\u00f3n, sin voltear le dije que s\u00ed, hasta ese momento me di cuenta que era el baterista de Carlos Santana, \u00a1Imag\u00ednate el privilegio! Me dijo que le gustaba mucho Banda Machos\u201d, narra Efra\u00edn mientras se le ilumina la cara. El reportero le dice \u201cbueno, ustedes tambi\u00e9n son grandes\u201d. Con una humildad cristiana responden con sinceridad el halago, \u201cno, gracias, pero yo lo admiro mucho, es una cosa mucho mayor que nosotros\u201d. No hay falsas modestias.<br \/>\n<a class=\"no-eff img-link lightbox\" href=\"http:\/\/nofm-radio.com\/wp-content\/uploads\/2014\/12\/machos2.jpg\"><img loading=\"lazy\" decoding=\"async\" class=\"wp-image-8387 size-medium aligncenter\" src=\"http:\/\/nofm-radio.com\/wp-content\/uploads\/2014\/12\/machos2-250x250.jpg\" alt=\"machos2\" width=\"250\" height=\"250\" \/><\/a><br \/>\n&nbsp;<br \/>\nSin duda uno de los episodios m\u00e1s recordados de la Banda, no tiene que ver con un concierto o una promoci\u00f3n de \u00e1lbum: mientras cerraba un evento de campa\u00f1a la tarde del 23 de marzo de 1994 en Lomas Taurinas, Tijuana, <strong>Luis Donaldo Colosio<\/strong>, el hombre que hab\u00eda sido elegido por el presidente Salinas para sucederlo en el poder, fue asesinado. En la imagen que se nos reprodujo hasta el cansancio, dos cosas llamaban la atenci\u00f3n: la facilidad con la que Mario Aburto coloc\u00f3 el rev\u00f3lver en la sien del candidato y la la canci\u00f3n que sonaba: La Culebra, en la versi\u00f3n de la Banda Machos, \u201cEs una desgracia que todos lamentamos. La Culebra es una canci\u00f3n que estaba en todos los actos de campa\u00f1a del candidato, le gustaba mucho la m\u00fasica de la banda, incluso nosotros estar\u00edamos en el cierre de campa\u00f1a de Colosio en Guadalajara. Lamentable fue tuvo esa muerte tr\u00e1gica\u201d. L\u00f3pez no deja de hacer hincapi\u00e9 en la tragedia personal, en el humano que muri\u00f3 por la bala y lo conecta al presente \u201cla violencia nos ha quitado todos esos buenos sentimientos que ten\u00edamos. Lo ves en la nueva m\u00fasica que habla de esa violencia, yo en lo personal no creo y no me gusta esa m\u00fasica que habla de violencia\u201d, es en\u00e9rgico y contundente, la banda no ha ca\u00eddo en la moda de la apolog\u00edas al narco y a su est\u00e9tica terror\u00edfica.<br \/>\n&nbsp;<br \/>\n<a class=\"no-eff img-link lightbox\" href=\"http:\/\/nofm-radio.com\/wp-content\/uploads\/2014\/12\/machos3.jpg\"><img loading=\"lazy\" decoding=\"async\" class=\"aligncenter wp-image-8388 size-medium\" src=\"http:\/\/nofm-radio.com\/wp-content\/uploads\/2014\/12\/machos3-250x333.jpg\" alt=\"machos3\" width=\"225\" height=\"300\" \/><\/a><br \/>\n&nbsp;<br \/>\nUna vida se llena de cromos de los buenos y los malos momentos, la de los integrantes de la banda, dicen, ha sido buena \u201cnunca nos imaginamos todo lo que suceder\u00eda, el ser los precursores de la quebradita, de ese baile que ha impactado tanto\u201d. Hace 24 a\u00f1os, sin aviones ni hoteles 5 estrellas comenzaron esta aventura; hoy, la banda es uno de los m\u00e1ximos referentes de la m\u00fasica regional mexicana, y siguen regresando a Villa Corona, a lo sencillo, a lo b\u00e1sico, a su esencia.<br \/>\nAhora s\u00f3lo decimos: \u00a1Arre Machos! Aqu\u00ed la entrevista y el saludo que nos dedicaron.<br \/>\n<div style=\"width: 568px;\" class=\"wp-video\"><video class=\"wp-video-shortcode\" id=\"video-8379-1\" width=\"568\" height=\"320\" preload=\"metadata\" controls=\"controls\"><source type=\"video\/mp4\" src=\"http:\/\/nofm-radio.com\/wp-content\/uploads\/2014\/12\/10809287_10152592499787972_2142443370_n.mp4?_=1\" \/><a href=\"http:\/\/nofm-radio.com\/wp-content\/uploads\/2014\/12\/10809287_10152592499787972_2142443370_n.mp4\">http:\/\/nofm-radio.com\/wp-content\/uploads\/2014\/12\/10809287_10152592499787972_2142443370_n.mp4<\/a><\/video><\/div><br \/>\nAqu\u00ed<br \/>\nLa entrevista a<br \/>\nBanda Machos<br \/>\n[audio:http:\/\/nofm-radio.com\/podcast\/2014\/Banda_Machos.mp3]<\/p>\n","protected":false},"template":"","meta":{"_id_youtube":"","_id_vimeo":"","_podcasts_duration":"","_podcasts_url":"","_podcasts_show":"","_prog_horario_dias":"","_prog_hora":"","_prog_duration":""},"class_list":["post-8379","archivo","type-archivo","status-publish","hentry"],"_links":{"self":[{"href":"https:\/\/nofm-radio.com\/index.php?rest_route=\/wp\/v2\/archivo\/8379","targetHints":{"allow":["GET"]}}],"collection":[{"href":"https:\/\/nofm-radio.com\/index.php?rest_route=\/wp\/v2\/archivo"}],"about":[{"href":"https:\/\/nofm-radio.com\/index.php?rest_route=\/wp\/v2\/types\/archivo"}],"wp:attachment":[{"href":"https:\/\/nofm-radio.com\/index.php?rest_route=%2Fwp%2Fv2%2Fmedia&parent=8379"}],"curies":[{"name":"wp","href":"https:\/\/api.w.org\/{rel}","templated":true}]}}

<p>Hay entrevistas que uno quisiera se prolongaran por horas, quizá al amparo de un güisqui o simplemente con un café y media cajetilla de cigarros. Hay entrevistas en las que se difumina la línea del protocolo y transcurren con un ritmo particular; que se realizan en mangas de camisa y sin la presión del reloj. Cuando suceden uno sabe que ha llegado un paso más allá de la frontera de la figura pública, que se ha inmiscuido, aunque sea apenas unos centímetros, en la persona que detenta al personaje, llena de grietas y colores.<br />
<strong>Efraín López y Arturo Ávila</strong>, apenas tienen el tufillo de la fama, recuentan los éxitos que han tenido desde hace 24 años -cuando juntos con otros nueve compañeros formaron la <strong>Banda Machos</strong> en Villa Corona, Jalisco- sin ufanarse ni llegar al miserable papel de la apología personal. Cuando sienten que han salido del margen de las buenas formas responden con uno “gracias a dios”. No se siente que sea un discurso repetido ni aprendido, las palabras les fluyen libres y sinceras, “cuando comenzamos apenas teníamos una pick up en la que nos subíamos todos más dos trabajadores, el poquito equipo con el que contábamos se iba en otra camionetita. Tocábamos en bodas, bautizos. Después fuimos innovando con cosas que no se hacían en el pueblo, metimos maquinistas de humo, eso no se habíamos visto por allá”, cuenta Efraín con esa satisfacción que sólo se gana en el tiempo, y antes del silencio, Arturo completa “así pasamos un año y medio, haciendo viajes de ocho, diez horas en esas condiciones”.<br />
<a class="no-eff img-link lightbox" href="http://nofm-radio.com/wp-content/uploads/2014/12/machos1.jpg"><img loading="lazy" decoding="async" class="aligncenter wp-image-8386 size-medium" src="http://nofm-radio.com/wp-content/uploads/2014/12/machos1-250x250.jpg" alt="machos1" width="250" height="250" /></a><br />
&nbsp;<br />
“Somos gente humilde, que viene de abajo, y gracias a Dios hemos podido llegar a otros lados, hemos podido viajar a América, Europa y África”, dice Arturo, no especifica que la princesa <strong>Lala Amina</strong>, hermana del Rey de Marruecos, los convocó a un evento privado después de su participación en el festival de Rabat en 1997. No, no lo especifica, acaso no es necesario, hay veces que en las entrevistas deben dejar cosas en el misterio y la duda.<br />
Entre pláticas se va dilucidando la importancia de esta Banda, La Reina, como la conocen gracias al mote que le dieron los millones de mexicanos que se encuentran en Estados Unidos, “así nos nombraron allá, y pues casi que todo el año lo vivimos en Estados Unidos, a veces damos concierto en California y al otro día en Nueva York”, dicen casi a dúo. “Hemos visto cómo la gente le sufre. Ellos van de cero, los vemos sufriendo allá, y nos da mucho orgullo como nos cuenta sus anécdotas y cómo se han ido superando, y los vemos cantar nuestras canciones”, después de Efraín completa a Arturo, “yo me fijo mucho en la gente, nuestra música les da nostalgia de la tierra, eso nos inyecta de ganas”, no esconden su apoyo a los movimiento de los paisanos. Una banda también es una representante de un sentimiento.<br />
“Una vez, mientras tocábamos en Oakland con <strong>Bronco</strong>, un señor me tocó la espalda y me pidió tocar el solo de batería de la canción, sin voltear le dije que sí, hasta ese momento me di cuenta que era el baterista de Carlos Santana, ¡Imagínate el privilegio! Me dijo que le gustaba mucho Banda Machos”, narra Efraín mientras se le ilumina la cara. El reportero le dice “bueno, ustedes también son grandes”. Con una humildad cristiana responden con sinceridad el halago, “no, gracias, pero yo lo admiro mucho, es una cosa mucho mayor que nosotros”. No hay falsas modestias.<br />
<a class="no-eff img-link lightbox" href="http://nofm-radio.com/wp-content/uploads/2014/12/machos2.jpg"><img loading="lazy" decoding="async" class="wp-image-8387 size-medium aligncenter" src="http://nofm-radio.com/wp-content/uploads/2014/12/machos2-250x250.jpg" alt="machos2" width="250" height="250" /></a><br />
&nbsp;<br />
Sin duda uno de los episodios más recordados de la Banda, no tiene que ver con un concierto o una promoción de álbum: mientras cerraba un evento de campaña la tarde del 23 de marzo de 1994 en Lomas Taurinas, Tijuana, <strong>Luis Donaldo Colosio</strong>, el hombre que había sido elegido por el presidente Salinas para sucederlo en el poder, fue asesinado. En la imagen que se nos reprodujo hasta el cansancio, dos cosas llamaban la atención: la facilidad con la que Mario Aburto colocó el revólver en la sien del candidato y la la canción que sonaba: La Culebra, en la versión de la Banda Machos, “Es una desgracia que todos lamentamos. La Culebra es una canción que estaba en todos los actos de campaña del candidato, le gustaba mucho la música de la banda, incluso nosotros estaríamos en el cierre de campaña de Colosio en Guadalajara. Lamentable fue tuvo esa muerte trágica”. López no deja de hacer hincapié en la tragedia personal, en el humano que murió por la bala y lo conecta al presente “la violencia nos ha quitado todos esos buenos sentimientos que teníamos. Lo ves en la nueva música que habla de esa violencia, yo en lo personal no creo y no me gusta esa música que habla de violencia”, es enérgico y contundente, la banda no ha caído en la moda de la apologías al narco y a su estética terrorífica.<br />
&nbsp;<br />
<a class="no-eff img-link lightbox" href="http://nofm-radio.com/wp-content/uploads/2014/12/machos3.jpg"><img loading="lazy" decoding="async" class="aligncenter wp-image-8388 size-medium" src="http://nofm-radio.com/wp-content/uploads/2014/12/machos3-250x333.jpg" alt="machos3" width="225" height="300" /></a><br />
&nbsp;<br />
Una vida se llena de cromos de los buenos y los malos momentos, la de los integrantes de la banda, dicen, ha sido buena “nunca nos imaginamos todo lo que sucedería, el ser los precursores de la quebradita, de ese baile que ha impactado tanto”. Hace 24 años, sin aviones ni hoteles 5 estrellas comenzaron esta aventura; hoy, la banda es uno de los máximos referentes de la música regional mexicana, y siguen regresando a Villa Corona, a lo sencillo, a lo básico, a su esencia.<br />
Ahora sólo decimos: ¡Arre Machos! Aquí la entrevista y el saludo que nos dedicaron.<br />
<div style="width: 568px;" class="wp-video"><video class="wp-video-shortcode" id="video-8379-1" width="568" height="320" preload="metadata" controls="controls"><source type="video/mp4" src="http://nofm-radio.com/wp-content/uploads/2014/12/10809287_10152592499787972_2142443370_n.mp4?_=1" /><a href="http://nofm-radio.com/wp-content/uploads/2014/12/10809287_10152592499787972_2142443370_n.mp4">http://nofm-radio.com/wp-content/uploads/2014/12/10809287_10152592499787972_2142443370_n.mp4</a></video></div><br />
Aquí<br />
La entrevista a<br />
Banda Machos<br />
[audio:http://nofm-radio.com/podcast/2014/Banda_Machos.mp3]</p>
