{"id":8454,"date":"2015-01-06T10:00:02","date_gmt":"2015-01-06T16:00:02","guid":{"rendered":"http:\/\/nofm-radio.com\/?p=8454"},"modified":"2015-01-06T10:00:02","modified_gmt":"2015-01-06T16:00:02","slug":"datelas3-celebrando-a-syd-barrett-un-documental-y-un-disco","status":"publish","type":"archivo","link":"https:\/\/nofm-radio.com\/?archivo=datelas3-celebrando-a-syd-barrett-un-documental-y-un-disco","title":{"rendered":"#DateLas3: celebrando a Syd Barrett. Un documental y un disco"},"content":{"rendered":"<p>Lo cierto es que se puede decir mucho del personaje que hoy cumple a\u00f1os. Su nombre es <strong>Syd Barrett<\/strong> y la tinta (o las lucesitas en la pantalla) ha corrido sin control hablando de \u00e9l.<br \/>\nNaci\u00f3 un 6 de enero de 1946. Unos a\u00f1os despu\u00e9s lo invitaron a una banda y tom\u00f3 posesi\u00f3n absoluta de ella, incluso la nombr\u00f3: <strong>Pink Floyd<\/strong>. El resto es historia. Estos muchachos de <strong>Cambridge<\/strong> se pusieron locos a jugar con luces, tocar pesado y darle duro al \u00e1cido. De esta primera aventura juvenil no sobrevivi\u00f3 el muchacho dorado que hoy recordamos. Tras un atasque premeditado el poeta se perdi\u00f3 en s\u00ed mismo.<br \/>\nPara algunos su brev\u00edsimo tiempo frente a los reflectores es un momento fundamental en la historia del <strong>Rock<\/strong>, para otros s\u00f3lo fue la antesala para que naciera una de las bandas m\u00e1s importantes de la historia. Incluso hay quien piensa que lo m\u00e1s importante que logr\u00f3 este amigo fue volverse loco y salirse de la agrupaci\u00f3n. Cada uno decide.<br \/>\nSin embargo, aqu\u00ed en <strong>NoFM<\/strong>, no podemos dejar de celebrar su extra\u00f1a y muy peculiar aventura por la m\u00fasica. Ya sea porque es fundamental para comprender a un gigante, ya sea porque sus letras e intenci\u00f3n mel\u00f3dica sigue sorprendiendo, muy a pesar de su brevedad. Qui\u00e9n puede decirlo, \u00bfes mejor una larga carrera o ser un cristal en fuego que se consume con violencia?<br \/>\nA 69 a\u00f1os de su nacimiento les compartimos su historia con este documental:<br \/>\nhttps:\/\/www.youtube.com\/watch?v=EvXuxHgAvo8&#038;index=1&#038;list=PLTzRH1KYMptTKd0fgRJ25gxSHvjdO6tsR<br \/>\nY les anunciamos que a las 3 pm, en su ya conocido <strong>#DateLas3<\/strong>, escucharemos <strong>The Early Singles<\/strong> de <strong>Pink Floyd<\/strong>, sin duda el mejor trabajo de este ni\u00f1o que se enamor\u00f3 del silencio a muy temprana edad.<br \/>\n<a href=\"http:\/\/nofm-radio.com\/wp-content\/uploads\/2015\/01\/pinkearly.jpg\" class=\"no-eff img-link lightbox\" ><img loading=\"lazy\" decoding=\"async\" src=\"http:\/\/nofm-radio.com\/wp-content\/uploads\/2015\/01\/pinkearly.jpg\" alt=\"pinkearly\" width=\"900\" height=\"900\" class=\"alignnone size-full wp-image-8455\" \/><\/a><\/p>\n","protected":false},"template":"","meta":{"_id_youtube":"","_id_vimeo":"","_podcasts_duration":"","_podcasts_url":"","_podcasts_show":"","_prog_horario_dias":"","_prog_hora":"","_prog_duration":""},"class_list":["post-8454","archivo","type-archivo","status-publish","hentry"],"_links":{"self":[{"href":"https:\/\/nofm-radio.com\/index.php?rest_route=\/wp\/v2\/archivo\/8454","targetHints":{"allow":["GET"]}}],"collection":[{"href":"https:\/\/nofm-radio.com\/index.php?rest_route=\/wp\/v2\/archivo"}],"about":[{"href":"https:\/\/nofm-radio.com\/index.php?rest_route=\/wp\/v2\/types\/archivo"}],"wp:attachment":[{"href":"https:\/\/nofm-radio.com\/index.php?rest_route=%2Fwp%2Fv2%2Fmedia&parent=8454"}],"curies":[{"name":"wp","href":"https:\/\/api.w.org\/{rel}","templated":true}]}}

<p>Lo cierto es que se puede decir mucho del personaje que hoy cumple años. Su nombre es <strong>Syd Barrett</strong> y la tinta (o las lucesitas en la pantalla) ha corrido sin control hablando de él.<br />
Nació un 6 de enero de 1946. Unos años después lo invitaron a una banda y tomó posesión absoluta de ella, incluso la nombró: <strong>Pink Floyd</strong>. El resto es historia. Estos muchachos de <strong>Cambridge</strong> se pusieron locos a jugar con luces, tocar pesado y darle duro al ácido. De esta primera aventura juvenil no sobrevivió el muchacho dorado que hoy recordamos. Tras un atasque premeditado el poeta se perdió en sí mismo.<br />
Para algunos su brevísimo tiempo frente a los reflectores es un momento fundamental en la historia del <strong>Rock</strong>, para otros sólo fue la antesala para que naciera una de las bandas más importantes de la historia. Incluso hay quien piensa que lo más importante que logró este amigo fue volverse loco y salirse de la agrupación. Cada uno decide.<br />
Sin embargo, aquí en <strong>NoFM</strong>, no podemos dejar de celebrar su extraña y muy peculiar aventura por la música. Ya sea porque es fundamental para comprender a un gigante, ya sea porque sus letras e intención melódica sigue sorprendiendo, muy a pesar de su brevedad. Quién puede decirlo, ¿es mejor una larga carrera o ser un cristal en fuego que se consume con violencia?<br />
A 69 años de su nacimiento les compartimos su historia con este documental:<br />
https://www.youtube.com/watch?v=EvXuxHgAvo8&#038;index=1&#038;list=PLTzRH1KYMptTKd0fgRJ25gxSHvjdO6tsR<br />
Y les anunciamos que a las 3 pm, en su ya conocido <strong>#DateLas3</strong>, escucharemos <strong>The Early Singles</strong> de <strong>Pink Floyd</strong>, sin duda el mejor trabajo de este niño que se enamoró del silencio a muy temprana edad.<br />
<a href="http://nofm-radio.com/wp-content/uploads/2015/01/pinkearly.jpg" class="no-eff img-link lightbox" ><img loading="lazy" decoding="async" src="http://nofm-radio.com/wp-content/uploads/2015/01/pinkearly.jpg" alt="pinkearly" width="900" height="900" class="alignnone size-full wp-image-8455" /></a></p>
