{"id":8504,"date":"2015-01-07T14:59:05","date_gmt":"2015-01-07T20:59:05","guid":{"rendered":"http:\/\/nofm-radio.com\/?p=8504"},"modified":"2015-01-07T14:59:05","modified_gmt":"2015-01-07T20:59:05","slug":"muestras-de-solidaridad-por-el-atentado-a-charliehebdo","status":"publish","type":"archivo","link":"https:\/\/nofm-radio.com\/?archivo=muestras-de-solidaridad-por-el-atentado-a-charliehebdo","title":{"rendered":"Muestras de solidaridad por el atentado a #CharlieHebdo"},"content":{"rendered":"<p>Que dos personas entren armadas con cuernos de chivos y disparen contra quienes est\u00e1n enfrente ya es un acto incre\u00edble y condenable. Que las personas se conviertan en v\u00edctimas mortales por el simple hecho de manifestar p\u00fablicamente una opini\u00f3n es igualmente condenable.<br \/>\n<strong>El atentado<\/strong> de hoy por la ma\u00f1ana contra la redacci\u00f3n del semanario franc\u00e9s <strong><em>Charlie Hebdo<\/em><\/strong> ha desatado una enorme cantidad de muestras de solidaridad hacia las v\u00edctimas, pero tambi\u00e9n hacia la defensa de la libertad de expresi\u00f3n, en un mundo que cuenta cada vez con m\u00e1s periodistas asesinados.<br \/>\nLes dejamos una muestra del trabajo del semanario, pues creemos que uno de los mejores homenajes a los caricaturistas ca\u00eddos es conocer sus cartones. Adem\u00e1s, les pasamos algunas de las muestras de solidaridad de otros moneros y de ciudadanos de a pie que hoy dicen <strong>#JeSuisCharlie<\/strong><br \/>\n<br \/>\n<\/p>\n","protected":false},"template":"","meta":{"_id_youtube":"","_id_vimeo":"","_podcasts_duration":"","_podcasts_url":"","_podcasts_show":"","_prog_horario_dias":"","_prog_hora":"","_prog_duration":""},"class_list":["post-8504","archivo","type-archivo","status-publish","hentry"],"_links":{"self":[{"href":"https:\/\/nofm-radio.com\/index.php?rest_route=\/wp\/v2\/archivo\/8504","targetHints":{"allow":["GET"]}}],"collection":[{"href":"https:\/\/nofm-radio.com\/index.php?rest_route=\/wp\/v2\/archivo"}],"about":[{"href":"https:\/\/nofm-radio.com\/index.php?rest_route=\/wp\/v2\/types\/archivo"}],"wp:attachment":[{"href":"https:\/\/nofm-radio.com\/index.php?rest_route=%2Fwp%2Fv2%2Fmedia&parent=8504"}],"curies":[{"name":"wp","href":"https:\/\/api.w.org\/{rel}","templated":true}]}}

<p>Que dos personas entren armadas con cuernos de chivos y disparen contra quienes están enfrente ya es un acto increíble y condenable. Que las personas se conviertan en víctimas mortales por el simple hecho de manifestar públicamente una opinión es igualmente condenable.<br />
<strong>El atentado</strong> de hoy por la mañana contra la redacción del semanario francés <strong><em>Charlie Hebdo</em></strong> ha desatado una enorme cantidad de muestras de solidaridad hacia las víctimas, pero también hacia la defensa de la libertad de expresión, en un mundo que cuenta cada vez con más periodistas asesinados.<br />
Les dejamos una muestra del trabajo del semanario, pues creemos que uno de los mejores homenajes a los caricaturistas caídos es conocer sus cartones. Además, les pasamos algunas de las muestras de solidaridad de otros moneros y de ciudadanos de a pie que hoy dicen <strong>#JeSuisCharlie</strong><br />
<br />
</p>
