{"id":8572,"date":"2015-01-12T12:47:14","date_gmt":"2015-01-12T18:47:14","guid":{"rendered":"http:\/\/nofm-radio.com\/?p=8572"},"modified":"2015-01-12T12:47:14","modified_gmt":"2015-01-12T18:47:14","slug":"kevin-spacey-y-su-discurso-a-las-frank-underwood","status":"publish","type":"archivo","link":"https:\/\/nofm-radio.com\/?archivo=kevin-spacey-y-su-discurso-a-las-frank-underwood","title":{"rendered":"Kevin Spacey y su discurso a la Frank Underwood"},"content":{"rendered":"<p>Despu\u00e9s de ser nominado ocho veces a los <strong>Globos de Oro<\/strong>, y no haber ganado (ni por <strong>American Beauty<\/strong>), <strong>Kevin Spacey<\/strong> se subi\u00f3 anoche al podio a recibir el premio como mejor actor en una serie dram\u00e1tica por <strong>House of cards<\/strong>.<br \/>\nYa en la semana el actor hab\u00eda expresado sus dudas de asistir a la ceremonia de entrega, pues estaba seguro de que no ganar\u00eda. Por ello, cuando se subi\u00f3 al escenario lo hizo con un trago en la mano y una l\u00ednea incendiaria digna de <strong>Frank Underwood<\/strong>: &#8220;Este es s\u00f3lo el principio de mi venganza.&#8221;<br \/>\nLa broma no tuvo un buen efecto en el p\u00fablico, que s\u00ed reaccion\u00f3 a la siguiente frase: &#8220;I can not belive I fucking won&#8221;. Entre carcajadas, Spacey se ech\u00f3 un discurso bastante emotivo que les dejamos completo.<br \/>\n<iframe loading=\"lazy\" width=\"560\" height=\"315\" src=\"\/\/www.youtube.com\/embed\/5SWbtqfTJgk\" frameborder=\"0\" allowfullscreen><\/iframe><\/p>\n","protected":false},"template":"","meta":{"_id_youtube":"","_id_vimeo":"","_podcasts_duration":"","_podcasts_url":"","_podcasts_show":"","_prog_horario_dias":"","_prog_hora":"","_prog_duration":""},"class_list":["post-8572","archivo","type-archivo","status-publish","hentry"],"_links":{"self":[{"href":"https:\/\/nofm-radio.com\/index.php?rest_route=\/wp\/v2\/archivo\/8572","targetHints":{"allow":["GET"]}}],"collection":[{"href":"https:\/\/nofm-radio.com\/index.php?rest_route=\/wp\/v2\/archivo"}],"about":[{"href":"https:\/\/nofm-radio.com\/index.php?rest_route=\/wp\/v2\/types\/archivo"}],"wp:attachment":[{"href":"https:\/\/nofm-radio.com\/index.php?rest_route=%2Fwp%2Fv2%2Fmedia&parent=8572"}],"curies":[{"name":"wp","href":"https:\/\/api.w.org\/{rel}","templated":true}]}}

<p>Después de ser nominado ocho veces a los <strong>Globos de Oro</strong>, y no haber ganado (ni por <strong>American Beauty</strong>), <strong>Kevin Spacey</strong> se subió anoche al podio a recibir el premio como mejor actor en una serie dramática por <strong>House of cards</strong>.<br />
Ya en la semana el actor había expresado sus dudas de asistir a la ceremonia de entrega, pues estaba seguro de que no ganaría. Por ello, cuando se subió al escenario lo hizo con un trago en la mano y una línea incendiaria digna de <strong>Frank Underwood</strong>: &#8220;Este es sólo el principio de mi venganza.&#8221;<br />
La broma no tuvo un buen efecto en el público, que sí reaccionó a la siguiente frase: &#8220;I can not belive I fucking won&#8221;. Entre carcajadas, Spacey se echó un discurso bastante emotivo que les dejamos completo.<br />
<iframe loading="lazy" width="560" height="315" src="//www.youtube.com/embed/5SWbtqfTJgk" frameborder="0" allowfullscreen></iframe></p>
