{"id":8578,"date":"2015-01-13T10:00:08","date_gmt":"2015-01-13T16:00:08","guid":{"rendered":"http:\/\/nofm-radio.com\/?p=8578"},"modified":"2015-01-13T10:00:08","modified_gmt":"2015-01-13T16:00:08","slug":"yo-acuso-del-antisemitismo-militar-al-jesuischarlie","status":"publish","type":"archivo","link":"https:\/\/nofm-radio.com\/?archivo=yo-acuso-del-antisemitismo-militar-al-jesuischarlie","title":{"rendered":"Yo acuso: del antisemitismo militar al #JeSuisCharlie. A 117 a\u00f1os del caso Dreyfus"},"content":{"rendered":"<p>El atentado de la semana pasada al semanario <strong>Charlie Hebdo<\/strong> ha despertado amplias movilizaciones tanto en redes sociales como en las calles. La hist\u00f3rica manifestaci\u00f3n del domingo pasado, con la c\u00fapula del poder europeo a la cabeza pero a la vez sin mezclarse con la masa ciudadana, entonando <strong>La Marsellesa<\/strong> junto con gritos de libertad y el <strong>Je Suis Charlie<\/strong>, contrasta con varios art\u00edculos que resaltan la profunda xenofobia mostrada por las ilustraciones del semanario franc\u00e9s bajo el lema &#8220;<strong>Yo no soy Charlie<\/strong>&#8220;.<br \/>\nLa presencia inc\u00f3moda del primer ministro israel\u00ed, <strong>Benjamin Netanyahu<\/strong>, el apoyo del fiscal estadounidense <strong>Eric Holder<\/strong>, las manifestaciones alemanas con un claro sentido anti isl\u00e1mico, el endurecimiento de las medidas antiterroristas basadas en la apariencia y destino de los viajeros, y las movilizaci\u00f3n de 10 mil militares en toda <strong>Francia<\/strong>, parecen acrecentar el conflicto nacido de la desgracia.<br \/>\nLas muestras de rechazo, el insulto gratuito con que algunas muestras de solidaridad pretenden reivindicar el trabajo del semanario franc\u00e9s como muestras de irrevocable libertad de expresi\u00f3n, hacen de este concepto una extra\u00f1a tierra movediza entre credos religiosos y poderes pol\u00edticos.<br \/>\nEn este contexto, hoy recordamos la publicaci\u00f3n del art\u00edculo <strong>Yo acuso<\/strong>, de <strong>\u00c9mile Zola<\/strong>. Este 13 de enero, se cumplen 117 a\u00f1os de la publicaci\u00f3n de la defensa de <strong>Alfred Dreyfus<\/strong>, un oficial jud\u00edo del ej\u00e9rcito franc\u00e9s acusado de ser esp\u00eda para los alemanes sin ninguna prueba ni testimonio. El <strong>caso Dreyfus<\/strong> evidenci\u00f3 \u00fanicamente el profundo antisemitismo entre las filas galas y le cost\u00f3 el exilio vitalicio al oficial. \u00c9mile Zola publicar\u00eda en el diario <strong>L&#8217;Aurore<\/strong>, cuatro a\u00f1os despu\u00e9s de la sentencia, una carta al presidente franc\u00e9s que ser\u00eda, en muchos sentidos, no s\u00f3lo una denuncia, sino un llamado a la <strong>libertad de expresi\u00f3n<\/strong>. Pero una libertad de expresi\u00f3n que ser\u00eda sin\u00f3nimo de verdad y de justicia, lejana, muy lejana, a los clamores que hoy criminalizan a todo un credo en voz de los que una vez fueron acribillados.<br \/>\nA continuaci\u00f3n les dejamos un pasaje de Yo acuso. Pueden leer el discurso completo y m\u00e1s sobre el caso Dreyfus <a href=\"http:\/\/www.biblioteca.org.ar\/libros\/656599.pdf\">aqu\u00ed<\/a>.<br \/>\n<em><br \/>\n\u00bfD\u00f3nde est\u00e1 el gabinete aut\u00e9nticamente fuerte y de prudente patriotismo que se atreva a refundirlo y a renovarlo todo? \u00a1Conozco a tanta gente que, ante la posibilidad de una guerra, tiembla acongojada al saber en qu\u00e9 manos se halla la defensa nacional! \u00a1Y en qu\u00e9 nido de ruines intrigas, de comadreos y dilapidaciones se ha convertido ese asilo sagrado donde se decide la suerte de la patria! \u00a1Da p\u00e1nico enfrentarse a la terrible luz que acaba de provocar el caso Dreyfus, ese sacrificio humano de un infeliz, de un \u00abcochino jud\u00edo\u00bb! \u00a1Ah!, cu\u00e1nta agitaci\u00f3n de necios y dementes, cu\u00e1ntas imaginaciones desbordadas, pr\u00e1cticas de polic\u00eda barata, de inquisici\u00f3n y tiran\u00eda, el capricho de unos cuantos con galones que aplastan con sus botas a la naci\u00f3n, haci\u00e9ndole tragar su grito de verdad y de justicia bajo el falaz y sacr\u00edlego pretexto de la raz\u00f3n de Estado.<br \/>\nTambi\u00e9n es un crimen haberse apoyado en la prensa inmunda, haberse dejado defender por toda la chusma de Par\u00eds, que triunfa, insolente, al venirse abajo el derecho y la simple honestidad. Es un crimen haber acusado de perturbar a Francia a quienes la desean generosa, a la cabeza de las naciones libres y justas, cuando precisamente en su interior se urde el imp\u00fadico complot para imponer el error ante el mundo entero. Es un crimen<br \/>\ndesorientar a la opini\u00f3n p\u00fablica, utilizar para una campa\u00f1a mortal a esa opini\u00f3n p\u00fablica que han pervertido hasta lograr que delirara. Es un crimen envenenar a los peque\u00f1os y a los humildes, enardecer las pasiones reaccionarias a intolerantes que se ocultan tras ese odioso antisemitismo que provocar\u00e1 la muerte de la gran Francia liberal de los derechos del hombre, si antes no la curan. Es un crimen explotar el patriotismo para fomentar el odio y, en fin, es un crimen hacer del sable el Dios moderno cuando toda la ciencia humana trabaja para la obra venidera de verdad y justicia.<br \/>\nEsa verdad, esa justicia que con tanta pasi\u00f3n deseamos, \u00a1qu\u00e9 desaliento ver c\u00f3mo las abofetean hasta desfigurarlas y alienarlas!<br \/>\nSolo anhelo una cosa, y es que se haga la luz en nombre de la humanidad que tanto ha sufrido y que tiene derecho a la felicidad. Mi ardiente protesta no es sino un grito que me surge del alma. \u00a1Que se atrevan, pues, a llevarme ante los tribunales y que la investigaci\u00f3n tenga lugar a plena luz del d\u00eda!<br \/>\nEntretanto, espero.<\/p>\n","protected":false},"template":"","meta":{"_id_youtube":"","_id_vimeo":"","_podcasts_duration":"","_podcasts_url":"","_podcasts_show":"","_prog_horario_dias":"","_prog_hora":"","_prog_duration":""},"class_list":["post-8578","archivo","type-archivo","status-publish","hentry"],"_links":{"self":[{"href":"https:\/\/nofm-radio.com\/index.php?rest_route=\/wp\/v2\/archivo\/8578","targetHints":{"allow":["GET"]}}],"collection":[{"href":"https:\/\/nofm-radio.com\/index.php?rest_route=\/wp\/v2\/archivo"}],"about":[{"href":"https:\/\/nofm-radio.com\/index.php?rest_route=\/wp\/v2\/types\/archivo"}],"wp:attachment":[{"href":"https:\/\/nofm-radio.com\/index.php?rest_route=%2Fwp%2Fv2%2Fmedia&parent=8578"}],"curies":[{"name":"wp","href":"https:\/\/api.w.org\/{rel}","templated":true}]}}

Yo acuso: del antisemitismo militar al #JeSuisCharlie. A 117 años del caso Dreyfus

<p>El atentado de la semana pasada al semanario <strong>Charlie Hebdo</strong> ha despertado amplias movilizaciones tanto en redes sociales como en las calles. La histórica manifestación del domingo pasado, con la cúpula del poder europeo a la cabeza pero a la vez sin mezclarse con la masa ciudadana, entonando <strong>La Marsellesa</strong> junto con gritos de libertad y el <strong>Je Suis Charlie</strong>, contrasta con varios artículos que resaltan la profunda xenofobia mostrada por las ilustraciones del semanario francés bajo el lema &#8220;<strong>Yo no soy Charlie</strong>&#8220;.<br />
La presencia incómoda del primer ministro israelí, <strong>Benjamin Netanyahu</strong>, el apoyo del fiscal estadounidense <strong>Eric Holder</strong>, las manifestaciones alemanas con un claro sentido anti islámico, el endurecimiento de las medidas antiterroristas basadas en la apariencia y destino de los viajeros, y las movilización de 10 mil militares en toda <strong>Francia</strong>, parecen acrecentar el conflicto nacido de la desgracia.<br />
Las muestras de rechazo, el insulto gratuito con que algunas muestras de solidaridad pretenden reivindicar el trabajo del semanario francés como muestras de irrevocable libertad de expresión, hacen de este concepto una extraña tierra movediza entre credos religiosos y poderes políticos.<br />
En este contexto, hoy recordamos la publicación del artículo <strong>Yo acuso</strong>, de <strong>Émile Zola</strong>. Este 13 de enero, se cumplen 117 años de la publicación de la defensa de <strong>Alfred Dreyfus</strong>, un oficial judío del ejército francés acusado de ser espía para los alemanes sin ninguna prueba ni testimonio. El <strong>caso Dreyfus</strong> evidenció únicamente el profundo antisemitismo entre las filas galas y le costó el exilio vitalicio al oficial. Émile Zola publicaría en el diario <strong>L&#8217;Aurore</strong>, cuatro años después de la sentencia, una carta al presidente francés que sería, en muchos sentidos, no sólo una denuncia, sino un llamado a la <strong>libertad de expresión</strong>. Pero una libertad de expresión que sería sinónimo de verdad y de justicia, lejana, muy lejana, a los clamores que hoy criminalizan a todo un credo en voz de los que una vez fueron acribillados.<br />
A continuación les dejamos un pasaje de Yo acuso. Pueden leer el discurso completo y más sobre el caso Dreyfus <a href="http://www.biblioteca.org.ar/libros/656599.pdf">aquí</a>.<br />
<em><br />
¿Dónde está el gabinete auténticamente fuerte y de prudente patriotismo que se atreva a refundirlo y a renovarlo todo? ¡Conozco a tanta gente que, ante la posibilidad de una guerra, tiembla acongojada al saber en qué manos se halla la defensa nacional! ¡Y en qué nido de ruines intrigas, de comadreos y dilapidaciones se ha convertido ese asilo sagrado donde se decide la suerte de la patria! ¡Da pánico enfrentarse a la terrible luz que acaba de provocar el caso Dreyfus, ese sacrificio humano de un infeliz, de un «cochino judío»! ¡Ah!, cuánta agitación de necios y dementes, cuántas imaginaciones desbordadas, prácticas de policía barata, de inquisición y tiranía, el capricho de unos cuantos con galones que aplastan con sus botas a la nación, haciéndole tragar su grito de verdad y de justicia bajo el falaz y sacrílego pretexto de la razón de Estado.<br />
También es un crimen haberse apoyado en la prensa inmunda, haberse dejado defender por toda la chusma de París, que triunfa, insolente, al venirse abajo el derecho y la simple honestidad. Es un crimen haber acusado de perturbar a Francia a quienes la desean generosa, a la cabeza de las naciones libres y justas, cuando precisamente en su interior se urde el impúdico complot para imponer el error ante el mundo entero. Es un crimen<br />
desorientar a la opinión pública, utilizar para una campaña mortal a esa opinión pública que han pervertido hasta lograr que delirara. Es un crimen envenenar a los pequeños y a los humildes, enardecer las pasiones reaccionarias a intolerantes que se ocultan tras ese odioso antisemitismo que provocará la muerte de la gran Francia liberal de los derechos del hombre, si antes no la curan. Es un crimen explotar el patriotismo para fomentar el odio y, en fin, es un crimen hacer del sable el Dios moderno cuando toda la ciencia humana trabaja para la obra venidera de verdad y justicia.<br />
Esa verdad, esa justicia que con tanta pasión deseamos, ¡qué desaliento ver cómo las abofetean hasta desfigurarlas y alienarlas!<br />
Solo anhelo una cosa, y es que se haga la luz en nombre de la humanidad que tanto ha sufrido y que tiene derecho a la felicidad. Mi ardiente protesta no es sino un grito que me surge del alma. ¡Que se atrevan, pues, a llevarme ante los tribunales y que la investigación tenga lugar a plena luz del día!<br />
Entretanto, espero.</p>
