{"id":8785,"date":"2015-01-21T13:29:25","date_gmt":"2015-01-21T19:29:25","guid":{"rendered":"http:\/\/nofm-radio.com\/?p=8785"},"modified":"2015-01-21T13:29:25","modified_gmt":"2015-01-21T19:29:25","slug":"kanye-west-y-su-poema-a-martin-luther-king","status":"publish","type":"archivo","link":"https:\/\/nofm-radio.com\/?archivo=kanye-west-y-su-poema-a-martin-luther-king","title":{"rendered":"Kanye West y su poema a Martin Luther King"},"content":{"rendered":"<p>La semana pasada celebramos el cumplea\u00f1os de <strong>Martin Luther King<\/strong>, con algunos de sus <a href=\"http:\/\/nofm-radio.com\/2015\/01\/tres-discursos-de-martin-luther-king-a-86-anos-de-su-nacimiento\/\">discursos<\/a> menos conocidos. Esta semana se celebra el D\u00eda dedicado al Dr. King en <strong>Estados Unidos<\/strong>, justo en fechas en que el <strong>racismo<\/strong> en ese pa\u00eds vive uno de sus periodos m\u00e1s escandalosos.<br \/>\nLa celebraci\u00f3n del <strong>D\u00eda de Martin Luther King<\/strong>, de hecho, se vio sumergida en protestas por el asesinato de<strong> Michael Brown, Eric Garner<\/strong> y otros afroamericanos desarmados, a manos de polic\u00edas blancos. Protestas en las que han participado varias celebridades y deportistas. Y bueno, si bien <strong>Kanye West<\/strong> no hizo declaraciones p\u00fablicas el respecto de estos temas, s\u00ed mostr\u00f3 su pasi\u00f3n por la defensa de los <strong>Derechos civiles<\/strong>, y la lucha del Dr. King.<br \/>\nEl d\u00eda de ayer, su esposa, <strong>Kim Kardashian<\/strong>, tuite\u00f3 un video en el que un Kanye de 12 o 13 a\u00f1os recita un poema que le dedica a King. El poema, y la escena en s\u00ed, es muy bella: los ya tristes ojos de Kanye, dedicando palabras de admiraci\u00f3n y cari\u00f1o al hombre que tuvo un sue\u00f1o. Aqu\u00ed el video.<br \/>\n<iframe loading=\"lazy\" width=\"420\" height=\"315\" src=\"\/\/www.youtube.com\/embed\/6TWsmwdq55k\" frameborder=\"0\" allowfullscreen><\/iframe><\/p>\n","protected":false},"template":"","meta":{"_id_youtube":"","_id_vimeo":"","_podcasts_duration":"","_podcasts_url":"","_podcasts_show":"","_prog_horario_dias":"","_prog_hora":"","_prog_duration":""},"class_list":["post-8785","archivo","type-archivo","status-publish","hentry"],"_links":{"self":[{"href":"https:\/\/nofm-radio.com\/index.php?rest_route=\/wp\/v2\/archivo\/8785","targetHints":{"allow":["GET"]}}],"collection":[{"href":"https:\/\/nofm-radio.com\/index.php?rest_route=\/wp\/v2\/archivo"}],"about":[{"href":"https:\/\/nofm-radio.com\/index.php?rest_route=\/wp\/v2\/types\/archivo"}],"wp:attachment":[{"href":"https:\/\/nofm-radio.com\/index.php?rest_route=%2Fwp%2Fv2%2Fmedia&parent=8785"}],"curies":[{"name":"wp","href":"https:\/\/api.w.org\/{rel}","templated":true}]}}

<p>La semana pasada celebramos el cumpleaños de <strong>Martin Luther King</strong>, con algunos de sus <a href="http://nofm-radio.com/2015/01/tres-discursos-de-martin-luther-king-a-86-anos-de-su-nacimiento/">discursos</a> menos conocidos. Esta semana se celebra el Día dedicado al Dr. King en <strong>Estados Unidos</strong>, justo en fechas en que el <strong>racismo</strong> en ese país vive uno de sus periodos más escandalosos.<br />
La celebración del <strong>Día de Martin Luther King</strong>, de hecho, se vio sumergida en protestas por el asesinato de<strong> Michael Brown, Eric Garner</strong> y otros afroamericanos desarmados, a manos de policías blancos. Protestas en las que han participado varias celebridades y deportistas. Y bueno, si bien <strong>Kanye West</strong> no hizo declaraciones públicas el respecto de estos temas, sí mostró su pasión por la defensa de los <strong>Derechos civiles</strong>, y la lucha del Dr. King.<br />
El día de ayer, su esposa, <strong>Kim Kardashian</strong>, tuiteó un video en el que un Kanye de 12 o 13 años recita un poema que le dedica a King. El poema, y la escena en sí, es muy bella: los ya tristes ojos de Kanye, dedicando palabras de admiración y cariño al hombre que tuvo un sueño. Aquí el video.<br />
<iframe loading="lazy" width="420" height="315" src="//www.youtube.com/embed/6TWsmwdq55k" frameborder="0" allowfullscreen></iframe></p>
