{"id":8846,"date":"2015-01-27T10:00:32","date_gmt":"2015-01-27T16:00:32","guid":{"rendered":"http:\/\/nofm-radio.com\/?p=8846"},"modified":"2015-01-27T10:00:32","modified_gmt":"2015-01-27T16:00:32","slug":"asi-son-atacados-los-periodistas-en-mexico","status":"publish","type":"archivo","link":"https:\/\/nofm-radio.com\/?archivo=asi-son-atacados-los-periodistas-en-mexico","title":{"rendered":"As\u00ed son atacados los periodistas en M\u00e9xico"},"content":{"rendered":"<p>Desde 2012, <strong>M\u00e9xico<\/strong> fue declarado como el pa\u00eds m\u00e1s peligroso para ejercer el<strong> periodismo<\/strong>. De inmediato surgieron comparaciones del tipo &#8220;Es m\u00e1s peligroso que en <strong>Afganist\u00e1n<\/strong> u otros pa\u00edses que est\u00e1n en guerra&#8221;, como si la <strong>guerra contra el narcotr\u00e1fico<\/strong> emprendida por <strong>Felipe Calder\u00f3n<\/strong>, los conflictos sociales por derechos fundamentales, o el enfrentamiento con empresas transnacionales por territorios, no contar\u00e1n como conflictos armados.<br \/>\nA dos a\u00f1os de que iniciara el sexenio de <strong>Enrique Pe\u00f1a Nieto<\/strong>, quien dio por conclu\u00edda la etapa de la mencionada guerra, las <strong>agresiones contra periodistas<\/strong> han aumentado seriamente, y no s\u00f3lo eso, sino que han entrado en una opacidad m\u00e1s profunda.<br \/>\nEl pasado viernes, la organizaci\u00f3n <strong>Periodistas en riesgo<\/strong> public\u00f3 un an\u00e1lisis de los casos documentados de agresiones contra periodistas. Las cifras son terror\u00edficas:<br \/>\n209 agresiones reportadas ante las autoridades<br \/>\n143 agresiones f\u00edsicas<br \/>\n43 golpizas por parte de polic\u00edas<br \/>\n27 detenciones arbitrarias<br \/>\n17 golpizas por parte de manifestantes<br \/>\n13 homicidios<br \/>\n13 secuestros<br \/>\n46 agresiones psicol\u00f3gicas<br \/>\n6 agresiones legales<br \/>\nEn el informe destaca que las agresiones son perpetradas, en su mayor\u00eda, por miembros del <strong>crimen organizado<\/strong>, pero tambi\u00e9n por parte de <strong>polic\u00edas<\/strong> y <strong>autoridades locales<\/strong>. Igualmente, es relevante que las autoridades no s\u00f3lo realizan los ataques, sino que su reacci\u00f3n ante las denuncias de agresiones suelen ser tard\u00edas y omisas.<br \/>\nPara muestra, y como bienvenida a este <strong>2015<\/strong>, cabe mencionar el caso del periodista <strong>Mois\u00e9s S\u00e1nchez<\/strong>, cuyo cuerpo fue recientemente encontrado. El hallazgo surge despu\u00e9s de una denuncia p\u00fablica de la familia del periodista y de <strong>Art\u00edculo 19<\/strong>, en la que mencionaban que la investigaci\u00f3n emprendida por la <strong>Procuradur\u00eda veracruzana<\/strong> era nula. Lo anterior aunado a las declaraciones de que la polic\u00eda local no respondi\u00f3 a los llamados de auxilio al momento del secuestro de S\u00e1nchez, y a la desafortunada declaraci\u00f3n del gobernador <strong>Javier Duarte<\/strong>, quien mencion\u00f3 que no se estaba investigando el caso porque Mois\u00e9s no era periodista, sino taxista.<br \/>\nAc\u00e1 les dejamos el mapa realizado por Periodistas en riesgo, pueden consultar el an\u00e1lisis completo <a href=\"http:\/\/online.pubhtml5.com\/awos\/wqvg\/#p=2\">aqu\u00ed<\/a>.<br \/>\n<a href=\"http:\/\/nofm-radio.com\/wp-content\/uploads\/2015\/01\/Mapadestacado.png\" class=\"no-eff img-link lightbox\" ><img loading=\"lazy\" decoding=\"async\" src=\"http:\/\/nofm-radio.com\/wp-content\/uploads\/2015\/01\/Mapadestacado.png\" alt=\"Mapadestacado\" width=\"600\" height=\"287\" class=\"alignnone size-full wp-image-8850\" \/><\/a><\/p>\n","protected":false},"template":"","meta":{"_id_youtube":"","_id_vimeo":"","_podcasts_duration":"","_podcasts_url":"","_podcasts_show":"","_prog_horario_dias":"","_prog_hora":"","_prog_duration":""},"class_list":["post-8846","archivo","type-archivo","status-publish","hentry"],"_links":{"self":[{"href":"https:\/\/nofm-radio.com\/index.php?rest_route=\/wp\/v2\/archivo\/8846","targetHints":{"allow":["GET"]}}],"collection":[{"href":"https:\/\/nofm-radio.com\/index.php?rest_route=\/wp\/v2\/archivo"}],"about":[{"href":"https:\/\/nofm-radio.com\/index.php?rest_route=\/wp\/v2\/types\/archivo"}],"wp:attachment":[{"href":"https:\/\/nofm-radio.com\/index.php?rest_route=%2Fwp%2Fv2%2Fmedia&parent=8846"}],"curies":[{"name":"wp","href":"https:\/\/api.w.org\/{rel}","templated":true}]}}

Así son atacados los periodistas en México

<p>Desde 2012, <strong>México</strong> fue declarado como el país más peligroso para ejercer el<strong> periodismo</strong>. De inmediato surgieron comparaciones del tipo &#8220;Es más peligroso que en <strong>Afganistán</strong> u otros países que están en guerra&#8221;, como si la <strong>guerra contra el narcotráfico</strong> emprendida por <strong>Felipe Calderón</strong>, los conflictos sociales por derechos fundamentales, o el enfrentamiento con empresas transnacionales por territorios, no contarán como conflictos armados.<br />
A dos años de que iniciara el sexenio de <strong>Enrique Peña Nieto</strong>, quien dio por concluída la etapa de la mencionada guerra, las <strong>agresiones contra periodistas</strong> han aumentado seriamente, y no sólo eso, sino que han entrado en una opacidad más profunda.<br />
El pasado viernes, la organización <strong>Periodistas en riesgo</strong> publicó un análisis de los casos documentados de agresiones contra periodistas. Las cifras son terroríficas:<br />
209 agresiones reportadas ante las autoridades<br />
143 agresiones físicas<br />
43 golpizas por parte de policías<br />
27 detenciones arbitrarias<br />
17 golpizas por parte de manifestantes<br />
13 homicidios<br />
13 secuestros<br />
46 agresiones psicológicas<br />
6 agresiones legales<br />
En el informe destaca que las agresiones son perpetradas, en su mayoría, por miembros del <strong>crimen organizado</strong>, pero también por parte de <strong>policías</strong> y <strong>autoridades locales</strong>. Igualmente, es relevante que las autoridades no sólo realizan los ataques, sino que su reacción ante las denuncias de agresiones suelen ser tardías y omisas.<br />
Para muestra, y como bienvenida a este <strong>2015</strong>, cabe mencionar el caso del periodista <strong>Moisés Sánchez</strong>, cuyo cuerpo fue recientemente encontrado. El hallazgo surge después de una denuncia pública de la familia del periodista y de <strong>Artículo 19</strong>, en la que mencionaban que la investigación emprendida por la <strong>Procuraduría veracruzana</strong> era nula. Lo anterior aunado a las declaraciones de que la policía local no respondió a los llamados de auxilio al momento del secuestro de Sánchez, y a la desafortunada declaración del gobernador <strong>Javier Duarte</strong>, quien mencionó que no se estaba investigando el caso porque Moisés no era periodista, sino taxista.<br />
Acá les dejamos el mapa realizado por Periodistas en riesgo, pueden consultar el análisis completo <a href="http://online.pubhtml5.com/awos/wqvg/#p=2">aquí</a>.<br />
<a href="http://nofm-radio.com/wp-content/uploads/2015/01/Mapadestacado.png" class="no-eff img-link lightbox" ><img loading="lazy" decoding="async" src="http://nofm-radio.com/wp-content/uploads/2015/01/Mapadestacado.png" alt="Mapadestacado" width="600" height="287" class="alignnone size-full wp-image-8850" /></a></p>
