{"id":8870,"date":"2015-01-27T11:00:14","date_gmt":"2015-01-27T17:00:14","guid":{"rendered":"http:\/\/nofm-radio.com\/?p=8870"},"modified":"2015-01-27T11:00:14","modified_gmt":"2015-01-27T17:00:14","slug":"una-flor-a-la-flor-de-bibi-gaytan","status":"publish","type":"archivo","link":"https:\/\/nofm-radio.com\/?archivo=una-flor-a-la-flor-de-bibi-gaytan","title":{"rendered":"Una flor a la flor de Bibi Gayt\u00e1n"},"content":{"rendered":"<p>Por Benjam\u00edn E. Morales (cuando era ni\u00f1o)<br \/>\n@tuministro<br \/>\nComo cualquier texto que implique cierta entrega personal, esta nota va firmada. Pero si busc\u00e1ramos la correcci\u00f3n, no lo est\u00e1, o de una manera lejana. Esta nota la escribe el que fui, y si <strong>Antoine de Saint-Exup\u00e9ry<\/strong> le dedic\u00f3 su famoso libro al amigo que fue cuando era un ni\u00f1o, me doy la libertad de imprimirle a estas letras una ligera mancha de inocencia, pues estas son las palabras del que fui cuando ni\u00f1o.<br \/>\n<a href=\"http:\/\/nofm-radio.com\/wp-content\/uploads\/2015\/01\/littleben.jpg\" class=\"no-eff img-link lightbox\" ><img loading=\"lazy\" decoding=\"async\" src=\"http:\/\/nofm-radio.com\/wp-content\/uploads\/2015\/01\/littleben.jpg\" alt=\"littleben\" width=\"200\" height=\"200\" class=\"alignnone size-full wp-image-8871\" \/><\/a><br \/>\nAh\u00ed estoy, lleno de optimismo. Y con muchas ganas de aprender. O ense\u00f1ar, aparentemente, sobre el burro. Un animal de bello car\u00e1cter y pocas miras. Mi madre debe conservar esa cartulina, como ha de conservar cada una de esas peque\u00f1itas muestras de capacidad cerebral. Cosa de madre. Sin embargo, ese peque\u00f1\u00edn, a parte de una vocaci\u00f3n pedag\u00f3gica notable, tiene un secreto. Y lo llamo secreto ahora, porque los secretos no son tales hasta que se ha perdido toda inocencia, pero as\u00ed lo nombro por razones pr\u00e1cticas. Y el secreto, que no lo es tanto, pero lo es, resulta de una relevancia notable. Este ni\u00f1o est\u00e1 enamorado, o eso piensa. \u00bfY de qui\u00e9n? Pues muy sencillo. De ella:<br \/>\n<a href=\"http:\/\/nofm-radio.com\/wp-content\/uploads\/2015\/01\/bibi.jpeg\" class=\"no-eff img-link lightbox\" ><img loading=\"lazy\" decoding=\"async\" src=\"http:\/\/nofm-radio.com\/wp-content\/uploads\/2015\/01\/bibi.jpeg\" alt=\"bibi\" width=\"1136\" height=\"1678\" class=\"alignnone size-full wp-image-8873\" \/><\/a><br \/>\n<strong>Bibi Gayt\u00e1n<\/strong> o <strong>Silvia Viviana Gayt\u00e1n Barrag\u00e1n<\/strong>, nacida un maravilloso <strong>27 de enero de 1972<\/strong> en <strong>Tapachula<\/strong>, <strong>Chiapas<\/strong>. Cantante, actriz, esposa y madre, pero ante todo, la ra\u00edz de todos los problemas que vendr\u00edan para el ni\u00f1o que ama a los burros.<br \/>\n<a href=\"http:\/\/nofm-radio.com\/wp-content\/uploads\/2015\/01\/bibi1.jpg\" class=\"no-eff img-link lightbox\" ><img loading=\"lazy\" decoding=\"async\" src=\"http:\/\/nofm-radio.com\/wp-content\/uploads\/2015\/01\/bibi1.jpg\" alt=\"bibi1\" width=\"585\" height=\"889\" class=\"alignnone size-full wp-image-8875\" \/><\/a><br \/>\nParte en alg\u00fan momento de <strong>Timbiriche<\/strong>, despu\u00e9s de <strong>Mu\u00f1ecos de Papel<\/strong>, para saltar a una carrera solista fr\u00e1gil a la par de un mete\u00f3rica ascenso como actriz de telenovela truncado por el matrimonio, los hijos y, si nos queremos ver misteriosos, el silencio, apenas interrumpido de vez en cuando. <strong>Bibi Gaytan<\/strong>, lo s\u00e9 de facto, fue el arquetipo de mujer para toda una generaci\u00f3n.<br \/>\nNo necesitaba estar al frente.<br \/>\n<iframe loading=\"lazy\" title=\"Timbiriche \/ Princesa Tibetana (Bibi Gaytan)\" width=\"640\" height=\"480\" src=\"https:\/\/www.youtube.com\/embed\/9qBrZKB0ymE?feature=oembed\" frameborder=\"0\" allow=\"accelerometer; autoplay; clipboard-write; encrypted-media; gyroscope; picture-in-picture; web-share\" referrerpolicy=\"strict-origin-when-cross-origin\" allowfullscreen><\/iframe><br \/>\nNo necesitaba cantar bien.<br \/>\n<iframe loading=\"lazy\" title=\"&quot;TAN SOLO UNA MUJER&quot;  ( Bibi Gayt\u00e1n ) MU\u00d1ECOS DE PAPEL - ALCANZAR UNA ESTRELLA II\" width=\"640\" height=\"480\" src=\"https:\/\/www.youtube.com\/embed\/Oh9auh7dMqA?feature=oembed\" frameborder=\"0\" allow=\"accelerometer; autoplay; clipboard-write; encrypted-media; gyroscope; picture-in-picture; web-share\" referrerpolicy=\"strict-origin-when-cross-origin\" allowfullscreen><\/iframe><br \/>\nNo necesitaba actuar.<br \/>\n<iframe loading=\"lazy\" title=\"DOS MUJERES UN CAMINO:  ESCENAS DE TELENOVELA: BIBI GAYTAN\" width=\"640\" height=\"480\" src=\"https:\/\/www.youtube.com\/embed\/rwtP7hC9i28?feature=oembed\" frameborder=\"0\" allow=\"accelerometer; autoplay; clipboard-write; encrypted-media; gyroscope; picture-in-picture; web-share\" referrerpolicy=\"strict-origin-when-cross-origin\" allowfullscreen><\/iframe><br \/>\nComo <strong>el Gran Ca\u00f1\u00f3n<\/strong> o <strong>las Cataratas de Iguaz\u00fa<\/strong>, <strong>Bibi<\/strong> no necesitaba nada, simplemente existir. Y el peque\u00f1o Benjam\u00edn lo supo en el primer instante en que la vio. Y aqu\u00ed es donde la cosa se pone rara, y uno comienza a pensar que los ni\u00f1os no son tan bonitos como la mayor\u00eda piensa, pues mi primer encuentro con <strong>Bibi<\/strong>, el definitivo, lleva el signo de la violaci\u00f3n. As\u00ed es. Fue una tarde en casa de una t\u00eda, viendo la televisi\u00f3n, en particular una <strong>telenovela<\/strong>, que no se si recuerdan o conocen, pero que me es fundamental: <strong>Baila Conmigo<\/strong>.<br \/>\n<iframe loading=\"lazy\" title=\"Entrada Baila Conmigo (Bibi Gaytan)\" width=\"640\" height=\"480\" src=\"https:\/\/www.youtube.com\/embed\/WsZ_2yNJ-LA?feature=oembed\" frameborder=\"0\" allow=\"accelerometer; autoplay; clipboard-write; encrypted-media; gyroscope; picture-in-picture; web-share\" referrerpolicy=\"strict-origin-when-cross-origin\" allowfullscreen><\/iframe><br \/>\nEste extra\u00f1o drama rockanrollero ubicado en el <strong>M\u00e9xico<\/strong> de los cincuentas, ten\u00eda por protagonistas a la mujer referida y a <strong>Eduardo Capetillo<\/strong>, pronto a ser su esposo y carcelero, y en el mismo, la se\u00f1orita <strong>Gayt\u00e1n<\/strong> sufr\u00eda del abuso sexual al que la somet\u00eda un bandolero cuyo nombre no recuerdo pero que, esto s\u00ed lo recuerdo bien, muere de manera horrenda y bien merecida en un incendio (o eso creo, \u00bfsobrevivi\u00f3 para la vengaza? Alguien tendr\u00e1 que decirme). En fin, el peque\u00f1o Benjam\u00edn vio la escena y no comprendi\u00f3 nada. \u00bfPor qu\u00e9 alguien lastimar\u00eda a esa muchacha tan bella? Y aqu\u00ed la cosa: \u00bfpor qu\u00e9 le robar\u00edan su flor? Y es que, perversamente, el director de dicho drama decidi\u00f3 que, tras el crimen, <strong>Bibi<\/strong> corriera por un descampado con la ropa hecha girones gritando: me quit\u00f3 mi flor.<br \/>\n<a href=\"http:\/\/nofm-radio.com\/wp-content\/uploads\/2015\/01\/bibi111.jpg\" class=\"no-eff img-link lightbox\" ><img loading=\"lazy\" decoding=\"async\" src=\"http:\/\/nofm-radio.com\/wp-content\/uploads\/2015\/01\/bibi111.jpg\" alt=\"bibi11\" width=\"730\" height=\"590\" class=\"alignnone size-full wp-image-8878\" \/><\/a><br \/>\n\u00bfQu\u00e9 flor? \u00bfD\u00f3nde la guardaba? \u00bfPor qu\u00e9 no pod\u00eda recuperarla? \u00bfLa conocer\u00edamos en alg\u00fam momento? \u00bfPor qu\u00e9 a <strong>Bibi<\/strong>? \u00bf\u00bfPor qu\u00e9?? Esas eran preguntas que me asaltaban de manera pesadillesca en mis albores infantiles. Y la am\u00e9 m\u00e1s por eso. Ahora que hab\u00eda perdido su flor, tal vez yo pudiera encontrarla y guardarla para ella, como en <strong>El Principito<\/strong>, \u00bfrecuerdan? La flor de <strong>Bibi Gaytan<\/strong> en una peque\u00f1a urna de cristal, y yo su eterno guardia. Esta idea me obsesion\u00f3 durante a\u00f1os. Hasta que me enter\u00e9 de qu\u00e9 se trataba eso de la flor, y mi flor perdi\u00f3 el \u00faltimo de sus p\u00e9talos. A partir de ese punto todo es cuesta abajo.<br \/>\n<a href=\"http:\/\/nofm-radio.com\/wp-content\/uploads\/2015\/01\/bibi1111.jpg\" class=\"no-eff img-link lightbox\" ><img loading=\"lazy\" decoding=\"async\" src=\"http:\/\/nofm-radio.com\/wp-content\/uploads\/2015\/01\/bibi1111.jpg\" alt=\"bibi1111\" width=\"563\" height=\"792\" class=\"alignnone size-full wp-image-8879\" \/><\/a><br \/>\nPero, a pesar de los retorcidos caminos de la sexualidad, de <strong>Bibi<\/strong> conservo ese primer amor, no puedo evitarlo, y se extiende a su vida y sus modos raros del ahora (incluso amo a <strong>Capetillo<\/strong>). No es que la siga, ni que me haya convertido en un violador para tratar de repetir ese primer impulso. No. Todo lo contrario. Tal vez, por ella, a\u00fan tengo un poco de lo que fui. Tan s\u00f3lo vislumbrar que quise conservar su flor, me hace un poquito m\u00e1s fragil, y eso se tiene que agradecer. Incluso, al pensarlo me convierto en eso que so\u00f1\u00e9. De alguna manera encontr\u00e9 la flor de <strong>Bibi<\/strong> y la riego y mantengo fresca en la medida de mis posibilidades. Como en cualquier gran amor, la imaginaci\u00f3n es lo que cuenta.<br \/>\n<a href=\"http:\/\/nofm-radio.com\/wp-content\/uploads\/2015\/01\/bibi122.jpg\" class=\"no-eff img-link lightbox\" ><img loading=\"lazy\" decoding=\"async\" src=\"http:\/\/nofm-radio.com\/wp-content\/uploads\/2015\/01\/bibi122.jpg\" alt=\"bibi122\" width=\"404\" height=\"585\" class=\"alignnone size-full wp-image-8882\" \/><\/a><br \/>\nAs\u00ed que estas palabras son del ni\u00f1o que fui para <strong>Bibi Gayt\u00e1n<\/strong>. Y s\u00e9 que si \u00e9l le pudiera decir algo ser\u00eda: Bibi, ya no llores, yo cuido tu flor.<\/p>\n","protected":false},"template":"","meta":{"_id_youtube":"","_id_vimeo":"","_podcasts_duration":"","_podcasts_url":"","_podcasts_show":"","_prog_horario_dias":"","_prog_hora":"","_prog_duration":""},"class_list":["post-8870","archivo","type-archivo","status-publish","hentry"],"_links":{"self":[{"href":"https:\/\/nofm-radio.com\/index.php?rest_route=\/wp\/v2\/archivo\/8870","targetHints":{"allow":["GET"]}}],"collection":[{"href":"https:\/\/nofm-radio.com\/index.php?rest_route=\/wp\/v2\/archivo"}],"about":[{"href":"https:\/\/nofm-radio.com\/index.php?rest_route=\/wp\/v2\/types\/archivo"}],"wp:attachment":[{"href":"https:\/\/nofm-radio.com\/index.php?rest_route=%2Fwp%2Fv2%2Fmedia&parent=8870"}],"curies":[{"name":"wp","href":"https:\/\/api.w.org\/{rel}","templated":true}]}}

Una flor a la flor de Bibi Gaytán

<p>Por Benjamín E. Morales (cuando era niño)<br />
@tuministro<br />
Como cualquier texto que implique cierta entrega personal, esta nota va firmada. Pero si buscáramos la corrección, no lo está, o de una manera lejana. Esta nota la escribe el que fui, y si <strong>Antoine de Saint-Exupéry</strong> le dedicó su famoso libro al amigo que fue cuando era un niño, me doy la libertad de imprimirle a estas letras una ligera mancha de inocencia, pues estas son las palabras del que fui cuando niño.<br />
<a href="http://nofm-radio.com/wp-content/uploads/2015/01/littleben.jpg" class="no-eff img-link lightbox" ><img loading="lazy" decoding="async" src="http://nofm-radio.com/wp-content/uploads/2015/01/littleben.jpg" alt="littleben" width="200" height="200" class="alignnone size-full wp-image-8871" /></a><br />
Ahí estoy, lleno de optimismo. Y con muchas ganas de aprender. O enseñar, aparentemente, sobre el burro. Un animal de bello carácter y pocas miras. Mi madre debe conservar esa cartulina, como ha de conservar cada una de esas pequeñitas muestras de capacidad cerebral. Cosa de madre. Sin embargo, ese pequeñín, a parte de una vocación pedagógica notable, tiene un secreto. Y lo llamo secreto ahora, porque los secretos no son tales hasta que se ha perdido toda inocencia, pero así lo nombro por razones prácticas. Y el secreto, que no lo es tanto, pero lo es, resulta de una relevancia notable. Este niño está enamorado, o eso piensa. ¿Y de quién? Pues muy sencillo. De ella:<br />
<a href="http://nofm-radio.com/wp-content/uploads/2015/01/bibi.jpeg" class="no-eff img-link lightbox" ><img loading="lazy" decoding="async" src="http://nofm-radio.com/wp-content/uploads/2015/01/bibi.jpeg" alt="bibi" width="1136" height="1678" class="alignnone size-full wp-image-8873" /></a><br />
<strong>Bibi Gaytán</strong> o <strong>Silvia Viviana Gaytán Barragán</strong>, nacida un maravilloso <strong>27 de enero de 1972</strong> en <strong>Tapachula</strong>, <strong>Chiapas</strong>. Cantante, actriz, esposa y madre, pero ante todo, la raíz de todos los problemas que vendrían para el niño que ama a los burros.<br />
<a href="http://nofm-radio.com/wp-content/uploads/2015/01/bibi1.jpg" class="no-eff img-link lightbox" ><img loading="lazy" decoding="async" src="http://nofm-radio.com/wp-content/uploads/2015/01/bibi1.jpg" alt="bibi1" width="585" height="889" class="alignnone size-full wp-image-8875" /></a><br />
Parte en algún momento de <strong>Timbiriche</strong>, después de <strong>Muñecos de Papel</strong>, para saltar a una carrera solista frágil a la par de un meteórica ascenso como actriz de telenovela truncado por el matrimonio, los hijos y, si nos queremos ver misteriosos, el silencio, apenas interrumpido de vez en cuando. <strong>Bibi Gaytan</strong>, lo sé de facto, fue el arquetipo de mujer para toda una generación.<br />
No necesitaba estar al frente.<br />
<iframe loading="lazy" title="Timbiriche / Princesa Tibetana (Bibi Gaytan)" width="640" height="480" src="https://www.youtube.com/embed/9qBrZKB0ymE?feature=oembed" frameborder="0" allow="accelerometer; autoplay; clipboard-write; encrypted-media; gyroscope; picture-in-picture; web-share" referrerpolicy="strict-origin-when-cross-origin" allowfullscreen></iframe><br />
No necesitaba cantar bien.<br />
<iframe loading="lazy" title="&quot;TAN SOLO UNA MUJER&quot;  ( Bibi Gaytán ) MUÑECOS DE PAPEL - ALCANZAR UNA ESTRELLA II" width="640" height="480" src="https://www.youtube.com/embed/Oh9auh7dMqA?feature=oembed" frameborder="0" allow="accelerometer; autoplay; clipboard-write; encrypted-media; gyroscope; picture-in-picture; web-share" referrerpolicy="strict-origin-when-cross-origin" allowfullscreen></iframe><br />
No necesitaba actuar.<br />
<iframe loading="lazy" title="DOS MUJERES UN CAMINO:  ESCENAS DE TELENOVELA: BIBI GAYTAN" width="640" height="480" src="https://www.youtube.com/embed/rwtP7hC9i28?feature=oembed" frameborder="0" allow="accelerometer; autoplay; clipboard-write; encrypted-media; gyroscope; picture-in-picture; web-share" referrerpolicy="strict-origin-when-cross-origin" allowfullscreen></iframe><br />
Como <strong>el Gran Cañón</strong> o <strong>las Cataratas de Iguazú</strong>, <strong>Bibi</strong> no necesitaba nada, simplemente existir. Y el pequeño Benjamín lo supo en el primer instante en que la vio. Y aquí es donde la cosa se pone rara, y uno comienza a pensar que los niños no son tan bonitos como la mayoría piensa, pues mi primer encuentro con <strong>Bibi</strong>, el definitivo, lleva el signo de la violación. Así es. Fue una tarde en casa de una tía, viendo la televisión, en particular una <strong>telenovela</strong>, que no se si recuerdan o conocen, pero que me es fundamental: <strong>Baila Conmigo</strong>.<br />
<iframe loading="lazy" title="Entrada Baila Conmigo (Bibi Gaytan)" width="640" height="480" src="https://www.youtube.com/embed/WsZ_2yNJ-LA?feature=oembed" frameborder="0" allow="accelerometer; autoplay; clipboard-write; encrypted-media; gyroscope; picture-in-picture; web-share" referrerpolicy="strict-origin-when-cross-origin" allowfullscreen></iframe><br />
Este extraño drama rockanrollero ubicado en el <strong>México</strong> de los cincuentas, tenía por protagonistas a la mujer referida y a <strong>Eduardo Capetillo</strong>, pronto a ser su esposo y carcelero, y en el mismo, la señorita <strong>Gaytán</strong> sufría del abuso sexual al que la sometía un bandolero cuyo nombre no recuerdo pero que, esto sí lo recuerdo bien, muere de manera horrenda y bien merecida en un incendio (o eso creo, ¿sobrevivió para la vengaza? Alguien tendrá que decirme). En fin, el pequeño Benjamín vio la escena y no comprendió nada. ¿Por qué alguien lastimaría a esa muchacha tan bella? Y aquí la cosa: ¿por qué le robarían su flor? Y es que, perversamente, el director de dicho drama decidió que, tras el crimen, <strong>Bibi</strong> corriera por un descampado con la ropa hecha girones gritando: me quitó mi flor.<br />
<a href="http://nofm-radio.com/wp-content/uploads/2015/01/bibi111.jpg" class="no-eff img-link lightbox" ><img loading="lazy" decoding="async" src="http://nofm-radio.com/wp-content/uploads/2015/01/bibi111.jpg" alt="bibi11" width="730" height="590" class="alignnone size-full wp-image-8878" /></a><br />
¿Qué flor? ¿Dónde la guardaba? ¿Por qué no podía recuperarla? ¿La conoceríamos en algúm momento? ¿Por qué a <strong>Bibi</strong>? ¿¿Por qué?? Esas eran preguntas que me asaltaban de manera pesadillesca en mis albores infantiles. Y la amé más por eso. Ahora que había perdido su flor, tal vez yo pudiera encontrarla y guardarla para ella, como en <strong>El Principito</strong>, ¿recuerdan? La flor de <strong>Bibi Gaytan</strong> en una pequeña urna de cristal, y yo su eterno guardia. Esta idea me obsesionó durante años. Hasta que me enteré de qué se trataba eso de la flor, y mi flor perdió el último de sus pétalos. A partir de ese punto todo es cuesta abajo.<br />
<a href="http://nofm-radio.com/wp-content/uploads/2015/01/bibi1111.jpg" class="no-eff img-link lightbox" ><img loading="lazy" decoding="async" src="http://nofm-radio.com/wp-content/uploads/2015/01/bibi1111.jpg" alt="bibi1111" width="563" height="792" class="alignnone size-full wp-image-8879" /></a><br />
Pero, a pesar de los retorcidos caminos de la sexualidad, de <strong>Bibi</strong> conservo ese primer amor, no puedo evitarlo, y se extiende a su vida y sus modos raros del ahora (incluso amo a <strong>Capetillo</strong>). No es que la siga, ni que me haya convertido en un violador para tratar de repetir ese primer impulso. No. Todo lo contrario. Tal vez, por ella, aún tengo un poco de lo que fui. Tan sólo vislumbrar que quise conservar su flor, me hace un poquito más fragil, y eso se tiene que agradecer. Incluso, al pensarlo me convierto en eso que soñé. De alguna manera encontré la flor de <strong>Bibi</strong> y la riego y mantengo fresca en la medida de mis posibilidades. Como en cualquier gran amor, la imaginación es lo que cuenta.<br />
<a href="http://nofm-radio.com/wp-content/uploads/2015/01/bibi122.jpg" class="no-eff img-link lightbox" ><img loading="lazy" decoding="async" src="http://nofm-radio.com/wp-content/uploads/2015/01/bibi122.jpg" alt="bibi122" width="404" height="585" class="alignnone size-full wp-image-8882" /></a><br />
Así que estas palabras son del niño que fui para <strong>Bibi Gaytán</strong>. Y sé que si él le pudiera decir algo sería: Bibi, ya no llores, yo cuido tu flor.</p>
