{"id":8916,"date":"2015-01-28T13:53:03","date_gmt":"2015-01-28T19:53:03","guid":{"rendered":"http:\/\/nofm-radio.com\/?p=8916"},"modified":"2015-01-28T13:53:03","modified_gmt":"2015-01-28T19:53:03","slug":"articulo-19-en-defensa-de-las-voces-silenciadas","status":"publish","type":"archivo","link":"https:\/\/nofm-radio.com\/?archivo=articulo-19-en-defensa-de-las-voces-silenciadas","title":{"rendered":"Art\u00edculo 19: En defensa de las voces silenciadas"},"content":{"rendered":"<p>Acoso, agresiones f\u00edsicas y psicol\u00f3gicas, ataques cibern\u00e9ticos y telef\u00f3nicos, secuestros y homicidios, son algunas de las acciones que los periodistas sufren d\u00eda a d\u00eda. Hace unos d\u00edas, le pasamos el <strong><a href=\"http:\/\/nofm-radio.com\/2015\/01\/asi-son-atacados-los-periodistas-en-mexico\/\">mapa de agresiones<\/a><\/strong> a los comunicadores de nuestro pa\u00eds, que resulta ser el m\u00e1s peligroso del mundo para ejercer la profesi\u00f3n.<br \/>\nPero, sin minimizar las consecuencias de las acciones mencionadas, quiz\u00e1 la agresi\u00f3n m\u00e1s fuerte que vive un periodista es la <strong>censura<\/strong>. La <strong>libertad de expresi\u00f3n<\/strong> y la <strong>libertad de prensa<\/strong> son los principios fundamentales de la periodismo, y \u00e9stos a su vez se sostienen en el art\u00edculo 19 de la <strong>Declaraci\u00f3n Universal de los Derechos Humanos<\/strong>:<br \/>\n\u201cToda persona tiene derecho a la libertad de opini\u00f3n y de expresi\u00f3n, este derecho incluye la libertad de sostener opiniones sin interferencia y buscar, recibir y difundir informaciones e ideas por cualquier medio y sin consideraci\u00f3n de fronteras\u201d.<br \/>\nDe este art\u00edculo toma su nombre la organizaci\u00f3n internacional <strong>Article 19<\/strong>, que se encarga de defender y proteger no s\u00f3lo el derecho a la libre expresi\u00f3n, tambi\u00e9n la pluralidad de opiniones y el periodismo independiente. En nuestro pa\u00eds, Article 19 tiene las oficinas encargadas para la zona de <strong>M\u00e9xico y Centroam\u00e9rica<\/strong>, la m\u00e1s problem\u00e1tica para el gremio.<br \/>\nDentro de las acciones que la asociaci\u00f3n realiza est\u00e1 la denuncia, documentaci\u00f3n, defensa, acompa\u00f1amiento y asesor\u00eda legal en caso de <strong>agresi\u00f3n a periodistas<\/strong>. Lo anterior ha causado que su oficina sea v\u00edctima de acoso y ataques por parte de autoridades y crimen organizado. Art\u00edcle 19 M\u00e9xico tiene un equipo conformado por periodistas, abogados, administradores p\u00fablicos, especialistas en <strong>Derechos Humanos<\/strong> y en Relaciones Internacionales.<br \/>\nEste viernes 30, en nuestro programa especial sobre Libertad de expresi\u00f3n, nos acompa\u00f1ar\u00e1 <strong>Ricardo Gonz\u00e1lez<\/strong>, encargado del Programa Global de Protecci\u00f3n en ARTICLE 19, quien hablar\u00e1 del caso <strong>Charlie Hebd\u00f3<\/strong>, pero tambi\u00e9n de las repercusiones de \u00e9ste y otros casos en la forma en que se ejerce el periodismo en un pa\u00eds como el nuestro.<br \/>\nLes dejamos algunos videos que muestras el trabajo de Art\u00edculo 19. No dejen de escuchar el <strong>Programa especial \u00bfQu\u00e9 es la libertad de expresi\u00f3n?<\/strong> el viernes 30 de enero, de 12 a 15 horas.<br \/>\n<iframe loading=\"lazy\" src=\"\/\/player.vimeo.com\/video\/104947195\" width=\"500\" height=\"379\" frameborder=\"0\" webkitallowfullscreen mozallowfullscreen allowfullscreen><\/iframe><br \/>\n<iframe loading=\"lazy\" src=\"\/\/player.vimeo.com\/video\/104952943\" width=\"500\" height=\"379\" frameborder=\"0\" webkitallowfullscreen mozallowfullscreen allowfullscreen><\/iframe><br \/>\n<iframe loading=\"lazy\" src=\"\/\/player.vimeo.com\/video\/104944756\" width=\"500\" height=\"379\" frameborder=\"0\" webkitallowfullscreen mozallowfullscreen allowfullscreen><\/iframe><\/p>\n","protected":false},"template":"","meta":{"_id_youtube":"","_id_vimeo":"","_podcasts_duration":"","_podcasts_url":"","_podcasts_show":"","_prog_horario_dias":"","_prog_hora":"","_prog_duration":""},"class_list":["post-8916","archivo","type-archivo","status-publish","hentry"],"_links":{"self":[{"href":"https:\/\/nofm-radio.com\/index.php?rest_route=\/wp\/v2\/archivo\/8916","targetHints":{"allow":["GET"]}}],"collection":[{"href":"https:\/\/nofm-radio.com\/index.php?rest_route=\/wp\/v2\/archivo"}],"about":[{"href":"https:\/\/nofm-radio.com\/index.php?rest_route=\/wp\/v2\/types\/archivo"}],"wp:attachment":[{"href":"https:\/\/nofm-radio.com\/index.php?rest_route=%2Fwp%2Fv2%2Fmedia&parent=8916"}],"curies":[{"name":"wp","href":"https:\/\/api.w.org\/{rel}","templated":true}]}}

Artículo 19: En defensa de las voces silenciadas

<p>Acoso, agresiones físicas y psicológicas, ataques cibernéticos y telefónicos, secuestros y homicidios, son algunas de las acciones que los periodistas sufren día a día. Hace unos días, le pasamos el <strong><a href="http://nofm-radio.com/2015/01/asi-son-atacados-los-periodistas-en-mexico/">mapa de agresiones</a></strong> a los comunicadores de nuestro país, que resulta ser el más peligroso del mundo para ejercer la profesión.<br />
Pero, sin minimizar las consecuencias de las acciones mencionadas, quizá la agresión más fuerte que vive un periodista es la <strong>censura</strong>. La <strong>libertad de expresión</strong> y la <strong>libertad de prensa</strong> son los principios fundamentales de la periodismo, y éstos a su vez se sostienen en el artículo 19 de la <strong>Declaración Universal de los Derechos Humanos</strong>:<br />
“Toda persona tiene derecho a la libertad de opinión y de expresión, este derecho incluye la libertad de sostener opiniones sin interferencia y buscar, recibir y difundir informaciones e ideas por cualquier medio y sin consideración de fronteras”.<br />
De este artículo toma su nombre la organización internacional <strong>Article 19</strong>, que se encarga de defender y proteger no sólo el derecho a la libre expresión, también la pluralidad de opiniones y el periodismo independiente. En nuestro país, Article 19 tiene las oficinas encargadas para la zona de <strong>México y Centroamérica</strong>, la más problemática para el gremio.<br />
Dentro de las acciones que la asociación realiza está la denuncia, documentación, defensa, acompañamiento y asesoría legal en caso de <strong>agresión a periodistas</strong>. Lo anterior ha causado que su oficina sea víctima de acoso y ataques por parte de autoridades y crimen organizado. Artícle 19 México tiene un equipo conformado por periodistas, abogados, administradores públicos, especialistas en <strong>Derechos Humanos</strong> y en Relaciones Internacionales.<br />
Este viernes 30, en nuestro programa especial sobre Libertad de expresión, nos acompañará <strong>Ricardo González</strong>, encargado del Programa Global de Protección en ARTICLE 19, quien hablará del caso <strong>Charlie Hebdó</strong>, pero también de las repercusiones de éste y otros casos en la forma en que se ejerce el periodismo en un país como el nuestro.<br />
Les dejamos algunos videos que muestras el trabajo de Artículo 19. No dejen de escuchar el <strong>Programa especial ¿Qué es la libertad de expresión?</strong> el viernes 30 de enero, de 12 a 15 horas.<br />
<iframe loading="lazy" src="//player.vimeo.com/video/104947195" width="500" height="379" frameborder="0" webkitallowfullscreen mozallowfullscreen allowfullscreen></iframe><br />
<iframe loading="lazy" src="//player.vimeo.com/video/104952943" width="500" height="379" frameborder="0" webkitallowfullscreen mozallowfullscreen allowfullscreen></iframe><br />
<iframe loading="lazy" src="//player.vimeo.com/video/104944756" width="500" height="379" frameborder="0" webkitallowfullscreen mozallowfullscreen allowfullscreen></iframe></p>
