{"id":8952,"date":"2015-01-30T12:19:19","date_gmt":"2015-01-30T18:19:19","guid":{"rendered":"http:\/\/nofm-radio.com\/?p=8952"},"modified":"2015-01-30T12:19:19","modified_gmt":"2015-01-30T18:19:19","slug":"de-donde-surge-la-libertad-de-expresion","status":"publish","type":"archivo","link":"https:\/\/nofm-radio.com\/?archivo=de-donde-surge-la-libertad-de-expresion","title":{"rendered":"\u00bfDe d\u00f3nde surge la Libertad de Expresi\u00f3n?"},"content":{"rendered":"<p>Despu\u00e9s del terror de los monarcas absolutos, el esquema de una versi\u00f3n \u00fanica se desgast\u00f3 tan r\u00e1pido como las coronas y los t\u00edtulos nobiliarios.<br \/>\nLa <strong>Revoluci\u00f3n Industrial<\/strong> y la <strong>democracia<\/strong>, dependientes una de la otra, encontraron en las libertades del individuo el sustento ideol\u00f3gico adecuado para imponer un nuevo orden: ahora el ciudadano podr\u00eda poner cara al poder y mostrar, utilizando herramientas legales y leg\u00edtimas, su forma de pensar.<br \/>\nNacieron as\u00ed los derechos b\u00e1sicos del ciudadano que tanto cost\u00f3 conseguir. La libertad no se otorga, se consigue, no se tiene, se practica.<br \/>\nLa <strong>libertad de expresi\u00f3n<\/strong> es un gesto indispensable de las <strong>sociedades democr\u00e1ticas<\/strong> y horizontales. Es quiz\u00e1 la sustancia de las sociedades democr\u00e1ticas.<br \/>\nLa libertad de expresi\u00f3n es la facultad que tenemos los ciudadanos para llevar discutir sobre el <strong>Asunto P\u00fablico<\/strong> y por la que se genera un contrapeso al poder -pol\u00edtico, econ\u00f3mico-, es decir, es nuestra herramienta para decir \u201cno, eso est\u00e1 mal\u201d<br \/>\nAl comienzo de la vida independiente de <strong>Estados Unidos<\/strong>, los ciudadanos entendieron que el pacto social se mantendr\u00eda de mejor manera al amparo de la transparencia y la <strong>Libertad<\/strong>. Por ello, la Primera Enmienda a la constituci\u00f3n estadounidense protege al individuo en sus derechos de expresi\u00f3n y credo, para garantizar la libre y absoluta participaci\u00f3n de todos en el la melod\u00eda coral de la sociedad.<br \/>\nLouis Brandeis (1856-141), juez de la Corte Suprema, lo apunt\u00f3 con eso reflexi\u00f3n que otorga el tiempo:<br \/>\n\u201cLos que conquistaron nuestra independencia cre\u00edan que la meta final del Estado era hacer hombres libres para desarrollar sus facultades, y que las fuerzas de la deliberaci\u00f3n prevalecer\u00edan sobre la arbitrariedad de su gobierno\u201d<br \/>\nJusto eso, la Libertad de Expresi\u00f3n consagra los derechos de libertad de informaci\u00f3n, de prensa, de credo, es una libertad que junta a otras; adem\u00e1s es sustancia inalienable de nuestra esencia.<br \/>\nJohn Emerson, auna en el tema y a\u00f1ade las libertades de reuni\u00f3n y asociaci\u00f3n como coronarios indispensables de la libertad de expresi\u00f3n.<br \/>\nLos estados totalitarios o en los que el poder econ\u00f3mico ejerce una mordaza contra su <strong>prensa<\/strong> y <strong>ciudadanos<\/strong>, atentan contra los derechos m\u00e1s b\u00e1sicos del individuo. El derecho a decir, gritar, quejarse, discernir, develar, se\u00f1alar, disentir, es materia fundamental del <strong>mundo democr\u00e1tico<\/strong>, de una sociedad m\u00e1s justa y libre. Hacer lo contrario es limitar el desarrollo b\u00e1sico de las personas.<br \/>\nA pesar de los terribles deslices como el <strong>Macartismo<\/strong> en los a\u00f1os cincuenta del siglo pasado, la constituci\u00f3n estadunidense sirvi\u00f3 como ejemplo para otros pa\u00edses. Cierra el juez Brandeis sobres los redactores de la primera enmienda: valoraron la libertad como fin y medio. Creyeron que la libertad era el secreto de la felicidad, y el valor, el secreto de la libertad.<\/p>\n","protected":false},"template":"","meta":{"_id_youtube":"","_id_vimeo":"","_podcasts_duration":"","_podcasts_url":"","_podcasts_show":"","_prog_horario_dias":"","_prog_hora":"","_prog_duration":""},"class_list":["post-8952","archivo","type-archivo","status-publish","hentry"],"_links":{"self":[{"href":"https:\/\/nofm-radio.com\/index.php?rest_route=\/wp\/v2\/archivo\/8952","targetHints":{"allow":["GET"]}}],"collection":[{"href":"https:\/\/nofm-radio.com\/index.php?rest_route=\/wp\/v2\/archivo"}],"about":[{"href":"https:\/\/nofm-radio.com\/index.php?rest_route=\/wp\/v2\/types\/archivo"}],"wp:attachment":[{"href":"https:\/\/nofm-radio.com\/index.php?rest_route=%2Fwp%2Fv2%2Fmedia&parent=8952"}],"curies":[{"name":"wp","href":"https:\/\/api.w.org\/{rel}","templated":true}]}}

¿De dónde surge la Libertad de Expresión?

<p>Después del terror de los monarcas absolutos, el esquema de una versión única se desgastó tan rápido como las coronas y los títulos nobiliarios.<br />
La <strong>Revolución Industrial</strong> y la <strong>democracia</strong>, dependientes una de la otra, encontraron en las libertades del individuo el sustento ideológico adecuado para imponer un nuevo orden: ahora el ciudadano podría poner cara al poder y mostrar, utilizando herramientas legales y legítimas, su forma de pensar.<br />
Nacieron así los derechos básicos del ciudadano que tanto costó conseguir. La libertad no se otorga, se consigue, no se tiene, se practica.<br />
La <strong>libertad de expresión</strong> es un gesto indispensable de las <strong>sociedades democráticas</strong> y horizontales. Es quizá la sustancia de las sociedades democráticas.<br />
La libertad de expresión es la facultad que tenemos los ciudadanos para llevar discutir sobre el <strong>Asunto Público</strong> y por la que se genera un contrapeso al poder -político, económico-, es decir, es nuestra herramienta para decir “no, eso está mal”<br />
Al comienzo de la vida independiente de <strong>Estados Unidos</strong>, los ciudadanos entendieron que el pacto social se mantendría de mejor manera al amparo de la transparencia y la <strong>Libertad</strong>. Por ello, la Primera Enmienda a la constitución estadounidense protege al individuo en sus derechos de expresión y credo, para garantizar la libre y absoluta participación de todos en el la melodía coral de la sociedad.<br />
Louis Brandeis (1856-141), juez de la Corte Suprema, lo apuntó con eso reflexión que otorga el tiempo:<br />
“Los que conquistaron nuestra independencia creían que la meta final del Estado era hacer hombres libres para desarrollar sus facultades, y que las fuerzas de la deliberación prevalecerían sobre la arbitrariedad de su gobierno”<br />
Justo eso, la Libertad de Expresión consagra los derechos de libertad de información, de prensa, de credo, es una libertad que junta a otras; además es sustancia inalienable de nuestra esencia.<br />
John Emerson, auna en el tema y añade las libertades de reunión y asociación como coronarios indispensables de la libertad de expresión.<br />
Los estados totalitarios o en los que el poder económico ejerce una mordaza contra su <strong>prensa</strong> y <strong>ciudadanos</strong>, atentan contra los derechos más básicos del individuo. El derecho a decir, gritar, quejarse, discernir, develar, señalar, disentir, es materia fundamental del <strong>mundo democrático</strong>, de una sociedad más justa y libre. Hacer lo contrario es limitar el desarrollo básico de las personas.<br />
A pesar de los terribles deslices como el <strong>Macartismo</strong> en los años cincuenta del siglo pasado, la constitución estadunidense sirvió como ejemplo para otros países. Cierra el juez Brandeis sobres los redactores de la primera enmienda: valoraron la libertad como fin y medio. Creyeron que la libertad era el secreto de la felicidad, y el valor, el secreto de la libertad.</p>
