{"id":8970,"date":"2015-02-03T15:36:46","date_gmt":"2015-02-03T21:36:46","guid":{"rendered":"http:\/\/nofm-radio.com\/?p=8970"},"modified":"2015-02-03T15:36:46","modified_gmt":"2015-02-03T21:36:46","slug":"a-que-suenan-las-bandas-del-bahidora-terraincognita-parte-2","status":"publish","type":"archivo","link":"https:\/\/nofm-radio.com\/?archivo=a-que-suenan-las-bandas-del-bahidora-terraincognita-parte-2","title":{"rendered":"A qu\u00e9 suenan las bandas del Bahidor\u00e1 #TerraInc\u00f3gnita, parte 2"},"content":{"rendered":"<p>La semana pasada les pasamos la primera de esta serie de entregas sobre el sonido en vivo de las bandas que se presentar\u00e1n en el <strong>Bahidor\u00e1 2015<\/strong> <strong>#TerraInc\u00f3gnita<\/strong>. <a href=\"http:\/\/nofm-radio.com\/2015\/01\/a-que-suenan-las-bandas-del-bahidora-terra-incognita-parte-1\/\">Pueden checar aqu\u00ed la primera parte.<\/a><br \/>\nEl carnaval ya viene, as\u00ed que les pasamos la segunda parte. Grandes bandas, grandes rolas, grandes interpretaciones.<br \/>\n<strong>Slow Magic<\/strong><br \/>\n<iframe loading=\"lazy\" title=\"Slow Magic - Corvette Cassette - Audiotree Live\" width=\"640\" height=\"360\" src=\"https:\/\/www.youtube.com\/embed\/FjKiKVK1U6s?feature=oembed\" frameborder=\"0\" allow=\"accelerometer; autoplay; clipboard-write; encrypted-media; gyroscope; picture-in-picture; web-share\" referrerpolicy=\"strict-origin-when-cross-origin\" allowfullscreen><\/iframe><br \/>\n<strong>Adana Twins<\/strong><br \/>\n<iframe loading=\"lazy\" title=\"Adana Twins - Brazil Tour 2014\" width=\"640\" height=\"360\" src=\"https:\/\/www.youtube.com\/embed\/fm8Z4Hv-xN8?feature=oembed\" frameborder=\"0\" allow=\"accelerometer; autoplay; clipboard-write; encrypted-media; gyroscope; picture-in-picture; web-share\" referrerpolicy=\"strict-origin-when-cross-origin\" allowfullscreen><\/iframe><br \/>\n<strong>Osunlade<\/strong><br \/>\n<iframe loading=\"lazy\" title=\"OSUNLADE @ Mixmag Live with DEFECTED 2014\" width=\"640\" height=\"360\" src=\"https:\/\/www.youtube.com\/embed\/yL8RcKAFurM?feature=oembed\" frameborder=\"0\" allow=\"accelerometer; autoplay; clipboard-write; encrypted-media; gyroscope; picture-in-picture; web-share\" referrerpolicy=\"strict-origin-when-cross-origin\" allowfullscreen><\/iframe><br \/>\n<strong>Sal\u00f3n Acapulco<\/strong><br \/>\n<iframe loading=\"lazy\" title=\"Salon Acapulco @ Lounge 5J Las Arenas (Barcelona) 24-05-2013\" width=\"640\" height=\"480\" src=\"https:\/\/www.youtube.com\/embed\/HMOA-d772wE?feature=oembed\" frameborder=\"0\" allow=\"accelerometer; autoplay; clipboard-write; encrypted-media; gyroscope; picture-in-picture; web-share\" referrerpolicy=\"strict-origin-when-cross-origin\" allowfullscreen><\/iframe><br \/>\n<strong>Uproot Andy<\/strong><br \/>\n<iframe loading=\"lazy\" title=\"UPROOT ANDY &amp; LI SAUMET - Medellin 2012\" width=\"640\" height=\"360\" src=\"https:\/\/www.youtube.com\/embed\/YQOLDuwotv0?feature=oembed\" frameborder=\"0\" allow=\"accelerometer; autoplay; clipboard-write; encrypted-media; gyroscope; picture-in-picture; web-share\" referrerpolicy=\"strict-origin-when-cross-origin\" allowfullscreen><\/iframe><br \/>\n<strong>MC Melodee + Cookin Soul<\/strong><br \/>\nhttps:\/\/www.youtube.com\/watch?v=eyxx1bPUURk<br \/>\n<strong>La Yegros<\/strong><br \/>\n<iframe loading=\"lazy\" title=\"La Yegros - Viene de mi - Vivo en La Oreja Negra\" width=\"640\" height=\"360\" src=\"https:\/\/www.youtube.com\/embed\/eLx5-wiju1E?feature=oembed\" frameborder=\"0\" allow=\"accelerometer; autoplay; clipboard-write; encrypted-media; gyroscope; picture-in-picture; web-share\" referrerpolicy=\"strict-origin-when-cross-origin\" allowfullscreen><\/iframe><\/p>\n","protected":false},"template":"","meta":{"_id_youtube":"","_id_vimeo":"","_podcasts_duration":"","_podcasts_url":"","_podcasts_show":"","_prog_horario_dias":"","_prog_hora":"","_prog_duration":""},"class_list":["post-8970","archivo","type-archivo","status-publish","hentry"],"_links":{"self":[{"href":"https:\/\/nofm-radio.com\/index.php?rest_route=\/wp\/v2\/archivo\/8970","targetHints":{"allow":["GET"]}}],"collection":[{"href":"https:\/\/nofm-radio.com\/index.php?rest_route=\/wp\/v2\/archivo"}],"about":[{"href":"https:\/\/nofm-radio.com\/index.php?rest_route=\/wp\/v2\/types\/archivo"}],"wp:attachment":[{"href":"https:\/\/nofm-radio.com\/index.php?rest_route=%2Fwp%2Fv2%2Fmedia&parent=8970"}],"curies":[{"name":"wp","href":"https:\/\/api.w.org\/{rel}","templated":true}]}}

A qué suenan las bandas del Bahidorá #TerraIncógnita, parte 2

<p>La semana pasada les pasamos la primera de esta serie de entregas sobre el sonido en vivo de las bandas que se presentarán en el <strong>Bahidorá 2015</strong> <strong>#TerraIncógnita</strong>. <a href="http://nofm-radio.com/2015/01/a-que-suenan-las-bandas-del-bahidora-terra-incognita-parte-1/">Pueden checar aquí la primera parte.</a><br />
El carnaval ya viene, así que les pasamos la segunda parte. Grandes bandas, grandes rolas, grandes interpretaciones.<br />
<strong>Slow Magic</strong><br />
<iframe loading="lazy" title="Slow Magic - Corvette Cassette - Audiotree Live" width="640" height="360" src="https://www.youtube.com/embed/FjKiKVK1U6s?feature=oembed" frameborder="0" allow="accelerometer; autoplay; clipboard-write; encrypted-media; gyroscope; picture-in-picture; web-share" referrerpolicy="strict-origin-when-cross-origin" allowfullscreen></iframe><br />
<strong>Adana Twins</strong><br />
<iframe loading="lazy" title="Adana Twins - Brazil Tour 2014" width="640" height="360" src="https://www.youtube.com/embed/fm8Z4Hv-xN8?feature=oembed" frameborder="0" allow="accelerometer; autoplay; clipboard-write; encrypted-media; gyroscope; picture-in-picture; web-share" referrerpolicy="strict-origin-when-cross-origin" allowfullscreen></iframe><br />
<strong>Osunlade</strong><br />
<iframe loading="lazy" title="OSUNLADE @ Mixmag Live with DEFECTED 2014" width="640" height="360" src="https://www.youtube.com/embed/yL8RcKAFurM?feature=oembed" frameborder="0" allow="accelerometer; autoplay; clipboard-write; encrypted-media; gyroscope; picture-in-picture; web-share" referrerpolicy="strict-origin-when-cross-origin" allowfullscreen></iframe><br />
<strong>Salón Acapulco</strong><br />
<iframe loading="lazy" title="Salon Acapulco @ Lounge 5J Las Arenas (Barcelona) 24-05-2013" width="640" height="480" src="https://www.youtube.com/embed/HMOA-d772wE?feature=oembed" frameborder="0" allow="accelerometer; autoplay; clipboard-write; encrypted-media; gyroscope; picture-in-picture; web-share" referrerpolicy="strict-origin-when-cross-origin" allowfullscreen></iframe><br />
<strong>Uproot Andy</strong><br />
<iframe loading="lazy" title="UPROOT ANDY &amp; LI SAUMET - Medellin 2012" width="640" height="360" src="https://www.youtube.com/embed/YQOLDuwotv0?feature=oembed" frameborder="0" allow="accelerometer; autoplay; clipboard-write; encrypted-media; gyroscope; picture-in-picture; web-share" referrerpolicy="strict-origin-when-cross-origin" allowfullscreen></iframe><br />
<strong>MC Melodee + Cookin Soul</strong><br />
https://www.youtube.com/watch?v=eyxx1bPUURk<br />
<strong>La Yegros</strong><br />
<iframe loading="lazy" title="La Yegros - Viene de mi - Vivo en La Oreja Negra" width="640" height="360" src="https://www.youtube.com/embed/eLx5-wiju1E?feature=oembed" frameborder="0" allow="accelerometer; autoplay; clipboard-write; encrypted-media; gyroscope; picture-in-picture; web-share" referrerpolicy="strict-origin-when-cross-origin" allowfullscreen></iframe></p>
