{"id":8974,"date":"2015-02-04T12:00:33","date_gmt":"2015-02-04T18:00:33","guid":{"rendered":"http:\/\/nofm-radio.com\/?p=8974"},"modified":"2015-02-04T12:00:33","modified_gmt":"2015-02-04T18:00:33","slug":"aqui-puedes-escuchar-el-especial-que-es-la-libertad-de-expresion","status":"publish","type":"archivo","link":"https:\/\/nofm-radio.com\/?archivo=aqui-puedes-escuchar-el-especial-que-es-la-libertad-de-expresion","title":{"rendered":"Aqu\u00ed puedes escuchar el especial \u00bfQu\u00e9 es la Libertad de Expresi\u00f3n?"},"content":{"rendered":"<p>\u00bfQu\u00e9 es la <strong>Libertad de expresi\u00f3n<\/strong>? \u00bfCu\u00e1l es la diferencia con la <strong>Libertad de Prensa<\/strong>? \u00bfHay un l\u00edmite para la Libertad? \u00bfCu\u00e1ndo la Libertad de palabra se confunde con ofensa? A partir del caso <strong>Charlie Hebdo<\/strong> estas preguntas pasaron a ser del dominio p\u00fablico. Los l\u00edmites de lo permitido y de lo pol\u00edticamente correcto se vieron afectados por la manera en que los pa\u00edses de primer mundo empezaron a concebir la <strong>seguridad<\/strong>, la <strong>justicia<\/strong> y la <strong>democracia<\/strong>.<br \/>\n<strong>NoFM<\/strong> y <strong>Mel\u00ed Mel\u00f3<\/strong> dedicaron el primer programa especial del 2015 a esta problem\u00e1tica que tiene tintes de urgente en un pa\u00eds como el nuestro, que ofrece el ambiente m\u00e1s peligroso para ejercer el <strong>periodismo<\/strong>. Adem\u00e1s de la tendencia global hacia la censura en aras de la seguridad, ser comunicador en <strong>M\u00e9xico<\/strong> implica sufrir ataques y hostigamientos del <strong>crimen organizado<\/strong> y del mismo gobierno a trav\u00e9s de pol\u00edticas poco favorecedoras, y la corrupci\u00f3n imperante.<br \/>\nEn este programa especial contamos con la colaboraci\u00f3n de <strong>Ricardo Gonz\u00e1lez<\/strong> (Encargado del programa global de protecci\u00f3n en <strong>ARTICLE 19<\/strong>), <strong>Leonardo Bastida<\/strong> (Jefe de informaci\u00f3n en el Suplemento <strong>Letra S<\/strong> de <strong>La Jornada<\/strong>) y de <strong>Angel Horacio Molina<\/strong> (Perito en Comunicaci\u00f3n Social).<br \/>\n[audio:http:\/\/nofm-radio.com\/podcast\/Especial_Que_Es_La_Libertad_De_Expresion.mp3]<\/p>\n","protected":false},"template":"","meta":{"_id_youtube":"","_id_vimeo":"","_podcasts_duration":"","_podcasts_url":"","_podcasts_show":"","_prog_horario_dias":"","_prog_hora":"","_prog_duration":""},"class_list":["post-8974","archivo","type-archivo","status-publish","hentry"],"_links":{"self":[{"href":"https:\/\/nofm-radio.com\/index.php?rest_route=\/wp\/v2\/archivo\/8974","targetHints":{"allow":["GET"]}}],"collection":[{"href":"https:\/\/nofm-radio.com\/index.php?rest_route=\/wp\/v2\/archivo"}],"about":[{"href":"https:\/\/nofm-radio.com\/index.php?rest_route=\/wp\/v2\/types\/archivo"}],"wp:attachment":[{"href":"https:\/\/nofm-radio.com\/index.php?rest_route=%2Fwp%2Fv2%2Fmedia&parent=8974"}],"curies":[{"name":"wp","href":"https:\/\/api.w.org\/{rel}","templated":true}]}}

Aquí puedes escuchar el especial ¿Qué es la Libertad de Expresión?

<p>¿Qué es la <strong>Libertad de expresión</strong>? ¿Cuál es la diferencia con la <strong>Libertad de Prensa</strong>? ¿Hay un límite para la Libertad? ¿Cuándo la Libertad de palabra se confunde con ofensa? A partir del caso <strong>Charlie Hebdo</strong> estas preguntas pasaron a ser del dominio público. Los límites de lo permitido y de lo políticamente correcto se vieron afectados por la manera en que los países de primer mundo empezaron a concebir la <strong>seguridad</strong>, la <strong>justicia</strong> y la <strong>democracia</strong>.<br />
<strong>NoFM</strong> y <strong>Melí Meló</strong> dedicaron el primer programa especial del 2015 a esta problemática que tiene tintes de urgente en un país como el nuestro, que ofrece el ambiente más peligroso para ejercer el <strong>periodismo</strong>. Además de la tendencia global hacia la censura en aras de la seguridad, ser comunicador en <strong>México</strong> implica sufrir ataques y hostigamientos del <strong>crimen organizado</strong> y del mismo gobierno a través de políticas poco favorecedoras, y la corrupción imperante.<br />
En este programa especial contamos con la colaboración de <strong>Ricardo González</strong> (Encargado del programa global de protección en <strong>ARTICLE 19</strong>), <strong>Leonardo Bastida</strong> (Jefe de información en el Suplemento <strong>Letra S</strong> de <strong>La Jornada</strong>) y de <strong>Angel Horacio Molina</strong> (Perito en Comunicación Social).<br />
[audio:http://nofm-radio.com/podcast/Especial_Que_Es_La_Libertad_De_Expresion.mp3]</p>
