{"id":9026,"date":"2015-02-06T13:13:48","date_gmt":"2015-02-06T19:13:48","guid":{"rendered":"http:\/\/nofm-radio.com\/?p=9026"},"modified":"2015-02-06T13:13:48","modified_gmt":"2015-02-06T19:13:48","slug":"barrio-chachin-de-un-barrio-triste-al-vive-latino","status":"publish","type":"archivo","link":"https:\/\/nofm-radio.com\/?archivo=barrio-chachin-de-un-barrio-triste-al-vive-latino","title":{"rendered":"Barrio Chach\u00edn: de un \u201cbarrio triste\u201d al Vive Latino"},"content":{"rendered":"<p>Por <strong>Gabriel G\u00f3mez<\/strong>, El Gabo<br \/>\n<a href=\"https:\/\/twitter.com\/Chico_Calavera\">@Chico_Calavera<\/a><br \/>\nFotos: <strong>Alfredo Padilla<\/strong><br \/>\n<a href=\"https:\/\/twitter.com\/padre_de_todo\">@padre_de_todo<\/a><br \/>\n\u201cLa m\u00fasica jam\u00e1s es una l\u00ednea recta. Es un intrincamiento. Y, en un intrincamiento, es f\u00e1cil perderse. En tu propia senda, nunca debes olvidar de d\u00f3nde saliste.\u201d<br \/>\nLa frase retumbaba en mi cabeza cada vez m\u00e1s, tal vez porque lo hab\u00eda vivido en mis a\u00f1os de meditaci\u00f3n con los mejores maestros de <strong>kung fu<\/strong>, tal vez porque la banda a la que ve\u00eda me la recordaba, o tal vez porque me la rob\u00e9 de una de mis pel\u00edculas favoritas y realmente habla de la venganza, pero para este texto sonaba sumamente adecuada. No s\u00e9. Al final la vida en general se basa en eso: \u201cintrincamientos\u201d.<br \/>\nEn el camino, las <strong>bandas<\/strong> suelen encontrarse con muchos sonidos; algunos de ellos parecen los indicados y la f\u00f3rmula para \u201c<strong>llevarlos a la fama<\/strong>\u201d. Otros, sin embargo, pueden plantear un reto debido a que no son precisamente lo que las personas suelen escuchar o digerir de una manera simple. Este es el caso de la m\u00fasica que hace <strong>Barrio Chach\u00edn<\/strong>.<br \/>\nBarrio Chach\u00edn es una banda de <strong>Monterrey<\/strong> cuyo nombre es el resultado de la mezcla de los t\u00edtulos de 2 canciones de su primer material (<strong>Chach\u00edn<\/strong> y <strong>Mi barrio triste<\/strong>). Este grupo nos presenta una propuesta de \u201cfusi\u00f3n\u201d (eso es lo que se dice cuando no puedes catalogar algo en un solo estilo o no sabes qu\u00e9 decir pero quieres sonar pro) llena de influencias completamente diferentes, entre las que pueden pasar desde los <strong>Kings of Lion<\/strong> hasta <strong>Ricardo Arjona<\/strong>. Sus letras son inteligentes y con planteamientos contestatarios sin rayar en la propuesta y queja burda. En sus composiciones nos hablan de realidades cotidianas permeadas de la met\u00e1fora y las licencias que algunos afortunados se pueden dar.<br \/>\n<br \/>\nEl sonido que Chach\u00edn nos brinda es relajado, <strong>guapachoso<\/strong>, <strong>bailable<\/strong> y muy limpio. Dejan ver su buena t\u00e9cnica al tocar y sus pocas pretensiones. Ellos apuestan por un <strong>estilo de m\u00fasica<\/strong> innovador y que los haga sentirse c\u00f3modos, y no, no es que rayen en el ego\u00edsmo absurdo de creer que la m\u00fasica la hacen para ellos, m\u00e1s bien tienen la confianza de saber que su propuesta es honesta y que con la honestidad puede venir la <strong>gloria<\/strong>.<br \/>\nDespu\u00e9s de 4 a\u00f1os de tocar puertas y de trabajar mucho dentro y fuera del escenario, Barrio Chach\u00edn festej\u00f3 con su p\u00fablico este mi\u00e9rcoles 4 de febrero en el <strong>club Imperial<\/strong>, un lugar en el que al parecer se sienten sumamente c\u00f3modos ya que ellos se autoproclaman \u201c<strong>h\u00edpsters<\/strong>\u201d (declaraciones fuertes que resultan ser m\u00e1s contestatarias que vestir con estoperoles) y sin duda el Imperial es un club h\u00edpster por excelencia.<br \/>\nLa respuesta de la gente fue moderada, al parecer su p\u00fablico es m\u00e1s de los que van a escuchar y asumo que los del barrio \u201c<strong>ya saben que no aplauden<\/strong>\u201d o que al menos no lo hacen mucho y euf\u00f3ricamente. Aunque eso, como muchas cosas en la vida, no es proporcional al empe\u00f1o que la banda pone en el escenario. Entre su repertorio pudimos disfrutar de la bailable \u201c<strong>Santa Mar\u00eda<\/strong>\u201d, pasando por \u201c<strong>Baile T\u00e9trico<\/strong>\u201d y d\u00e1ndose el tiempo de <strong>coverear<\/strong> y \u201c<strong>tributear<\/strong>\u201d a la ya difunta <strong>Chavlela Vargas<\/strong> con \u201c<strong>Macorina<\/strong>\u201d.<br \/>\n<br \/>\nEn el tenor personal la historia del \u201cBarrio\u201d es muy parecida a la de otras bandas que trabajan desde muy abajo para lograr tocar en ciertos lugares; trabajar de limpieza en un bar, guardar dinero para poder entrar a los bares \u201cnice\u201d de la <strong>condesa<\/strong> y as\u00ed poder conectar con bandas y managers que se fijaran en ellos y les dieran una oportunidad, es parte de lo que tuvieron que pasar para poder conseguir tocar en la <strong>zona<\/strong> y consolidarse como un grupo trabajador y como una propuesta seria.<br \/>\nConvencidos de que la propuesta era buena y que en <strong>D.F.<\/strong>,\u00a0es el lugar para tocar por excelencia, la banda decidi\u00f3 radicar en la ciudad m\u00e1s grande del mundo, teniendo su primera oportunidad para hacer lo suyo en uno de los terrenos m\u00e1s sinuosos pero tambi\u00e9n m\u00e1s musicales de la ciudad de los IMECAS: <strong>el tianguis del Chopo<\/strong>.<br \/>\nEllos admiten que la experiencia en el Chopo fue dura pero indispensable, est\u00e1n conscientes de que tianguis multicultural es un espacio fundamental para abrirse espacio en la escena musical mexicana. Entre <strong>punks<\/strong> y<strong> metaleros<\/strong>, salieron bien librados y la aventura sigui\u00f3 su curso. El <strong>Atlantico<\/strong>, el <strong>Pasag\u00fcero<\/strong>, el <strong>Caradura<\/strong> y el Imperial son s\u00f3lo algunos de los lugares que ya han visto de lo que son capaces los muchachos del Barrio Chach\u00edn.<br \/>\nFieles creyentes y participes de la m\u00fasica independiente, han buscado por mucho tiempo un concierto para dar el gran paso; este a\u00f1o la oportunidad lleg\u00f3: el <strong>Vive Latino<\/strong>.<br \/>\nEl viernes 13 de marzo \u201cla carpa intolerante\u201d se va a engalanar y va a recibir a estos regios que tienen toda la intenci\u00f3n de romperla y demostrar de una vez por todas que son una banda dispuesta a trabajar para pegar y vivir de esto.<br \/>\n<br \/>\nDentro de los muchos planes que rondan por la cabeza de <strong>Carlos, Roberto, Eduardo, Oscar y Marco<\/strong>, est\u00e1 el trabajar en un material que contenga sonidos m\u00e1s electr\u00f3nicos, buscando la reinvenci\u00f3n de la banda y un espectro m\u00e1s amplio para tocar.<br \/>\nPara <strong>Barrio Chach\u00edn<\/strong> el trabajo duro no es desconocido ni es algo a lo que tengan miedo, al contrario; es algo a lo que est\u00e1n acostumbrados y por eso valoran tanto las oportunidades que se le presentan. Comprenden que probablemente a ellos les ha costado mucho m\u00e1s trabajo que a otras bandas y por eso intentan mejorar hasta perfeccionar su trabajo. No perder el piso es algo que tienen claro, no olvidar de donde vienen y a donde van es b\u00e1sico para asimilar que nada est\u00e1 ganado a\u00fan, que el camino empieza, que hay altas y bajas y que hay que sortear y disfrutar cada una de ellas.<br \/>\nEl Barrio toma su propuesta, la abraza, la asume y se hace responsable de los da\u00f1os y perjuicios que esta pueda provocar. Experimentar, renovarse, cambiar, pero sobre todo tocar, es algo para lo que la banda est\u00e1 preparada y fue dise\u00f1ada: hacer bailar <strong>al respetable<\/strong>, pero eso s\u00ed, sin respetarlo.<\/p>\n","protected":false},"template":"","meta":{"_id_youtube":"","_id_vimeo":"","_podcasts_duration":"","_podcasts_url":"","_podcasts_show":"","_prog_horario_dias":"","_prog_hora":"","_prog_duration":""},"class_list":["post-9026","archivo","type-archivo","status-publish","hentry"],"_links":{"self":[{"href":"https:\/\/nofm-radio.com\/index.php?rest_route=\/wp\/v2\/archivo\/9026","targetHints":{"allow":["GET"]}}],"collection":[{"href":"https:\/\/nofm-radio.com\/index.php?rest_route=\/wp\/v2\/archivo"}],"about":[{"href":"https:\/\/nofm-radio.com\/index.php?rest_route=\/wp\/v2\/types\/archivo"}],"wp:attachment":[{"href":"https:\/\/nofm-radio.com\/index.php?rest_route=%2Fwp%2Fv2%2Fmedia&parent=9026"}],"curies":[{"name":"wp","href":"https:\/\/api.w.org\/{rel}","templated":true}]}}

Barrio Chachín: de un “barrio triste” al Vive Latino

<p>Por <strong>Gabriel Gómez</strong>, El Gabo<br />
<a href="https://twitter.com/Chico_Calavera">@Chico_Calavera</a><br />
Fotos: <strong>Alfredo Padilla</strong><br />
<a href="https://twitter.com/padre_de_todo">@padre_de_todo</a><br />
“La música jamás es una línea recta. Es un intrincamiento. Y, en un intrincamiento, es fácil perderse. En tu propia senda, nunca debes olvidar de dónde saliste.”<br />
La frase retumbaba en mi cabeza cada vez más, tal vez porque lo había vivido en mis años de meditación con los mejores maestros de <strong>kung fu</strong>, tal vez porque la banda a la que veía me la recordaba, o tal vez porque me la robé de una de mis películas favoritas y realmente habla de la venganza, pero para este texto sonaba sumamente adecuada. No sé. Al final la vida en general se basa en eso: “intrincamientos”.<br />
En el camino, las <strong>bandas</strong> suelen encontrarse con muchos sonidos; algunos de ellos parecen los indicados y la fórmula para “<strong>llevarlos a la fama</strong>”. Otros, sin embargo, pueden plantear un reto debido a que no son precisamente lo que las personas suelen escuchar o digerir de una manera simple. Este es el caso de la música que hace <strong>Barrio Chachín</strong>.<br />
Barrio Chachín es una banda de <strong>Monterrey</strong> cuyo nombre es el resultado de la mezcla de los títulos de 2 canciones de su primer material (<strong>Chachín</strong> y <strong>Mi barrio triste</strong>). Este grupo nos presenta una propuesta de “fusión” (eso es lo que se dice cuando no puedes catalogar algo en un solo estilo o no sabes qué decir pero quieres sonar pro) llena de influencias completamente diferentes, entre las que pueden pasar desde los <strong>Kings of Lion</strong> hasta <strong>Ricardo Arjona</strong>. Sus letras son inteligentes y con planteamientos contestatarios sin rayar en la propuesta y queja burda. En sus composiciones nos hablan de realidades cotidianas permeadas de la metáfora y las licencias que algunos afortunados se pueden dar.<br />
<br />
El sonido que Chachín nos brinda es relajado, <strong>guapachoso</strong>, <strong>bailable</strong> y muy limpio. Dejan ver su buena técnica al tocar y sus pocas pretensiones. Ellos apuestan por un <strong>estilo de música</strong> innovador y que los haga sentirse cómodos, y no, no es que rayen en el egoísmo absurdo de creer que la música la hacen para ellos, más bien tienen la confianza de saber que su propuesta es honesta y que con la honestidad puede venir la <strong>gloria</strong>.<br />
Después de 4 años de tocar puertas y de trabajar mucho dentro y fuera del escenario, Barrio Chachín festejó con su público este miércoles 4 de febrero en el <strong>club Imperial</strong>, un lugar en el que al parecer se sienten sumamente cómodos ya que ellos se autoproclaman “<strong>hípsters</strong>” (declaraciones fuertes que resultan ser más contestatarias que vestir con estoperoles) y sin duda el Imperial es un club hípster por excelencia.<br />
La respuesta de la gente fue moderada, al parecer su público es más de los que van a escuchar y asumo que los del barrio “<strong>ya saben que no aplauden</strong>” o que al menos no lo hacen mucho y eufóricamente. Aunque eso, como muchas cosas en la vida, no es proporcional al empeño que la banda pone en el escenario. Entre su repertorio pudimos disfrutar de la bailable “<strong>Santa María</strong>”, pasando por “<strong>Baile Tétrico</strong>” y dándose el tiempo de <strong>coverear</strong> y “<strong>tributear</strong>” a la ya difunta <strong>Chavlela Vargas</strong> con “<strong>Macorina</strong>”.<br />
<br />
En el tenor personal la historia del “Barrio” es muy parecida a la de otras bandas que trabajan desde muy abajo para lograr tocar en ciertos lugares; trabajar de limpieza en un bar, guardar dinero para poder entrar a los bares “nice” de la <strong>condesa</strong> y así poder conectar con bandas y managers que se fijaran en ellos y les dieran una oportunidad, es parte de lo que tuvieron que pasar para poder conseguir tocar en la <strong>zona</strong> y consolidarse como un grupo trabajador y como una propuesta seria.<br />
Convencidos de que la propuesta era buena y que en <strong>D.F.</strong>, es el lugar para tocar por excelencia, la banda decidió radicar en la ciudad más grande del mundo, teniendo su primera oportunidad para hacer lo suyo en uno de los terrenos más sinuosos pero también más musicales de la ciudad de los IMECAS: <strong>el tianguis del Chopo</strong>.<br />
Ellos admiten que la experiencia en el Chopo fue dura pero indispensable, están conscientes de que tianguis multicultural es un espacio fundamental para abrirse espacio en la escena musical mexicana. Entre <strong>punks</strong> y<strong> metaleros</strong>, salieron bien librados y la aventura siguió su curso. El <strong>Atlantico</strong>, el <strong>Pasagüero</strong>, el <strong>Caradura</strong> y el Imperial son sólo algunos de los lugares que ya han visto de lo que son capaces los muchachos del Barrio Chachín.<br />
Fieles creyentes y participes de la música independiente, han buscado por mucho tiempo un concierto para dar el gran paso; este año la oportunidad llegó: el <strong>Vive Latino</strong>.<br />
El viernes 13 de marzo “la carpa intolerante” se va a engalanar y va a recibir a estos regios que tienen toda la intención de romperla y demostrar de una vez por todas que son una banda dispuesta a trabajar para pegar y vivir de esto.<br />
<br />
Dentro de los muchos planes que rondan por la cabeza de <strong>Carlos, Roberto, Eduardo, Oscar y Marco</strong>, está el trabajar en un material que contenga sonidos más electrónicos, buscando la reinvención de la banda y un espectro más amplio para tocar.<br />
Para <strong>Barrio Chachín</strong> el trabajo duro no es desconocido ni es algo a lo que tengan miedo, al contrario; es algo a lo que están acostumbrados y por eso valoran tanto las oportunidades que se le presentan. Comprenden que probablemente a ellos les ha costado mucho más trabajo que a otras bandas y por eso intentan mejorar hasta perfeccionar su trabajo. No perder el piso es algo que tienen claro, no olvidar de donde vienen y a donde van es básico para asimilar que nada está ganado aún, que el camino empieza, que hay altas y bajas y que hay que sortear y disfrutar cada una de ellas.<br />
El Barrio toma su propuesta, la abraza, la asume y se hace responsable de los daños y perjuicios que esta pueda provocar. Experimentar, renovarse, cambiar, pero sobre todo tocar, es algo para lo que la banda está preparada y fue diseñada: hacer bailar <strong>al respetable</strong>, pero eso sí, sin respetarlo.</p>
