{"id":9079,"date":"2015-02-10T10:00:08","date_gmt":"2015-02-10T16:00:08","guid":{"rendered":"http:\/\/nofm-radio.com\/?p=9079"},"modified":"2015-02-10T10:00:08","modified_gmt":"2015-02-10T16:00:08","slug":"nelson-mandela-la-lucha-por-la-libertad","status":"publish","type":"archivo","link":"https:\/\/nofm-radio.com\/?archivo=nelson-mandela-la-lucha-por-la-libertad","title":{"rendered":"Nelson Mandela: la lucha por la libertad"},"content":{"rendered":"<p>A los 45 a\u00f1os de edad, <strong>Nelson Mandela<\/strong> fue condenado a cadena perpetua. Los cuatro cargos que le imputaban inclu\u00edan sabotaje y traici\u00f3n. Despu\u00e9s de pasar a\u00f1os en la prisi\u00f3n de la <strong>Isla de Robben<\/strong>, donde ten\u00eda derecho a una visita y a una carta cada seis meses. En el 82, para evitar que contagiara a prisoneros m\u00e1s j\u00f3venes fue trasladado a <strong>Pollsmoor<\/strong>.<br \/>\nYa con los ojos de la comunidad internacional encima y en pleno auge de la violencia racial en <strong>Sud\u00e1frica<\/strong>, el gobierno intent\u00f3 una negociaci\u00f3n con \u00e9l: ofrec\u00edan la liberaci\u00f3n de los prisioneros y la legalizaci\u00f3n del <strong>Congreso Nacional Africano<\/strong> a cambio de que renunciara a la lucha armada, y se alejara del <strong>Partido Comunista<\/strong>. Mandela respondi\u00f3 que dejar\u00eda la lucha armada, cuando el gobierno abandonara la violencia contra el pueblo.<br \/>\nEsta decisi\u00f3n le costar\u00eda un traslado y cinco a\u00f1os de prisi\u00f3n m\u00e1s, antes de ser liberado por el gobierno de <strong>Frederik De Klerk<\/strong>.<br \/>\nHoy se cumplen 30 a\u00f1os de ese no que dio Mandela a la libertad negociada, pues &#8220;S\u00f3lo los hombres libres pueden negociar. Un prisionero no lo puede hacer&#8221;. Para conmemorar la fecha, les dejamos el documental <strong><em>Nelson Mandela&#8217;s Fight for Freedom<\/em><\/strong>.<br \/>\nDisfruten e #IzaLaBandera<br \/>\n<iframe loading=\"lazy\" width=\"420\" height=\"315\" src=\"https:\/\/www.youtube.com\/embed\/fcsCwPk982U\" frameborder=\"0\" allowfullscreen><\/iframe><\/p>\n","protected":false},"template":"","meta":{"_id_youtube":"","_id_vimeo":"","_podcasts_duration":"","_podcasts_url":"","_podcasts_show":"","_prog_horario_dias":"","_prog_hora":"","_prog_duration":""},"class_list":["post-9079","archivo","type-archivo","status-publish","hentry"],"_links":{"self":[{"href":"https:\/\/nofm-radio.com\/index.php?rest_route=\/wp\/v2\/archivo\/9079","targetHints":{"allow":["GET"]}}],"collection":[{"href":"https:\/\/nofm-radio.com\/index.php?rest_route=\/wp\/v2\/archivo"}],"about":[{"href":"https:\/\/nofm-radio.com\/index.php?rest_route=\/wp\/v2\/types\/archivo"}],"wp:attachment":[{"href":"https:\/\/nofm-radio.com\/index.php?rest_route=%2Fwp%2Fv2%2Fmedia&parent=9079"}],"curies":[{"name":"wp","href":"https:\/\/api.w.org\/{rel}","templated":true}]}}

<p>A los 45 años de edad, <strong>Nelson Mandela</strong> fue condenado a cadena perpetua. Los cuatro cargos que le imputaban incluían sabotaje y traición. Después de pasar años en la prisión de la <strong>Isla de Robben</strong>, donde tenía derecho a una visita y a una carta cada seis meses. En el 82, para evitar que contagiara a prisoneros más jóvenes fue trasladado a <strong>Pollsmoor</strong>.<br />
Ya con los ojos de la comunidad internacional encima y en pleno auge de la violencia racial en <strong>Sudáfrica</strong>, el gobierno intentó una negociación con él: ofrecían la liberación de los prisioneros y la legalización del <strong>Congreso Nacional Africano</strong> a cambio de que renunciara a la lucha armada, y se alejara del <strong>Partido Comunista</strong>. Mandela respondió que dejaría la lucha armada, cuando el gobierno abandonara la violencia contra el pueblo.<br />
Esta decisión le costaría un traslado y cinco años de prisión más, antes de ser liberado por el gobierno de <strong>Frederik De Klerk</strong>.<br />
Hoy se cumplen 30 años de ese no que dio Mandela a la libertad negociada, pues &#8220;Sólo los hombres libres pueden negociar. Un prisionero no lo puede hacer&#8221;. Para conmemorar la fecha, les dejamos el documental <strong><em>Nelson Mandela&#8217;s Fight for Freedom</em></strong>.<br />
Disfruten e #IzaLaBandera<br />
<iframe loading="lazy" width="420" height="315" src="https://www.youtube.com/embed/fcsCwPk982U" frameborder="0" allowfullscreen></iframe></p>
