{"id":9199,"date":"2015-02-16T13:52:54","date_gmt":"2015-02-16T19:52:54","guid":{"rendered":"http:\/\/nofm-radio.com\/?p=9199"},"modified":"2015-02-16T13:52:54","modified_gmt":"2015-02-16T19:52:54","slug":"febrero-el-mes-mas-triste-para-el-deporte","status":"publish","type":"archivo","link":"https:\/\/nofm-radio.com\/?archivo=febrero-el-mes-mas-triste-para-el-deporte","title":{"rendered":"Febrero: el mes m\u00e1s triste para el deporte"},"content":{"rendered":"<p>Texto publicado en <a href=\"http:\/\/notaalpie.org\/2015\/02\/febrero\/\">Nota al pie<\/a><br \/>\nPor Diego Mej\u00eda<br \/>\n<a href=\"https:\/\/twitter.com\/diegmej\">@diegmej<\/a><br \/>\nQuiz\u00e1 porque antes del <strong>calendario Juliano<\/strong> febrero era el \u00faltimos mes del a\u00f1o. Quiz\u00e1 porque sucede bajo el amparo de <strong>Piscis<\/strong> (pez fuera del agua). Quiz\u00e1 porque el sol est\u00e1 viejo pero de a poco se acerca la Primavera. Quiz\u00e1 porque es la antesala de los idus. Quiz\u00e1 porque\u2026 Nada, s\u00f3lo hay una verdad: <strong>Febrero<\/strong> es el mes m\u00e1s terrible porque es un terrible <em>impase<\/em> en el calendario deportivo mundial. Explicar\u00e9.<br \/>\nHe sobrevivido a 30 febreros. Es decir, es triunfado al mes de la <strong>depresi\u00f3n postsuperbowl<\/strong> en 30 ocasiones. Algo tendr\u00e9 de experiencia.<br \/>\nEn febrero, tal parece que lo hace con delirio burocr\u00e1tico, el a\u00f1o no se asienta a\u00fan: no regresa la <strong>Liga de Campeones de Europa<\/strong> de su receso invernal; <strong>las ligas europeas<\/strong> del balompi\u00e9 atraviesan la mitad de temporada (bajones, malos entendidos en la cancha, el tedio de las jornadas 20-25, \u201ctodav\u00eda queda mucha liga para los torneos cerrados, y los aplastantes como el espa\u00f1ol ya s\u00f3lo nos permiten la tensi\u00f3n (atenci\u00f3n) en dos equipos, con la venia de dios ser\u00e1n tres, que disputar\u00e1n el trofeo. El basquetbol, deporte que con Jordan lleg\u00f3 al cielo y a su muerte, no prende; y del Hockey apenas nos acordamos cuando nos invita a la pista de hielo (ay, recuerdos adolescentes de uno que nunca aprendi\u00f3 a patinar).<br \/>\nFebrero es ladino, es loco y voluble como su clima: apenas en los primeros d\u00edas nos regala la <strong>Serie del Caribe de Beisbol<\/strong>\u2026 pero debemos conformarnos con unos destellos de de los peloteros latinoamericanos que juegan en la Gran Carpa.<br \/>\nNo es de a gratis, uno piensa, que febrero sea el mes de la<strong> Decena Tr\u00e1gica<\/strong>, quiz\u00e1 que a este mes siempre le ha faltado emoci\u00f3n y pasi\u00f3n. Se comprende, febrero es un mes traumado por ser el m\u00e1s corto de todos los componen el calendario. Alguna arbitraria decisi\u00f3n s\u00f3lo le coloc\u00f3 cuatro semanas exactas: 28 d\u00edas.<br \/>\nA veces, cada cuatro a\u00f1os, febrero nos permite los <strong>Juegos Ol\u00edmpicos de Invierno<\/strong>, hermosos y ajenos desde los ojos criados en el Tr\u00f3pico. Es tan festivo que febrero se suma otro d\u00eda y rompe con su sim\u00e9trica monoton\u00eda.<br \/>\nNo me gusta febrero. Es un mes sin atributos pero lleno de desplantes.; de berrinches. He sobrevivido a tantos porque tiene una suerte de penitencia: es el puente que nos lleva a marzo y al regreso de las Grandes Ligas, de la Champions y al inicio de los circuitos mundiales del deporte profesional. Febrero funciona como una promesa: cuando m\u00e1s oscura es la noche, m\u00e1s cerca est\u00e1 el amanecer\u2026 la primavera, el playball.<br \/>\nS\u00ed, es eso, por eso los due\u00f1os del dinero le han metido eso que se llama \u201cel d\u00eda de los enamorados\u201d y al que le han metido el apellido de la amistad (en un mundo de solitarios, la amistad de se vuelve b\u00e1lsamo contra los abrazos y los besos pendientes).<\/p>\n","protected":false},"template":"","meta":{"_id_youtube":"","_id_vimeo":"","_podcasts_duration":"","_podcasts_url":"","_podcasts_show":"","_prog_horario_dias":"","_prog_hora":"","_prog_duration":""},"class_list":["post-9199","archivo","type-archivo","status-publish","hentry"],"_links":{"self":[{"href":"https:\/\/nofm-radio.com\/index.php?rest_route=\/wp\/v2\/archivo\/9199","targetHints":{"allow":["GET"]}}],"collection":[{"href":"https:\/\/nofm-radio.com\/index.php?rest_route=\/wp\/v2\/archivo"}],"about":[{"href":"https:\/\/nofm-radio.com\/index.php?rest_route=\/wp\/v2\/types\/archivo"}],"wp:attachment":[{"href":"https:\/\/nofm-radio.com\/index.php?rest_route=%2Fwp%2Fv2%2Fmedia&parent=9199"}],"curies":[{"name":"wp","href":"https:\/\/api.w.org\/{rel}","templated":true}]}}

Febrero: el mes más triste para el deporte

<p>Texto publicado en <a href="http://notaalpie.org/2015/02/febrero/">Nota al pie</a><br />
Por Diego Mejía<br />
<a href="https://twitter.com/diegmej">@diegmej</a><br />
Quizá porque antes del <strong>calendario Juliano</strong> febrero era el últimos mes del año. Quizá porque sucede bajo el amparo de <strong>Piscis</strong> (pez fuera del agua). Quizá porque el sol está viejo pero de a poco se acerca la Primavera. Quizá porque es la antesala de los idus. Quizá porque… Nada, sólo hay una verdad: <strong>Febrero</strong> es el mes más terrible porque es un terrible <em>impase</em> en el calendario deportivo mundial. Explicaré.<br />
He sobrevivido a 30 febreros. Es decir, es triunfado al mes de la <strong>depresión postsuperbowl</strong> en 30 ocasiones. Algo tendré de experiencia.<br />
En febrero, tal parece que lo hace con delirio burocrático, el año no se asienta aún: no regresa la <strong>Liga de Campeones de Europa</strong> de su receso invernal; <strong>las ligas europeas</strong> del balompié atraviesan la mitad de temporada (bajones, malos entendidos en la cancha, el tedio de las jornadas 20-25, “todavía queda mucha liga para los torneos cerrados, y los aplastantes como el español ya sólo nos permiten la tensión (atención) en dos equipos, con la venia de dios serán tres, que disputarán el trofeo. El basquetbol, deporte que con Jordan llegó al cielo y a su muerte, no prende; y del Hockey apenas nos acordamos cuando nos invita a la pista de hielo (ay, recuerdos adolescentes de uno que nunca aprendió a patinar).<br />
Febrero es ladino, es loco y voluble como su clima: apenas en los primeros días nos regala la <strong>Serie del Caribe de Beisbol</strong>… pero debemos conformarnos con unos destellos de de los peloteros latinoamericanos que juegan en la Gran Carpa.<br />
No es de a gratis, uno piensa, que febrero sea el mes de la<strong> Decena Trágica</strong>, quizá que a este mes siempre le ha faltado emoción y pasión. Se comprende, febrero es un mes traumado por ser el más corto de todos los componen el calendario. Alguna arbitraria decisión sólo le colocó cuatro semanas exactas: 28 días.<br />
A veces, cada cuatro años, febrero nos permite los <strong>Juegos Olímpicos de Invierno</strong>, hermosos y ajenos desde los ojos criados en el Trópico. Es tan festivo que febrero se suma otro día y rompe con su simétrica monotonía.<br />
No me gusta febrero. Es un mes sin atributos pero lleno de desplantes.; de berrinches. He sobrevivido a tantos porque tiene una suerte de penitencia: es el puente que nos lleva a marzo y al regreso de las Grandes Ligas, de la Champions y al inicio de los circuitos mundiales del deporte profesional. Febrero funciona como una promesa: cuando más oscura es la noche, más cerca está el amanecer… la primavera, el playball.<br />
Sí, es eso, por eso los dueños del dinero le han metido eso que se llama “el día de los enamorados” y al que le han metido el apellido de la amistad (en un mundo de solitarios, la amistad de se vuelve bálsamo contra los abrazos y los besos pendientes).</p>
