{"id":9276,"date":"2015-02-19T15:52:02","date_gmt":"2015-02-19T21:52:02","guid":{"rendered":"http:\/\/nofm-radio.com\/?p=9276"},"modified":"2015-02-19T15:52:02","modified_gmt":"2015-02-19T21:52:02","slug":"blur-lanza-nuevo-disco","status":"publish","type":"archivo","link":"https:\/\/nofm-radio.com\/?archivo=blur-lanza-nuevo-disco","title":{"rendered":"Blur lanza nuevo disco"},"content":{"rendered":"<p>Despu\u00e9s de doce a\u00f1os de haber lanzado <strong><em>Think tank<\/em><\/strong> en el 2003, y un mont\u00f3n de proyectos de <strong>Damon Albarn<\/strong> despu\u00e9s, <strong>Blur<\/strong> anunci\u00f3 el d\u00eda de hoy un nuevo \u00e1lbum. El pr\u00f3ximo 27 de abril, la banda lanzar\u00e1 <strong><em>The Magic Whip<\/em><\/strong>.<br \/>\nEl vocalista de la banda anunci\u00f3 hoy en <strong>BBC Radio 1<\/strong> que el disco se grab\u00f3 en los estudios <strong>Avon<\/strong> de Hong Kong, en cinco d\u00eda y con un equipo bastante b\u00e1sico. La grabaciones se hicieron en 2013, y fue hasta finales del a\u00f1o pasado en que retomaron el proyecto que pronto ver\u00e1 luz.<br \/>\nJunto con el anuncio, lanzaron el sencillo <strong>Go out<\/strong>, y el arte del disco. Les dejamos la canci\u00f3n, a ver qu\u00e9 les parece este regreso, ansiosamente esperado por todos sus fans.<br \/>\n<iframe loading=\"lazy\" width=\"560\" height=\"315\" src=\"https:\/\/www.youtube.com\/embed\/Sp1ks7PTzng\" frameborder=\"0\" allowfullscreen><\/iframe><\/p>\n","protected":false},"template":"","meta":{"_id_youtube":"","_id_vimeo":"","_podcasts_duration":"","_podcasts_url":"","_podcasts_show":"","_prog_horario_dias":"","_prog_hora":"","_prog_duration":""},"class_list":["post-9276","archivo","type-archivo","status-publish","hentry"],"_links":{"self":[{"href":"https:\/\/nofm-radio.com\/index.php?rest_route=\/wp\/v2\/archivo\/9276","targetHints":{"allow":["GET"]}}],"collection":[{"href":"https:\/\/nofm-radio.com\/index.php?rest_route=\/wp\/v2\/archivo"}],"about":[{"href":"https:\/\/nofm-radio.com\/index.php?rest_route=\/wp\/v2\/types\/archivo"}],"wp:attachment":[{"href":"https:\/\/nofm-radio.com\/index.php?rest_route=%2Fwp%2Fv2%2Fmedia&parent=9276"}],"curies":[{"name":"wp","href":"https:\/\/api.w.org\/{rel}","templated":true}]}}

<p>Después de doce años de haber lanzado <strong><em>Think tank</em></strong> en el 2003, y un montón de proyectos de <strong>Damon Albarn</strong> después, <strong>Blur</strong> anunció el día de hoy un nuevo álbum. El próximo 27 de abril, la banda lanzará <strong><em>The Magic Whip</em></strong>.<br />
El vocalista de la banda anunció hoy en <strong>BBC Radio 1</strong> que el disco se grabó en los estudios <strong>Avon</strong> de Hong Kong, en cinco día y con un equipo bastante básico. La grabaciones se hicieron en 2013, y fue hasta finales del año pasado en que retomaron el proyecto que pronto verá luz.<br />
Junto con el anuncio, lanzaron el sencillo <strong>Go out</strong>, y el arte del disco. Les dejamos la canción, a ver qué les parece este regreso, ansiosamente esperado por todos sus fans.<br />
<iframe loading="lazy" width="560" height="315" src="https://www.youtube.com/embed/Sp1ks7PTzng" frameborder="0" allowfullscreen></iframe></p>
