{"id":9437,"date":"2015-02-26T15:58:17","date_gmt":"2015-02-26T21:58:17","guid":{"rendered":"http:\/\/nofm-radio.com\/?p=9437"},"modified":"2015-02-26T15:58:17","modified_gmt":"2015-02-26T21:58:17","slug":"ayotzinapa-cinco-meses-y-contando","status":"publish","type":"archivo","link":"https:\/\/nofm-radio.com\/?archivo=ayotzinapa-cinco-meses-y-contando","title":{"rendered":"Ayotzinapa: cinco meses y contando"},"content":{"rendered":"<p>Han pasado cinco meses y seguimos contando. Las marchas, los gritos en la calle, las declaraciones de gente famosa poco a poco han ido disminuyendo, pero seguimos contando. Quienes afirmaban que Ayotzinapa era una moda, era un trending topic, quienes se sientan a gusto a no gritar, quienes reducen el hecho a lugares comunes como: &#8220;Eso pasa siempre&#8221; o &#8220;Ayotzinapa es un parteaguas&#8221;, no pueden creer que la indignaci\u00f3n siga viva.<br \/>\nY tal vez sigue viva porque <strong>Ayotzinapa<\/strong> recuerda <strong>Acteal, Atenco, Aguas Blancas, Acapulco<\/strong>&#8230; Tal vez es porque eran j\u00f3venes como en <strong>Tlatlaya<\/strong>, tal vez porque la tortura de <strong>Julio C\u00e9sar Mondrag\u00f3n<\/strong> recuerda a las marcas del cuerpo de <strong>Mois\u00e9s S\u00e1nchez<\/strong>.  Tal vez porque las fosas de <strong>Cocula<\/strong> se parecen tanto a las de <strong>Coatzacoalcos<\/strong> y a las de <strong>San Fernando<\/strong>. Tal vez porque <strong>Murillo Karam<\/strong> no puede sostener una &#8220;verdad hist\u00f3rica&#8221;, as\u00ed como <strong>Rodolfo R\u00edos Garza<\/strong> espera una &#8220;verdad jur\u00eddica&#8221; para consignar a <strong>Cuauht\u00e9moc Guti\u00e9rrez de la Torre<\/strong>. Tal vez es el desalojo de maestros en Acapulco, el del <strong>Z\u00f3calo<\/strong> el 20 de noviembre, el de <strong>Reforma<\/strong> hace dos semanas. Tal vez por la necesidad de <strong>Enrique Pe\u00f1a Nieto<\/strong> por pasar la p\u00e1gina, tal vez el cansancio de Murillo Karam, tal vez la pulcritud de las fuerzas policiacas de <strong>Rubido<\/strong> y de <strong>Mancera<\/strong>.<br \/>\nTal vez contamos hasta 43 porque la garganta no alcanza para las cifras que nos han impuesto&#8230; Este 26 de febrero, llegamos a cinco meses y seguimos contando. Tal vez no dejamos de contar porque el <strong>Estado<\/strong> tampoco ha dejado de contar muertos.<br \/>\nTal vez el <strong>#SeguimosSiendoAyotzinapa<\/strong> debiera tornar en #NoQuieroSerAyotzinapa<br \/>\n<iframe loading=\"lazy\" width=\"480\" height=\"360\" src=\"https:\/\/www.youtube.com\/embed\/kE-Fj8ePhno\" frameborder=\"0\" allowfullscreen><\/iframe><\/p>\n","protected":false},"template":"","meta":{"_id_youtube":"","_id_vimeo":"","_podcasts_duration":"","_podcasts_url":"","_podcasts_show":"","_prog_horario_dias":"","_prog_hora":"","_prog_duration":""},"class_list":["post-9437","archivo","type-archivo","status-publish","hentry"],"_links":{"self":[{"href":"https:\/\/nofm-radio.com\/index.php?rest_route=\/wp\/v2\/archivo\/9437","targetHints":{"allow":["GET"]}}],"collection":[{"href":"https:\/\/nofm-radio.com\/index.php?rest_route=\/wp\/v2\/archivo"}],"about":[{"href":"https:\/\/nofm-radio.com\/index.php?rest_route=\/wp\/v2\/types\/archivo"}],"wp:attachment":[{"href":"https:\/\/nofm-radio.com\/index.php?rest_route=%2Fwp%2Fv2%2Fmedia&parent=9437"}],"curies":[{"name":"wp","href":"https:\/\/api.w.org\/{rel}","templated":true}]}}

<p>Han pasado cinco meses y seguimos contando. Las marchas, los gritos en la calle, las declaraciones de gente famosa poco a poco han ido disminuyendo, pero seguimos contando. Quienes afirmaban que Ayotzinapa era una moda, era un trending topic, quienes se sientan a gusto a no gritar, quienes reducen el hecho a lugares comunes como: &#8220;Eso pasa siempre&#8221; o &#8220;Ayotzinapa es un parteaguas&#8221;, no pueden creer que la indignación siga viva.<br />
Y tal vez sigue viva porque <strong>Ayotzinapa</strong> recuerda <strong>Acteal, Atenco, Aguas Blancas, Acapulco</strong>&#8230; Tal vez es porque eran jóvenes como en <strong>Tlatlaya</strong>, tal vez porque la tortura de <strong>Julio César Mondragón</strong> recuerda a las marcas del cuerpo de <strong>Moisés Sánchez</strong>.  Tal vez porque las fosas de <strong>Cocula</strong> se parecen tanto a las de <strong>Coatzacoalcos</strong> y a las de <strong>San Fernando</strong>. Tal vez porque <strong>Murillo Karam</strong> no puede sostener una &#8220;verdad histórica&#8221;, así como <strong>Rodolfo Ríos Garza</strong> espera una &#8220;verdad jurídica&#8221; para consignar a <strong>Cuauhtémoc Gutiérrez de la Torre</strong>. Tal vez es el desalojo de maestros en Acapulco, el del <strong>Zócalo</strong> el 20 de noviembre, el de <strong>Reforma</strong> hace dos semanas. Tal vez por la necesidad de <strong>Enrique Peña Nieto</strong> por pasar la página, tal vez el cansancio de Murillo Karam, tal vez la pulcritud de las fuerzas policiacas de <strong>Rubido</strong> y de <strong>Mancera</strong>.<br />
Tal vez contamos hasta 43 porque la garganta no alcanza para las cifras que nos han impuesto&#8230; Este 26 de febrero, llegamos a cinco meses y seguimos contando. Tal vez no dejamos de contar porque el <strong>Estado</strong> tampoco ha dejado de contar muertos.<br />
Tal vez el <strong>#SeguimosSiendoAyotzinapa</strong> debiera tornar en #NoQuieroSerAyotzinapa<br />
<iframe loading="lazy" width="480" height="360" src="https://www.youtube.com/embed/kE-Fj8ePhno" frameborder="0" allowfullscreen></iframe></p>
