{"id":9759,"date":"2015-03-05T13:32:02","date_gmt":"2015-03-05T19:32:02","guid":{"rendered":"http:\/\/nofm-radio.com\/?p=9759"},"modified":"2015-03-05T13:32:02","modified_gmt":"2015-03-05T19:32:02","slug":"lo-que-hay-que-saber-sobre-la-ley-general-de-aguas","status":"publish","type":"archivo","link":"https:\/\/nofm-radio.com\/?archivo=lo-que-hay-que-saber-sobre-la-ley-general-de-aguas","title":{"rendered":"Lo que hay que saber sobre la Ley General de Aguas"},"content":{"rendered":"<p>Como tal vez ya escucharon, nuestros bienamados <strong>diputados<\/strong> aprobaron ayer en comisiones la <strong>Ley General de Aguas Nacionales<\/strong>, que honestamente es una pasadez de lanza. Y al parecer quieren concretar la aprobaci\u00f3n de esta ley sin tomar en cuenta ya no digamos la opini\u00f3n de expertos en la materia, sino la m\u00e1s m\u00ednima objeci\u00f3n de la ciudadan\u00eda.<br \/>\nLo sabemos, en el momento en que escuchamos cosas como <strong>cuenca<\/strong>, <strong>trasvase<\/strong>, <strong>infraestructura hidr\u00e1ulica<\/strong>, y empezamos a hablar de <strong>concesiones<\/strong>, <strong>asignaciones<\/strong> y <strong>privatizaci\u00f3n<\/strong> nos perdemos un poco. Pero este es un tema que no nos podemos dar el lujo de ignorar. Palabras m\u00e1s palabras menos, de lo que se trata esta ley es de privatizar el agua, as\u00ed como en alg\u00fan momento se privatiz\u00f3 la telefon\u00eda, la banca, y en un futuro pr\u00f3ximo, el petr\u00f3leo. Y as\u00ed nos ha ido.<br \/>\nEmpecemos por imaginar un escenario: piensen en la se\u00f1orita <strong>Telcel<\/strong> tratando de recibir una queja por el mal servicio del territorio <strong>Slim<\/strong>, ahora piensen en esa misma llamada pero tratando de conseguir agua para ba\u00f1arse. Pues ese es m\u00e1s o menos el escenario que se presenta.<br \/>\nPara entender mejor el asunto les dejamos algunos puntos de lo que se trata esta ley que, todo apunta, ser\u00e1 aprobada por el pleno de la <strong>C\u00e1mara de Diputados<\/strong> el pr\u00f3ximo martes 10 de marzo.<br \/>\n1. <strong>Se le dar\u00e1 al agua una utilidad p\u00fablica<\/strong>.<br \/>\nY no, nosotros no somos el p\u00fablico. Lo que quiere decir es que el Estado podr\u00e1 definir que cierta cantidad de agua se vaya a usos como la generaci\u00f3n de energ\u00eda, o trasladar agua de un lugar a otro para cumplir necesidades de obra p\u00fablica. De entrada esto no suena mal, sin embargo, esa &#8220;desviaci\u00f3n&#8221; de agua no toma en cuenta las necesidades de la ciudadan\u00eda, a la que se le reducir\u00e1 la porci\u00f3n de agua a 50 litros diarios por persona.<br \/>\n2. <strong>Privatizaci\u00f3n de la infraestructura hidr\u00e1ulica<\/strong>.<br \/>\nYa no solamente se otorgar\u00e1n permisos para que una constructora u otra realice la obra de presas, acueductos o canales (saludos <strong>Grupo Higa<\/strong>) sino que esas mismas empresas administrar\u00e1n el agua de esas obras.<br \/>\n3. <strong>La Comisi\u00f3n Nacional del Agua podr\u00e1 derivar sus funciones a una empresa privada<\/strong>.<br \/>\nAhora la <strong>CONAGUA<\/strong> asigna la cantidad de agua que va a cada regi\u00f3n del pa\u00eds, con la nueva ley la Comisi\u00f3n podr\u00e1 repartir entre lugares y empresas privadas, es decir podr\u00e1 asignarle una cantidad de agua que le pertenece a la naci\u00f3n a una empresa privada quien podr\u00e1 darle uso comercial. As\u00ed la <strong>CONAGUA<\/strong> se lava las manos por no llegar a ciertas zonas del pa\u00eds, y obligar a los ciudadanos a pagar extra por el servicio.<br \/>\n4. <strong>El agua como derecho humano<\/strong>.<br \/>\nSeg\u00fan la <strong>Constituci\u00f3n<\/strong>, y todas las legislaciones internacionales, el derecho al agua no puede ser condicionado a ninguna circunstancia. Tal como se plantea la ley el agua estar\u00e1 a disposici\u00f3n de quien pueda pagarla. Igualmente, podr\u00e1 negarse el acceso al l\u00edquido argumentando un bien mayor como una obra p\u00fablica.<br \/>\n5. <strong>El asunto de los acueductos<\/strong>.<br \/>\nAparentemente esta ley nace de la necesidad de legitimar la obra del acueducto <strong>Monterrey<\/strong>, una obra por dem\u00e1s oscura, a acargo de <strong>Grupo Higa<\/strong>, y que ha duplicado su costo en el \u00faltimo a\u00f1o. Se trata de desviar el agua de una zona de <strong>Veracruz<\/strong> a la ciudad de <strong>Monterrey<\/strong>. Todo parece indicar que la obra no tiene ni pies ni cabeza: no sabemos si se puede hacer, si servir\u00e1 de algo que se haga, ni cuanto va a costar en realidad. Varios expertos han mencionado la poca pertinencia de esta obra, pero eso no ha sido obst\u00e1culo para que siga adelante y se invierta <strong>57 mil millones de pesos<\/strong>.<br \/>\nA esta ley ya aprobada en comisiones, se contrapone una <a href=\"http:\/\/aguaparatodos.org.mx\/la-iniciativa-ciudadana-de-ley-general-de-aguas\/\"><strong>iniciativa ciudadana<\/strong><\/a> que ni siquiera fue considerada por los <strong>diputados<\/strong>. Hoy 5 de marzo se est\u00e1 discutiendo en el pleno, aunque no est\u00e1 planeado escuchar a expertos, ONG&#8217;s, ni a cualquier voz disidente. La decisi\u00f3n se tomar\u00e1 el pr\u00f3ximo <strong>martes 10 de marzo<\/strong>. As\u00ed que tal vez nos convendr\u00eda dejar de pensar que la decisi\u00f3n no nos compete: se trata de una necesidad b\u00e1sica que no se puede sustituir con nada. O alzamos la mano o nos dedicamos a guardar un cochinito para una larga \u00e9poca de sequ\u00eda y sed.<br \/>\n&nbsp;<\/p>\n","protected":false},"template":"","meta":{"_id_youtube":"","_id_vimeo":"","_podcasts_duration":"","_podcasts_url":"","_podcasts_show":"","_prog_horario_dias":"","_prog_hora":"","_prog_duration":""},"class_list":["post-9759","archivo","type-archivo","status-publish","hentry"],"_links":{"self":[{"href":"https:\/\/nofm-radio.com\/index.php?rest_route=\/wp\/v2\/archivo\/9759","targetHints":{"allow":["GET"]}}],"collection":[{"href":"https:\/\/nofm-radio.com\/index.php?rest_route=\/wp\/v2\/archivo"}],"about":[{"href":"https:\/\/nofm-radio.com\/index.php?rest_route=\/wp\/v2\/types\/archivo"}],"wp:attachment":[{"href":"https:\/\/nofm-radio.com\/index.php?rest_route=%2Fwp%2Fv2%2Fmedia&parent=9759"}],"curies":[{"name":"wp","href":"https:\/\/api.w.org\/{rel}","templated":true}]}}

<p>Como tal vez ya escucharon, nuestros bienamados <strong>diputados</strong> aprobaron ayer en comisiones la <strong>Ley General de Aguas Nacionales</strong>, que honestamente es una pasadez de lanza. Y al parecer quieren concretar la aprobación de esta ley sin tomar en cuenta ya no digamos la opinión de expertos en la materia, sino la más mínima objeción de la ciudadanía.<br />
Lo sabemos, en el momento en que escuchamos cosas como <strong>cuenca</strong>, <strong>trasvase</strong>, <strong>infraestructura hidráulica</strong>, y empezamos a hablar de <strong>concesiones</strong>, <strong>asignaciones</strong> y <strong>privatización</strong> nos perdemos un poco. Pero este es un tema que no nos podemos dar el lujo de ignorar. Palabras más palabras menos, de lo que se trata esta ley es de privatizar el agua, así como en algún momento se privatizó la telefonía, la banca, y en un futuro próximo, el petróleo. Y así nos ha ido.<br />
Empecemos por imaginar un escenario: piensen en la señorita <strong>Telcel</strong> tratando de recibir una queja por el mal servicio del territorio <strong>Slim</strong>, ahora piensen en esa misma llamada pero tratando de conseguir agua para bañarse. Pues ese es más o menos el escenario que se presenta.<br />
Para entender mejor el asunto les dejamos algunos puntos de lo que se trata esta ley que, todo apunta, será aprobada por el pleno de la <strong>Cámara de Diputados</strong> el próximo martes 10 de marzo.<br />
1. <strong>Se le dará al agua una utilidad pública</strong>.<br />
Y no, nosotros no somos el público. Lo que quiere decir es que el Estado podrá definir que cierta cantidad de agua se vaya a usos como la generación de energía, o trasladar agua de un lugar a otro para cumplir necesidades de obra pública. De entrada esto no suena mal, sin embargo, esa &#8220;desviación&#8221; de agua no toma en cuenta las necesidades de la ciudadanía, a la que se le reducirá la porción de agua a 50 litros diarios por persona.<br />
2. <strong>Privatización de la infraestructura hidráulica</strong>.<br />
Ya no solamente se otorgarán permisos para que una constructora u otra realice la obra de presas, acueductos o canales (saludos <strong>Grupo Higa</strong>) sino que esas mismas empresas administrarán el agua de esas obras.<br />
3. <strong>La Comisión Nacional del Agua podrá derivar sus funciones a una empresa privada</strong>.<br />
Ahora la <strong>CONAGUA</strong> asigna la cantidad de agua que va a cada región del país, con la nueva ley la Comisión podrá repartir entre lugares y empresas privadas, es decir podrá asignarle una cantidad de agua que le pertenece a la nación a una empresa privada quien podrá darle uso comercial. Así la <strong>CONAGUA</strong> se lava las manos por no llegar a ciertas zonas del país, y obligar a los ciudadanos a pagar extra por el servicio.<br />
4. <strong>El agua como derecho humano</strong>.<br />
Según la <strong>Constitución</strong>, y todas las legislaciones internacionales, el derecho al agua no puede ser condicionado a ninguna circunstancia. Tal como se plantea la ley el agua estará a disposición de quien pueda pagarla. Igualmente, podrá negarse el acceso al líquido argumentando un bien mayor como una obra pública.<br />
5. <strong>El asunto de los acueductos</strong>.<br />
Aparentemente esta ley nace de la necesidad de legitimar la obra del acueducto <strong>Monterrey</strong>, una obra por demás oscura, a acargo de <strong>Grupo Higa</strong>, y que ha duplicado su costo en el último año. Se trata de desviar el agua de una zona de <strong>Veracruz</strong> a la ciudad de <strong>Monterrey</strong>. Todo parece indicar que la obra no tiene ni pies ni cabeza: no sabemos si se puede hacer, si servirá de algo que se haga, ni cuanto va a costar en realidad. Varios expertos han mencionado la poca pertinencia de esta obra, pero eso no ha sido obstáculo para que siga adelante y se invierta <strong>57 mil millones de pesos</strong>.<br />
A esta ley ya aprobada en comisiones, se contrapone una <a href="http://aguaparatodos.org.mx/la-iniciativa-ciudadana-de-ley-general-de-aguas/"><strong>iniciativa ciudadana</strong></a> que ni siquiera fue considerada por los <strong>diputados</strong>. Hoy 5 de marzo se está discutiendo en el pleno, aunque no está planeado escuchar a expertos, ONG&#8217;s, ni a cualquier voz disidente. La decisión se tomará el próximo <strong>martes 10 de marzo</strong>. Así que tal vez nos convendría dejar de pensar que la decisión no nos compete: se trata de una necesidad básica que no se puede sustituir con nada. O alzamos la mano o nos dedicamos a guardar un cochinito para una larga época de sequía y sed.<br />
&nbsp;</p>
