{"id":9838,"date":"2015-03-09T13:46:48","date_gmt":"2015-03-09T19:46:48","guid":{"rendered":"http:\/\/nofm-radio.com\/?p=9838"},"modified":"2015-03-09T13:46:48","modified_gmt":"2015-03-09T19:46:48","slug":"exigimos-un-debate-publico-sobre-la-ley-de-aguas-nacionales","status":"publish","type":"archivo","link":"https:\/\/nofm-radio.com\/?archivo=exigimos-un-debate-publico-sobre-la-ley-de-aguas-nacionales","title":{"rendered":"Exigimos un debate p\u00fablico sobre la Ley de aguas nacionales"},"content":{"rendered":"<p>Como les informamos la semana pasada, ma\u00f1ana martes 10 de marzo se discutir\u00e1 la <strong>Ley de aguas nacionales<\/strong> en el <strong>Pleno de la C\u00e1mara de Diputados<\/strong>. La ciudadan\u00eda debe estar en alerta por lo que se aprobar\u00e1 y c\u00f3mo se aprobar\u00e1: si se <strong>privatizar\u00e1<\/strong> la distribuci\u00f3n del recurso, si la reforma tiene una perspectiva meramente financiera, si la ley se acepta para posibilitar la extracci\u00f3n de otros recursos como el petr\u00f3leo y el gas, etc\u00e9tera, son asuntos de los que todos debemos estar informados. Pero sobre todo, son asuntos que deben discutir los legisladores.<br \/>\n<a href=\"http:\/\/nofm-radio.com\/wp-content\/uploads\/2015\/03\/Aguas.jpg\" class=\"no-eff img-link lightbox\" ><img loading=\"lazy\" decoding=\"async\" src=\"http:\/\/nofm-radio.com\/wp-content\/uploads\/2015\/03\/Aguas.jpg\" alt=\"Aguas\" width=\"480\" height=\"189\" class=\"alignnone size-full wp-image-9839\" \/><\/a><br \/>\nLa informaci\u00f3n y el debate sobre las implicaciones de la Ley de aguas nacionales ha sido inexistente. de hecho, la opini\u00f3n p\u00fablica se enter\u00f3 de esta ley ya cuando hab\u00eda sido aprobada en comisiones. Por ello, la <strong>Uni\u00f3n de Cient\u00edficos Comprometidos con la Sociedad<\/strong> est\u00e1 exigiendo un debate p\u00fablico sobre el tema antes de que sea aprobado por el pleno de la c\u00e1mara baja. S\u00famense a esta propuesta, firmando <strong><a href=\"http:\/\/www.uccs.mx\/doc\/p\/la-ley-general-de-aguas_es\">esta carta<\/a><\/strong> en la que se puede enterar m\u00e1s a fondo de lo que &#8220;nuestros representantes&#8221; quieren legislar.<br \/>\nPor otro lado, tambi\u00e9n los invitamos a conocer la iniciativa ciudadana para la Ley de aguas, que ha sido totalmente ignorada por los diputados. Pueden consultar la iniciativa y otras acciones en el texto <strong><a href=\"http:\/\/aguaparatodos.org.mx\/aguas-con-la-ley-de-aguas\/\">Aguas con la Ley de aguas<\/a><\/strong>.<br \/>\n&nbsp;<br \/>\n&nbsp;<\/p>\n","protected":false},"template":"","meta":{"_id_youtube":"","_id_vimeo":"","_podcasts_duration":"","_podcasts_url":"","_podcasts_show":"","_prog_horario_dias":"","_prog_hora":"","_prog_duration":""},"class_list":["post-9838","archivo","type-archivo","status-publish","hentry"],"_links":{"self":[{"href":"https:\/\/nofm-radio.com\/index.php?rest_route=\/wp\/v2\/archivo\/9838","targetHints":{"allow":["GET"]}}],"collection":[{"href":"https:\/\/nofm-radio.com\/index.php?rest_route=\/wp\/v2\/archivo"}],"about":[{"href":"https:\/\/nofm-radio.com\/index.php?rest_route=\/wp\/v2\/types\/archivo"}],"wp:attachment":[{"href":"https:\/\/nofm-radio.com\/index.php?rest_route=%2Fwp%2Fv2%2Fmedia&parent=9838"}],"curies":[{"name":"wp","href":"https:\/\/api.w.org\/{rel}","templated":true}]}}

Exigimos un debate público sobre la Ley de aguas nacionales

<p>Como les informamos la semana pasada, mañana martes 10 de marzo se discutirá la <strong>Ley de aguas nacionales</strong> en el <strong>Pleno de la Cámara de Diputados</strong>. La ciudadanía debe estar en alerta por lo que se aprobará y cómo se aprobará: si se <strong>privatizará</strong> la distribución del recurso, si la reforma tiene una perspectiva meramente financiera, si la ley se acepta para posibilitar la extracción de otros recursos como el petróleo y el gas, etcétera, son asuntos de los que todos debemos estar informados. Pero sobre todo, son asuntos que deben discutir los legisladores.<br />
<a href="http://nofm-radio.com/wp-content/uploads/2015/03/Aguas.jpg" class="no-eff img-link lightbox" ><img loading="lazy" decoding="async" src="http://nofm-radio.com/wp-content/uploads/2015/03/Aguas.jpg" alt="Aguas" width="480" height="189" class="alignnone size-full wp-image-9839" /></a><br />
La información y el debate sobre las implicaciones de la Ley de aguas nacionales ha sido inexistente. de hecho, la opinión pública se enteró de esta ley ya cuando había sido aprobada en comisiones. Por ello, la <strong>Unión de Científicos Comprometidos con la Sociedad</strong> está exigiendo un debate público sobre el tema antes de que sea aprobado por el pleno de la cámara baja. Súmense a esta propuesta, firmando <strong><a href="http://www.uccs.mx/doc/p/la-ley-general-de-aguas_es">esta carta</a></strong> en la que se puede enterar más a fondo de lo que &#8220;nuestros representantes&#8221; quieren legislar.<br />
Por otro lado, también los invitamos a conocer la iniciativa ciudadana para la Ley de aguas, que ha sido totalmente ignorada por los diputados. Pueden consultar la iniciativa y otras acciones en el texto <strong><a href="http://aguaparatodos.org.mx/aguas-con-la-ley-de-aguas/">Aguas con la Ley de aguas</a></strong>.<br />
&nbsp;<br />
&nbsp;</p>
