{"id":9992,"date":"2015-03-19T10:00:41","date_gmt":"2015-03-19T16:00:41","guid":{"rendered":"http:\/\/nofm-radio.com\/?p=9992"},"modified":"2015-03-19T10:00:41","modified_gmt":"2015-03-19T16:00:41","slug":"9992","status":"publish","type":"archivo","link":"https:\/\/nofm-radio.com\/?archivo=9992","title":{"rendered":"Planeta No en vivo desde NoFM"},"content":{"rendered":"<p>El pasado <strong>martes 17 de marzo<\/strong> fue un d\u00eda muy especial para <strong>NoFM<\/strong>, pues sali\u00f3 el primer fruto de esas ideas locas que a alguien ac\u00e1 se le ocurren y de pronto, despu\u00e9s de horas intensas de estr\u00e9s y trabajo, salen a flote. Transmitimos la primera <strong>sesi\u00f3n en vivo<\/strong> desde las instalaciones del b\u00fanker secreto. Nos acompa\u00f1aron los maestros de <strong>Planeta No<\/strong>, <strong>banda chilena<\/strong> a la que programamos hasta el cansancio y acosamos hasta traerlos a la estaci\u00f3n.<br \/>\nEn gran medida, esta sesi\u00f3n en vivo representa mucho de lo que queremos hacer en NoFM: una banda muy buena, independiente, cantando m\u00fasica nueva, en <strong>radio en vivo<\/strong>, sin cortes, libre, para el deleite de los amantes de la buena m\u00fasica.<br \/>\nSin m\u00e1s, les dejamos la grabaci\u00f3n del concierto. Muchas gracias a <strong>Gonzalo<\/strong>, <strong>Camilo<\/strong> y <strong>Juan Pablo<\/strong>, de Planeta No, por venir, por no asustarse con nuestro fanatismo, y al estudio <strong>SOMUS<\/strong> por subirse al barco de esta idea y ayudarnos a llevarla a cabo. Disfruten.<br \/>\nPlaneta No En vivo desde NoFM<br \/>\n[audio:http:\/\/nofm-radio.com\/podcast\/2014\/PlanetaNo_Sesion_en_vivo.mp3]<br \/>\n<\/p>\n","protected":false},"template":"","meta":{"_id_youtube":"","_id_vimeo":"","_podcasts_duration":"","_podcasts_url":"","_podcasts_show":"","_prog_horario_dias":"","_prog_hora":"","_prog_duration":""},"class_list":["post-9992","archivo","type-archivo","status-publish","hentry"],"_links":{"self":[{"href":"https:\/\/nofm-radio.com\/index.php?rest_route=\/wp\/v2\/archivo\/9992","targetHints":{"allow":["GET"]}}],"collection":[{"href":"https:\/\/nofm-radio.com\/index.php?rest_route=\/wp\/v2\/archivo"}],"about":[{"href":"https:\/\/nofm-radio.com\/index.php?rest_route=\/wp\/v2\/types\/archivo"}],"wp:attachment":[{"href":"https:\/\/nofm-radio.com\/index.php?rest_route=%2Fwp%2Fv2%2Fmedia&parent=9992"}],"curies":[{"name":"wp","href":"https:\/\/api.w.org\/{rel}","templated":true}]}}

<p>El pasado <strong>martes 17 de marzo</strong> fue un día muy especial para <strong>NoFM</strong>, pues salió el primer fruto de esas ideas locas que a alguien acá se le ocurren y de pronto, después de horas intensas de estrés y trabajo, salen a flote. Transmitimos la primera <strong>sesión en vivo</strong> desde las instalaciones del búnker secreto. Nos acompañaron los maestros de <strong>Planeta No</strong>, <strong>banda chilena</strong> a la que programamos hasta el cansancio y acosamos hasta traerlos a la estación.<br />
En gran medida, esta sesión en vivo representa mucho de lo que queremos hacer en NoFM: una banda muy buena, independiente, cantando música nueva, en <strong>radio en vivo</strong>, sin cortes, libre, para el deleite de los amantes de la buena música.<br />
Sin más, les dejamos la grabación del concierto. Muchas gracias a <strong>Gonzalo</strong>, <strong>Camilo</strong> y <strong>Juan Pablo</strong>, de Planeta No, por venir, por no asustarse con nuestro fanatismo, y al estudio <strong>SOMUS</strong> por subirse al barco de esta idea y ayudarnos a llevarla a cabo. Disfruten.<br />
Planeta No En vivo desde NoFM<br />
[audio:http://nofm-radio.com/podcast/2014/PlanetaNo_Sesion_en_vivo.mp3]<br />
</p>
