{"id":47539,"date":"2024-01-08T14:33:38","date_gmt":"2024-01-08T20:33:38","guid":{"rendered":"https:\/\/nofm-radio.com\/?post_type=podcasts&#038;p=47539"},"modified":"2025-06-10T14:09:30","modified_gmt":"2025-06-10T20:09:30","slug":"amlo-vs-milei-honores-a-la-bandera-ep-35","status":"publish","type":"podcasts","link":"https:\/\/nofm-radio.com\/?podcasts=amlo-vs-milei-honores-a-la-bandera-ep-35","title":{"rendered":"AMLO vs MILEI | Honores a la Bandera Ep 35"},"content":{"rendered":"\n<p>El triunfo de Javier Milei en Argentina despert\u00f3 al sector m\u00e1s baboso en M\u00e9xico: la oposici\u00f3n. Sin embargo, \u00bfentienden algo en realidad? Hicimos un an\u00e1lisis denso y clavado sobre AMLO y Milei, sus puntos cercanos y sus puntos lejanos. El resultado final es m\u00e1s o menos\u00a0sorprendente <\/p>\n\n\n\n<p>El episodio original se transmiti\u00f3 por primera vez en vivo el 1 de diciembre de 2023 por nuestro canal de Patreon: NoFM Radio, Todo Menos Miedo <\/p>\n\n\n\n<p>S\u00edguenos en Instagram como: @honores_a_la_bandera S\u00edguenos en TikTok como: @honoresalabanderapodcast Sigue a NoFM RADIO en X (Twitter) como: @nofm_radio <\/p>\n\n\n\n<p>Idea original y conducci\u00f3n: Benjam\u00edn E. Morales, Gabriela Astorga y Aleida S\u00e1nchez. Direcci\u00f3n editorial: Benjam\u00edn E. Morales y Gabriela Astorga. Producci\u00f3n, edici\u00f3n y dise\u00f1o sonoro: Sebastian Morales, Andrea Gutierrez, Fernando Rivero, Jorge Mendoza y Fernando Jim\u00e9nez.<\/p>\n","protected":false},"excerpt":{"rendered":"<p>El triunfo de Javier Milei en Argentina despert\u00f3 al sector m\u00e1s baboso en M\u00e9xico: la oposici\u00f3n. Sin embargo, \u00bfentienden algo en realidad? Hicimos un an\u00e1lisis denso y clavado sobre AMLO y Milei, sus puntos cercanos y sus puntos lejanos. El resultado final es m\u00e1s o menos\u00a0sorprendente El episodio original se transmiti\u00f3 por primera vez en [&hellip;]<\/p>\n","protected":false},"featured_media":47540,"template":"","meta":{"_id_youtube":"","_id_vimeo":"","_podcasts_duration":"7429","_podcasts_url":"https:\/\/nofm-podcasts-buc.s3.amazonaws.com\/Honores+a+la+Bandera+1+de+diciembre+2023.mp3","_podcasts_show":"47258","_prog_horario_dias":"","_prog_hora":"","_prog_duration":""},"categories":[2196],"proyecto":[],"class_list":["post-47539","podcasts","type-podcasts","status-publish","has-post-thumbnail","hentry","category-podcasts"],"_links":{"self":[{"href":"https:\/\/nofm-radio.com\/index.php?rest_route=\/wp\/v2\/podcasts\/47539","targetHints":{"allow":["GET"]}}],"collection":[{"href":"https:\/\/nofm-radio.com\/index.php?rest_route=\/wp\/v2\/podcasts"}],"about":[{"href":"https:\/\/nofm-radio.com\/index.php?rest_route=\/wp\/v2\/types\/podcasts"}],"wp:featuredmedia":[{"embeddable":true,"href":"https:\/\/nofm-radio.com\/index.php?rest_route=\/wp\/v2\/media\/47540"}],"wp:attachment":[{"href":"https:\/\/nofm-radio.com\/index.php?rest_route=%2Fwp%2Fv2%2Fmedia&parent=47539"}],"wp:term":[{"taxonomy":"category","embeddable":true,"href":"https:\/\/nofm-radio.com\/index.php?rest_route=%2Fwp%2Fv2%2Fcategories&post=47539"},{"taxonomy":"proyecto","embeddable":true,"href":"https:\/\/nofm-radio.com\/index.php?rest_route=%2Fwp%2Fv2%2Fproyecto&post=47539"}],"curies":[{"name":"wp","href":"https:\/\/api.w.org\/{rel}","templated":true}]}}

<p>El triunfo de Javier Milei en Argentina despertó al sector más baboso en México: la oposición. Sin embargo, ¿entienden algo en realidad? Hicimos un análisis denso y clavado sobre AMLO y Milei, sus puntos cercanos y sus puntos lejanos. El resultado final es más o menos sorprendente </p>



<p>El episodio original se transmitió por primera vez en vivo el 1 de diciembre de 2023 por nuestro canal de Patreon: NoFM Radio, Todo Menos Miedo </p>



<p>Síguenos en Instagram como: @honores_a_la_bandera Síguenos en TikTok como: @honoresalabanderapodcast Sigue a NoFM RADIO en X (Twitter) como: @nofm_radio </p>



<p>Idea original y conducción: Benjamín E. Morales, Gabriela Astorga y Aleida Sánchez. Dirección editorial: Benjamín E. Morales y Gabriela Astorga. Producción, edición y diseño sonoro: Sebastian Morales, Andrea Gutierrez, Fernando Rivero, Jorge Mendoza y Fernando Jiménez.</p>

<p>El triunfo de Javier Milei en Argentina despertó al sector más baboso en México: la oposición. Sin embargo, ¿entienden algo en realidad? Hicimos un análisis denso y clavado sobre AMLO y Milei, sus puntos cercanos y sus puntos lejanos. El resultado final es más o menos sorprendente El episodio original se transmitió por primera vez en [&hellip;]</p>
